{"id":973,"date":"2018-08-13T16:48:59","date_gmt":"2018-08-13T14:48:59","guid":{"rendered":"http:\/\/www.arnaudom.fr\/wordpress\/?page_id=973"},"modified":"2022-03-02T15:51:22","modified_gmt":"2022-03-02T14:51:22","slug":"traitement101","status":"publish","type":"page","link":"https:\/\/www.arnaudom.fr\/wordpress\/traitement101\/","title":{"rendered":"traitement101"},"content":{"rendered":"\t\t<div data-elementor-type=\"wp-post\" data-elementor-id=\"973\" class=\"elementor elementor-973\">\n\t\t\t\t\t\t<div class=\"elementor-inner\">\n\t\t\t\t<div class=\"elementor-section-wrap\">\n\t\t\t\t\t\t\t\t\t<section class=\"elementor-section elementor-top-section elementor-element elementor-element-273f4ef elementor-section-full_width elementor-section-height-default elementor-section-height-default\" data-id=\"273f4ef\" data-element_type=\"section\" data-settings=\"{&quot;background_background&quot;:&quot;classic&quot;}\">\n\t\t\t\t\t\t<div class=\"elementor-container elementor-column-gap-default\">\n\t\t\t\t\t\t\t<div class=\"elementor-row\">\n\t\t\t\t\t<div class=\"elementor-column elementor-col-100 elementor-top-column elementor-element elementor-element-8761767\" data-id=\"8761767\" data-element_type=\"column\" data-settings=\"{&quot;background_background&quot;:&quot;classic&quot;}\">\n\t\t\t<div class=\"elementor-column-wrap elementor-element-populated\">\n\t\t\t\t\t\t\t<div class=\"elementor-widget-wrap\">\n\t\t\t\t\t\t<div class=\"elementor-element elementor-element-56f067d elementor-widget elementor-widget-heading\" data-id=\"56f067d\" data-element_type=\"widget\" data-widget_type=\"heading.default\">\n\t\t\t\t<div class=\"elementor-widget-container\">\n\t\t\t<h1 class=\"elementor-heading-title elementor-size-default\">Nouveaut\u00e9s du logiciel et pr\u00e9traitement des images (1\/3)<\/h1>\t\t<\/div>\n\t\t\t\t<\/div>\n\t\t\t\t<div class=\"elementor-element elementor-element-835e9f0 elementor-widget elementor-widget-text-editor\" data-id=\"835e9f0\" data-element_type=\"widget\" data-widget_type=\"text-editor.default\">\n\t\t\t\t<div class=\"elementor-widget-container\">\n\t\t\t\t\t\t\t\t<div class=\"elementor-text-editor elementor-clearfix\">\n\t\t\t\t<p><em>Ecrit le 05\/05\/18.<\/em><\/p>\t\t\t\t\t<\/div>\n\t\t\t\t\t\t<\/div>\n\t\t\t\t<\/div>\n\t\t\t\t<div class=\"elementor-element elementor-element-8da0127 elementor-position-right elementor-vertical-align-middle elementor-widget elementor-widget-image-box\" data-id=\"8da0127\" data-element_type=\"widget\" data-widget_type=\"image-box.default\">\n\t\t\t\t<div class=\"elementor-widget-container\">\n\t\t\t<div class=\"elementor-image-box-wrapper\"><figure class=\"elementor-image-box-img\"><a href=\"http:\/\/www.arnaudom.fr\/PretraitementAPNversion2.zip\"><img loading=\"lazy\" decoding=\"async\" width=\"50\" height=\"50\" src=\"https:\/\/www.arnaudom.fr\/wordpress\/wp-content\/uploads\/2018\/08\/pdf.jpg\" class=\"attachment-full size-full wp-image-978\" alt=\"\" \/><\/a><\/figure><div class=\"elementor-image-box-content\"><p class=\"elementor-image-box-description\">Pour t\u00e9l\u00e9charger cet article en version PDF cliquer ici ==><\/p><\/div><\/div>\t\t<\/div>\n\t\t\t\t<\/div>\n\t\t\t\t<div class=\"elementor-element elementor-element-9c3120b elementor-widget elementor-widget-text-editor\" data-id=\"9c3120b\" data-element_type=\"widget\" data-widget_type=\"text-editor.default\">\n\t\t\t\t<div class=\"elementor-widget-container\">\n\t\t\t\t\t\t\t\t<div class=\"elementor-text-editor elementor-clearfix\">\n\t\t\t\t<p>Les premiers tutoriels que j&rsquo;avais \u00e9crits pour Pixinsight datent de 2013, et depuis ce temps plusieurs mises \u00e0 jour, incluant de nouveaux process et de nouvelles techniques sont apparues r\u00e9guli\u00e8rement. Certaines proc\u00e9dures et l&rsquo;utilisation de certains process sont devenus obsol\u00e8tes, et j&rsquo;ai \u00e9galement chang\u00e9 certaines fa\u00e7ons de faire et progress\u00e9 (enfin je l&rsquo;esp\u00e8re !) dans l&rsquo;utilisation du logiciel. C&rsquo;est pourquoi j&rsquo;ai pens\u00e9 qu&rsquo;il serait utile de mettre \u00e0 jour ma rubrique de traitement des images. Ceci \u00e9tant dit, si vous n&rsquo;avez jamais utilis\u00e9 le logiciel, je vous conseille de repartir des premiers tutoriels de 2013-2016&nbsp; <a href=\"http:\/\/www.arnaudom.fr\/wordpress\/images-apn-avec-pixinsight\/\">sur cette page<\/a> qui vous apprendront la philosophie et le fonctionnement g\u00e9n\u00e9ral de Pixinsight, et \u00e9galement la m\u00e9thodologie g\u00e9n\u00e9rale de traitement des images astronomiques si vous d\u00e9butez dans ce domaine. En effet les articles de cette rubrique se veulent moins un guide \u00ab\u00a0pas-\u00e0-pas\u00a0\u00bb d&rsquo;utilisation du logiciel, comme le sont les premiers que j&rsquo;avais \u00e9crits en 2013, plut\u00f4t qu&rsquo;une mise \u00e0 jour de mes anciennes proc\u00e9dures et des illustrations concr\u00e8tes de diff\u00e9rentes phases de traitement d&rsquo;une image. L\u00e0 encore de toute fa\u00e7on, je serais sans doute \u00e0 la tra\u00eene par rapport aux nouveaut\u00e9s constantes mises en place par les concepteurs de Pixinsight !<\/p>\n<p>Bref, voici les points trait\u00e9s dans cet article :<\/p>\n<ol>\n<li>Quelques mots sur les nouveaut\u00e9s du logiciel.<\/li>\n<li>Process de pr\u00e9traitement.<\/li>\n<li>Utilisation du process Superbias.<\/li>\n<li>Utilisation du process Debayer.<\/li>\n<li>Un lien tr\u00e8s int\u00e9ressant&#8230;<\/li>\n<\/ol>\t\t\t\t\t<\/div>\n\t\t\t\t\t\t<\/div>\n\t\t\t\t<\/div>\n\t\t\t\t<div class=\"elementor-element elementor-element-a107b9b elementor-widget elementor-widget-heading\" data-id=\"a107b9b\" data-element_type=\"widget\" data-widget_type=\"heading.default\">\n\t\t\t\t<div class=\"elementor-widget-container\">\n\t\t\t<h2 class=\"elementor-heading-title elementor-size-default\">1-Quelques mots sur les nouveaut\u00e9s du logiciel.<\/h2>\t\t<\/div>\n\t\t\t\t<\/div>\n\t\t\t\t<div class=\"elementor-element elementor-element-ab4c1a1 elementor-widget elementor-widget-text-editor\" data-id=\"ab4c1a1\" data-element_type=\"widget\" data-widget_type=\"text-editor.default\">\n\t\t\t\t<div class=\"elementor-widget-container\">\n\t\t\t\t\t\t\t\t<div class=\"elementor-text-editor elementor-clearfix\">\n\t\t\t\t<p>J&rsquo;utilise \u00e0 l&rsquo;heure actuelle la derni\u00e8re version <b><span class=\"gras\">1.8.5<\/span><\/b> du logiciel. Il ne s&rsquo;agit pas d&rsquo;une simple mise \u00e0 jour courante, c&rsquo;est pourquoi il faut t\u00e9l\u00e9charger \u00e0 nouveau le logiciel et le r\u00e9installer pour pouvoir s&rsquo;en servir. Depuis cette version les images sont enregistr\u00e9es sous un nouveau format, nomm\u00e9<b> <span class=\"gras\">.XISF<\/span><\/b>, qui remplace le format <b><span class=\"gras\">.FIT<\/span><\/b> habituellement utilis\u00e9 pour les images astronomiques. En pratique cela ne change rien au traitement des images, mais \u00e9videmment ce format n&rsquo;est reconnu que par Pixinsight et les images ne peuvent \u00eatre lues par un autre logiciel. Cependant rien n&#8217;emp\u00eache d&rsquo;enregistrer les images en <b><span class=\"gras\">.FIT<\/span><\/b>, voire d&rsquo;effectuer tous les traitements dans ce format. De nouveau process sont apparus, certains d&rsquo;entre eux \u00e9tant des anciens \u00ab\u00a0scripts\u00a0\u00bb que les concepteurs ont transform\u00e9 en process (l&rsquo;utilisation en est donc bien plus simple) et d&rsquo;autres enti\u00e8rement nouveaux \u00e0 diff\u00e9rentes \u00e9tapes du traitement des images. Par exemple dans cet article je vais utiliser deux nouveaux process : <b><span class=\"gras\">Superbias<\/span><\/b> et <b><span class=\"gras\">Debayer<\/span><\/b>. Mais assez de blabla, passons tout de suite \u00e0 la pratique !<\/p>\t\t\t\t\t<\/div>\n\t\t\t\t\t\t<\/div>\n\t\t\t\t<\/div>\n\t\t\t\t<div class=\"elementor-element elementor-element-bb29577 elementor-widget elementor-widget-heading\" data-id=\"bb29577\" data-element_type=\"widget\" data-widget_type=\"heading.default\">\n\t\t\t\t<div class=\"elementor-widget-container\">\n\t\t\t<h2 class=\"elementor-heading-title elementor-size-default\">2-Process de pr\u00e9traitement.<\/h2>\t\t<\/div>\n\t\t\t\t<\/div>\n\t\t\t\t<div class=\"elementor-element elementor-element-e922594 elementor-widget elementor-widget-text-editor\" data-id=\"e922594\" data-element_type=\"widget\" data-widget_type=\"text-editor.default\">\n\t\t\t\t<div class=\"elementor-widget-container\">\n\t\t\t\t\t\t\t\t<div class=\"elementor-text-editor elementor-clearfix\">\n\t\t\t\t<p>Pour commencer, je vous propose de t\u00e9l\u00e9charger mes \u00ab\u00a0nouveaux\u00a0\u00bb process de pr\u00e9traitement. Pour cela, <a href=\"http:\/\/www.arnaudom.fr\/pretraitementversion2.zip\">cliquer ici&#8230;<\/a> Voici la suite des process obtenue :<\/p>\n<p><img loading=\"lazy\" decoding=\"async\" class=\"aligncenter size-full wp-image-981\" src=\"http:\/\/www.arnaudom.fr\/wordpress\/wp-content\/uploads\/2018\/08\/pix404.jpg\" alt=\"\" width=\"328\" height=\"512\" srcset=\"https:\/\/www.arnaudom.fr\/wordpress\/wp-content\/uploads\/2018\/08\/pix404.jpg 328w, https:\/\/www.arnaudom.fr\/wordpress\/wp-content\/uploads\/2018\/08\/pix404-192x300.jpg 192w\" sizes=\"auto, (max-width: 328px) 100vw, 328px\" \/><\/p>\n<p>Quand le petit \u00ab\u00a0D\u00a0\u00bb en bas \u00e0 droite du process est rouge, cela signifie qu&rsquo;il contient une description et des commentaires enregistr\u00e9s par l&rsquo;utilisateur. Vous pouvez cliquer dessus pour y trouver des informations que j&rsquo;ai \u00e9crites et ajouter vous-m\u00eames vos propres commentaires.<\/p>\n<p>Les deux premiers process de la liste sont de simples commentaires, cependant le second intitul\u00e9 <span class=\"gras\">\u00ab\u00a0<b>Visualisation des images<\/b>\u00ab\u00a0<\/span> vous propose d&rsquo;utiliser le process <b><span class=\"gras\">Blink<\/span><\/b> pour avoir une vue grossi\u00e8re sur vos brutes, l&rsquo;id\u00e9e \u00e9tant d&rsquo;\u00e9liminer d&rsquo;entr\u00e9e de jeu d&rsquo;\u00e9ventuelles poses rat\u00e9es, comme une brute qui montrerait un probl\u00e8me de suivi suite \u00e0 une rafale de vent par exemple&#8230;, bref de supprimer d\u00e9s le d\u00e9but des images inutiles pour le traitement. On peut \u00e9ventuellement en profiter aussi pour jeter un oeil aux images de calibration (dark, flat&#8230;). Par contre les brutes qui montrent par exemple des traces de satellites ne posent pas de probl\u00e8me car Pixinsight saura s&rsquo;en d\u00e9barrasser lors du traitement \u00e0 l&rsquo;aide de ses algorithmes de r\u00e9jection.<\/p>\n<p>Le process <b><span class=\"gras\">Blink<\/span><\/b> ne se d\u00e9pose par sur le bureau, contrairement aux autres, il faut donc ouvrir l&rsquo;onglet <b><span class=\"gras\">Process Explorer<\/span><\/b> et cliquer dessus pour le lancer.<br><img loading=\"lazy\" decoding=\"async\" class=\"aligncenter size-full wp-image-982\" src=\"http:\/\/www.arnaudom.fr\/wordpress\/wp-content\/uploads\/2018\/08\/Pix405.jpg\" alt=\"\" width=\"302\" height=\"167\" srcset=\"https:\/\/www.arnaudom.fr\/wordpress\/wp-content\/uploads\/2018\/08\/Pix405.jpg 302w, https:\/\/www.arnaudom.fr\/wordpress\/wp-content\/uploads\/2018\/08\/Pix405-300x166.jpg 300w\" sizes=\"auto, (max-width: 302px) 100vw, 302px\" \/><br>L&rsquo;ic\u00f4ne <b>Add Image<\/b> <img decoding=\"async\" src=\"http:\/\/www.arnaudom.fr\/Img\/pix114.jpg\"> permet de s\u00e9lectionner les images voulues puis on peut les faire d\u00e9filer soit manuellement, soit automatiquement avec les fl\u00e8ches<img decoding=\"async\" src=\"http:\/\/www.arnaudom.fr\/Img\/pix116.jpg\">. On peut \u00e9ventuellement r\u00e9gler le d\u00e9lai de d\u00e9filement des images. Penser aussi \u00e0 cliquer sur l&rsquo;ic\u00f4ne <img decoding=\"async\" src=\"http:\/\/www.arnaudom.fr\/Img\/pix406.jpg\"> pour appliquer un \u00ab\u00a0<b>histogramme automatique<\/b>\u00a0\u00bb afin de visualiser les brutes. Sur l&rsquo;image ci-dessous vous pouvez voir les images brutes de la galaxie NGC 4631 affich\u00e9es avec <b>Blink<\/b>.<\/p>\n<p><img loading=\"lazy\" decoding=\"async\" class=\"aligncenter size-full wp-image-984\" src=\"http:\/\/www.arnaudom.fr\/wordpress\/wp-content\/uploads\/2018\/08\/pix407.jpg\" alt=\"\" width=\"800\" height=\"469\" srcset=\"https:\/\/www.arnaudom.fr\/wordpress\/wp-content\/uploads\/2018\/08\/pix407.jpg 800w, https:\/\/www.arnaudom.fr\/wordpress\/wp-content\/uploads\/2018\/08\/pix407-300x176.jpg 300w, https:\/\/www.arnaudom.fr\/wordpress\/wp-content\/uploads\/2018\/08\/pix407-768x450.jpg 768w\" sizes=\"auto, (max-width: 800px) 100vw, 800px\" \/><\/p>\n<p>Il est conseill\u00e9, pour s&rsquo;y retrouver dans les nombreuses images n\u00e9cessaires au pr\u00e9traitement, de cr\u00e9er diff\u00e9rents dossiers pour les classer. De mon c\u00f4t\u00e9, j&rsquo;ai un dossier <b>Brutes<\/b> qui contient p\u00eale-m\u00eale les diff\u00e9rentes images d&rsquo;acquisitions et de calibration (Flat, Dark, Offset, Brutes), des dossiers <b>Dark<\/b>, <b>Flat<\/b> et <b>Brutes Calibr\u00e9es<\/b> contenant les images correspondantes calibr\u00e9es et enfin un dossier <b>Traitement<\/b> contenant les images finales et les projets de traitement.<br><img loading=\"lazy\" decoding=\"async\" class=\"aligncenter size-full wp-image-985\" src=\"http:\/\/www.arnaudom.fr\/wordpress\/wp-content\/uploads\/2018\/08\/pix408.jpg\" alt=\"\" width=\"650\" height=\"204\" srcset=\"https:\/\/www.arnaudom.fr\/wordpress\/wp-content\/uploads\/2018\/08\/pix408.jpg 650w, https:\/\/www.arnaudom.fr\/wordpress\/wp-content\/uploads\/2018\/08\/pix408-300x94.jpg 300w\" sizes=\"auto, (max-width: 650px) 100vw, 650px\" \/><br>Chacun des process est d\u00e9j\u00e0 r\u00e9gl\u00e9 avec les param\u00e8tres qui marchent bien avec l&rsquo;APN, normalement il n&rsquo;y a pas grand chose \u00e0 changer. N&rsquo;h\u00e9siter pas \u00e0 cliquer sur \u00ab\u00a0D\u00a0\u00bb pour avoir quelques compl\u00e9ments \u00e9ventuels d&rsquo;information sur les param\u00e8tres.<\/p>\n<p>Alors maintenant, si vous n&rsquo;avez pas de MasterOffset \u00e0 votre disposition, nous allons le cr\u00e9er en cliquant sur \u00ab\u00a0<b>Cr\u00e9ation de l&rsquo;offset maitre<\/b>\u00ab\u00a0. On ajoute les images d&rsquo;offset en cliquant sur <b>Add Files<\/b>, les param\u00e8tres sont normalement r\u00e9gl\u00e9s ainsi :<\/p>\n<p>Dans Image <b>Integration<\/b>, on a :<br>&#8211; <b>Combination<\/b> : <b>Average<\/b><br>&#8211; <b>Normalization<\/b> : <b>No normalization<\/b><br>&#8211; <b>Weights<\/b> : <b>Don&rsquo;t care (all weights = 1)<\/b><br>&#8211;<b> Generated integrated image<\/b> est coch\u00e9e.<\/p>\n<p>Dans <strong>Pixel Rejection (1)<\/strong>, on a :<br>&#8211; <strong>Rejection algorithm : Winsorized Sigma Clipping<\/strong><br>&#8211; <strong>Normalization : No normalization<\/strong><br>&#8211; les cases <strong>Generate rejection maps, Clip low pixels et Clip high pixels<\/strong> sont coch\u00e9es.<\/p>\n<p>Dans<strong> Pixel Rejection (2)<\/strong>, on va r\u00e9gler les curseurs <strong>Sigma Low<\/strong> et <strong>Sigma High<\/strong> puis on lance le process. Le but est d&rsquo;obtenir des valeurs de r\u00e9jection entre 0,15% et 0,25% (pour de plus amples informations sur le r\u00e9glage des curseurs et l&rsquo;analyse des r\u00e9sultats obtenus, relire la page <a href=\"http:\/\/www.arnaudom.fr\/wordpress\/pretraitement\/\" target=\"_blank\">pr\u00e9traitement<\/a>). Le r\u00e9sultat du process est une image noire. Pour en visualiser le contenu, il faut utiliser les deux process situ\u00e9s sous \u00ab\u00a0<strong>Outils de visualisation des images<\/strong>\u00a0\u00bb : on applique d&rsquo;abord le process <strong>Debayer<\/strong>. Ce dernier a \u00e9t\u00e9 modifi\u00e9 par rapport aux versions pr\u00e9c\u00e9dentes, mais on va l&rsquo;utiliser dans un premier temps de mani\u00e8re classique (on le retrouvera plus loin dans sa nouvelle utilisation), en d\u00e9posant son triangle bleu sur l&rsquo;image afin de la \u00ab\u00a0d\u00e9bayeriser\u00a0\u00bb, une nouvelle image appara\u00eet. On active dans un second temps le process <strong>STF<\/strong> et on visualise ainsi le contenu de cette derni\u00e8re image. On observe normalement l&rsquo;image caract\u00e9ristique d&rsquo;un MasterOffset, avec des colonnes verticales bien visibles.<\/p>\n<p><img loading=\"lazy\" decoding=\"async\" class=\"aligncenter size-full wp-image-987\" src=\"http:\/\/www.arnaudom.fr\/wordpress\/wp-content\/uploads\/2018\/08\/pix409.jpg\" alt=\"\" width=\"800\" height=\"543\" srcset=\"https:\/\/www.arnaudom.fr\/wordpress\/wp-content\/uploads\/2018\/08\/pix409.jpg 800w, https:\/\/www.arnaudom.fr\/wordpress\/wp-content\/uploads\/2018\/08\/pix409-300x204.jpg 300w, https:\/\/www.arnaudom.fr\/wordpress\/wp-content\/uploads\/2018\/08\/pix409-768x521.jpg 768w\" sizes=\"auto, (max-width: 800px) 100vw, 800px\" \/><\/p>\n<p>Une fois un r\u00e9sultat satisfaisant obtenu, ne pas oublier de sauvegarder l&rsquo;image issue de l&rsquo;int\u00e9gration (en la nommant par exemple au hasard \u00ab\u00a0<strong>MasterOffset<\/strong>\u00ab\u00a0), que personnellement je sauvegarde dans mon dossier <strong>Traitement<\/strong>. G\u00e9n\u00e9ralement il est inutile de refaire le MasterOffset \u00e0 chaque s\u00e9ance d&rsquo;acquisition. On le fait une fois (le mien est constitu\u00e9 d&rsquo;une centaine d&rsquo;offset bruts), puis on peut le conserver ensuite. Je me contente de le refaire une fois par an (mon MasterOffset actuel se nomme \u00ab\u00a0<strong>MasterOffsetAout2017<\/strong>\u00ab\u00a0, j&rsquo;en ferai sans doute un nouveau cet \u00e9t\u00e9). Ainsi, en le conservant, il sera inutile de refaire cette \u00e9tape \u00e0 chaque nouveau traitement.<\/p>\t\t\t\t\t<\/div>\n\t\t\t\t\t\t<\/div>\n\t\t\t\t<\/div>\n\t\t\t\t<div class=\"elementor-element elementor-element-1daa331 elementor-align-center elementor-widget elementor-widget-button\" data-id=\"1daa331\" data-element_type=\"widget\" data-widget_type=\"button.default\">\n\t\t\t\t<div class=\"elementor-widget-container\">\n\t\t\t\t\t<div class=\"elementor-button-wrapper\">\n\t\t\t<a href=\"http:\/\/www.arnaudom.fr\/wordpress\/traitement101suite\/\" class=\"elementor-button-link elementor-button elementor-size-sm\" role=\"button\">\n\t\t\t\t\t\t<span class=\"elementor-button-content-wrapper\">\n\t\t\t\t\t\t\t<span class=\"elementor-button-icon elementor-align-icon-right\">\n\t\t\t\t<i aria-hidden=\"true\" class=\"fas fa-arrow-right\"><\/i>\t\t\t<\/span>\n\t\t\t\t\t\t<span class=\"elementor-button-text\">Pr\u00e9traitement suite... <\/span>\n\t\t<\/span>\n\t\t\t\t\t<\/a>\n\t\t<\/div>\n\t\t\t\t<\/div>\n\t\t\t\t<\/div>\n\t\t\t\t\t\t<\/div>\n\t\t\t\t\t<\/div>\n\t\t<\/div>\n\t\t\t\t\t\t\t\t<\/div>\n\t\t\t\t\t<\/div>\n\t\t<\/section>\n\t\t\t\t\t\t\t\t\t<\/div>\n\t\t\t<\/div>\n\t\t\t\t\t<\/div>\n\t\t","protected":false},"excerpt":{"rendered":"<p>Nouveaut\u00e9s du logiciel et pr\u00e9traitement des images (1\/3) Ecrit le 05\/05\/18. Pour t\u00e9l\u00e9charger cet article en version PDF cliquer ici ==> Les premiers tutoriels que j&rsquo;avais \u00e9crits pour Pixinsight datent de 2013, et depuis ce temps plusieurs mises \u00e0 jour, incluant de nouveaux process et de nouvelles techniques sont apparues r\u00e9guli\u00e8rement. Certaines proc\u00e9dures et l&rsquo;utilisation &hellip;<\/p>\n<p class=\"read-more\"> <a class=\"\" href=\"https:\/\/www.arnaudom.fr\/wordpress\/traitement101\/\"> <span class=\"screen-reader-text\">traitement101<\/span> Lire la suite\u00a0\u00bb<\/a><\/p>\n","protected":false},"author":1,"featured_media":0,"parent":0,"menu_order":0,"comment_status":"closed","ping_status":"closed","template":"","meta":{"site-sidebar-layout":"default","site-content-layout":"default","ast-site-content-layout":"","site-content-style":"default","site-sidebar-style":"default","ast-global-header-display":"","ast-banner-title-visibility":"","ast-main-header-display":"","ast-hfb-above-header-display":"","ast-hfb-below-header-display":"","ast-hfb-mobile-header-display":"","site-post-title":"disabled","ast-breadcrumbs-content":"","ast-featured-img":"","footer-sml-layout":"","theme-transparent-header-meta":"default","adv-header-id-meta":"","stick-header-meta":"","header-above-stick-meta":"","header-main-stick-meta":"","header-below-stick-meta":"","astra-migrate-meta-layouts":"","ast-page-background-enabled":"default","ast-page-background-meta":{"desktop":{"background-color":"","background-image":"","background-repeat":"repeat","background-position":"center center","background-size":"auto","background-attachment":"scroll","background-type":"","background-media":"","overlay-type":"","overlay-color":"","overlay-gradient":""},"tablet":{"background-color":"","background-image":"","background-repeat":"repeat","background-position":"center center","background-size":"auto","background-attachment":"scroll","background-type":"","background-media":"","overlay-type":"","overlay-color":"","overlay-gradient":""},"mobile":{"background-color":"","background-image":"","background-repeat":"repeat","background-position":"center center","background-size":"auto","background-attachment":"scroll","background-type":"","background-media":"","overlay-type":"","overlay-color":"","overlay-gradient":""}},"ast-content-background-meta":{"desktop":{"background-color":"var(--ast-global-color-5)","background-image":"","background-repeat":"repeat","background-position":"center center","background-size":"auto","background-attachment":"scroll","background-type":"","background-media":"","overlay-type":"","overlay-color":"","overlay-gradient":""},"tablet":{"background-color":"var(--ast-global-color-5)","background-image":"","background-repeat":"repeat","background-position":"center center","background-size":"auto","background-attachment":"scroll","background-type":"","background-media":"","overlay-type":"","overlay-color":"","overlay-gradient":""},"mobile":{"background-color":"var(--ast-global-color-5)","background-image":"","background-repeat":"repeat","background-position":"center center","background-size":"auto","background-attachment":"scroll","background-type":"","background-media":"","overlay-type":"","overlay-color":"","overlay-gradient":""}},"footnotes":""},"class_list":["post-973","page","type-page","status-publish","hentry"],"_links":{"self":[{"href":"https:\/\/www.arnaudom.fr\/wordpress\/wp-json\/wp\/v2\/pages\/973","targetHints":{"allow":["GET"]}}],"collection":[{"href":"https:\/\/www.arnaudom.fr\/wordpress\/wp-json\/wp\/v2\/pages"}],"about":[{"href":"https:\/\/www.arnaudom.fr\/wordpress\/wp-json\/wp\/v2\/types\/page"}],"author":[{"embeddable":true,"href":"https:\/\/www.arnaudom.fr\/wordpress\/wp-json\/wp\/v2\/users\/1"}],"replies":[{"embeddable":true,"href":"https:\/\/www.arnaudom.fr\/wordpress\/wp-json\/wp\/v2\/comments?post=973"}],"version-history":[{"count":21,"href":"https:\/\/www.arnaudom.fr\/wordpress\/wp-json\/wp\/v2\/pages\/973\/revisions"}],"predecessor-version":[{"id":8298,"href":"https:\/\/www.arnaudom.fr\/wordpress\/wp-json\/wp\/v2\/pages\/973\/revisions\/8298"}],"wp:attachment":[{"href":"https:\/\/www.arnaudom.fr\/wordpress\/wp-json\/wp\/v2\/media?parent=973"}],"curies":[{"name":"wp","href":"https:\/\/api.w.org\/{rel}","templated":true}]}}