{"id":9178,"date":"2022-10-01T08:29:49","date_gmt":"2022-10-01T06:29:49","guid":{"rendered":"http:\/\/www.arnaudom.fr\/wordpress\/?page_id=9178"},"modified":"2022-10-02T08:38:22","modified_gmt":"2022-10-02T06:38:22","slug":"eclipse25102022","status":"publish","type":"page","link":"https:\/\/www.arnaudom.fr\/wordpress\/eclipse25102022\/","title":{"rendered":"eclipse25102022"},"content":{"rendered":"\t\t<div data-elementor-type=\"wp-page\" data-elementor-id=\"9178\" class=\"elementor elementor-9178\">\n\t\t\t\t\t\t<div class=\"elementor-inner\">\n\t\t\t\t<div class=\"elementor-section-wrap\">\n\t\t\t\t\t\t\t\t\t<section class=\"elementor-section elementor-top-section elementor-element elementor-element-1a0e86a3 elementor-section-full_width elementor-section-height-default elementor-section-height-default\" data-id=\"1a0e86a3\" data-element_type=\"section\" data-settings=\"{&quot;background_background&quot;:&quot;classic&quot;}\">\n\t\t\t\t\t\t<div class=\"elementor-container elementor-column-gap-default\">\n\t\t\t\t\t\t\t<div class=\"elementor-row\">\n\t\t\t\t\t<div class=\"elementor-column elementor-col-100 elementor-top-column elementor-element elementor-element-4347e7c2\" data-id=\"4347e7c2\" data-element_type=\"column\" data-settings=\"{&quot;background_background&quot;:&quot;classic&quot;}\">\n\t\t\t<div class=\"elementor-column-wrap elementor-element-populated\">\n\t\t\t\t\t\t\t<div class=\"elementor-widget-wrap\">\n\t\t\t\t\t\t<div class=\"elementor-element elementor-element-292e3f87 elementor-widget elementor-widget-heading\" data-id=\"292e3f87\" data-element_type=\"widget\" data-widget_type=\"heading.default\">\n\t\t\t\t<div class=\"elementor-widget-container\">\n\t\t\t<h1 class=\"elementor-heading-title elementor-size-default\">Eclipse partielle de Soleil du 25 octobre 2022<\/h1>\t\t<\/div>\n\t\t\t\t<\/div>\n\t\t\t\t<div class=\"elementor-element elementor-element-542327ec elementor-widget elementor-widget-heading\" data-id=\"542327ec\" data-element_type=\"widget\" data-widget_type=\"heading.default\">\n\t\t\t\t<div class=\"elementor-widget-container\">\n\t\t\t<h2 class=\"elementor-heading-title elementor-size-default\">Observation<\/h2>\t\t<\/div>\n\t\t\t\t<\/div>\n\t\t\t\t<div class=\"elementor-element elementor-element-66fe6236 elementor-drop-cap-yes elementor-drop-cap-view-default elementor-widget elementor-widget-text-editor\" data-id=\"66fe6236\" data-element_type=\"widget\" data-settings=\"{&quot;drop_cap&quot;:&quot;yes&quot;}\" data-widget_type=\"text-editor.default\">\n\t\t\t\t<div class=\"elementor-widget-container\">\n\t\t\t\t\t\t\t\t<div class=\"elementor-text-editor elementor-clearfix\">\n\t\t\t\t<p><span style=\"color: #000000;\">Le mardi 25 octobre, en milieu de matin\u00e9e, la Lune \u00e9clipsera en partie le Soleil. Ce ph\u00e9nom\u00e8ne sera visible en France et l&rsquo;on pourra observer une partie du Soleil se faire \u00ab\u00a0grignoter\u00a0\u00bb par la Lune. Il sera d&rsquo;autant plus visible que l&rsquo;observateur se situera au Nord de la France.<br><\/span><\/p>\n<p><span style=\"color: #000000;\">L&rsquo;\u00e9clipse d\u00e9bute aux alentours de 11h10 (en heure locale pour la France) pour les r\u00e9gions situ\u00e9es les plus au Nord de la France (quelques minutes plus tard pour les autres), atteint son maximum vers 12h et se termine entre 12h30 et 13h00 selon les villes.<\/span><\/p>\n<p><span style=\"color: #000000;\">Sur le site de l&rsquo;IMCCE vous pouvez trouver une carte interactive qui permet d&rsquo;obtenir les horaires pr\u00e9cis de cet \u00e9v\u00e8nement pour votre lieu d&rsquo;observation, c&rsquo;est ici : <a href=\"https:\/\/ssp.imcce.fr\/forms\/solar-eclipses\/2022-10-25\" target=\"_blank\">https:\/\/ssp.imcce.fr\/forms\/solar-eclipses\/2022-10-25<\/a>. Voici par exemple les donn\u00e9es que j&rsquo;obtiens pour mon lieu d&rsquo;observation :<\/span><\/p>\n<p style=\"text-align: center;\"><span style=\"color: #000000;\"><img loading=\"lazy\" decoding=\"async\" class=\"size-full wp-image-9189 aligncenter\" src=\"http:\/\/www.arnaudom.fr\/wordpress\/wp-content\/uploads\/2022\/10\/eclipse25102022.png\" alt=\"\" width=\"392\" height=\"600\" srcset=\"https:\/\/www.arnaudom.fr\/wordpress\/wp-content\/uploads\/2022\/10\/eclipse25102022.png 392w, https:\/\/www.arnaudom.fr\/wordpress\/wp-content\/uploads\/2022\/10\/eclipse25102022-196x300.png 196w\" sizes=\"auto, (max-width: 392px) 100vw, 392px\" \/><em><strong>Donn\u00e9es issues du site de l&rsquo;<\/strong><\/em><\/span><em><strong><span style=\"color: #000000;\">IMCEE<\/span><\/strong><\/em><\/p>\n<p><span style=\"color: #000000;\">P1 indique le d\u00e9but de l&rsquo;\u00e9clipse en temps universel (09:16 soit 11h16 sur mon lieu d&rsquo;observation, on rajoute deux heures), M le milieu du ph\u00e9non\u00e8me (10:09 soit 12h09 en heure locale) et P4 la fin (11:03 soit 13h03).<\/span><\/p>\n<p><span style=\"color: #000000;\">Il est possible \u00e9galement de simuler le d\u00e9roulement de l&rsquo;\u00e9clipse avec un logiciel comme Coelix :<\/span><\/p>\n<p style=\"text-align: center;\"><img loading=\"lazy\" decoding=\"async\" class=\"size-full wp-image-9192 aligncenter\" src=\"http:\/\/www.arnaudom.fr\/wordpress\/wp-content\/uploads\/2022\/10\/eclipse2510202202.png\" alt=\"\" width=\"800\" height=\"682\" srcset=\"https:\/\/www.arnaudom.fr\/wordpress\/wp-content\/uploads\/2022\/10\/eclipse2510202202.png 800w, https:\/\/www.arnaudom.fr\/wordpress\/wp-content\/uploads\/2022\/10\/eclipse2510202202-300x256.png 300w, https:\/\/www.arnaudom.fr\/wordpress\/wp-content\/uploads\/2022\/10\/eclipse2510202202-768x655.png 768w\" sizes=\"auto, (max-width: 800px) 100vw, 800px\" \/><strong><em><span style=\"color: #000000;\">Simulation de la position de la Lune et du Soleil \u00e0 12h49 en heure locale avec Coelix<\/span> <\/em><\/strong><\/p>\t\t\t\t\t<\/div>\n\t\t\t\t\t\t<\/div>\n\t\t\t\t<\/div>\n\t\t\t\t<div class=\"elementor-element elementor-element-006a36b elementor-widget elementor-widget-heading\" data-id=\"006a36b\" data-element_type=\"widget\" data-widget_type=\"heading.default\">\n\t\t\t\t<div class=\"elementor-widget-container\">\n\t\t\t<h2 class=\"elementor-heading-title elementor-size-default\">Pr\u00e9cautions pour l'observation<\/h2>\t\t<\/div>\n\t\t\t\t<\/div>\n\t\t\t\t<div class=\"elementor-element elementor-element-580101a elementor-drop-cap-yes elementor-drop-cap-view-default elementor-widget elementor-widget-text-editor\" data-id=\"580101a\" data-element_type=\"widget\" data-settings=\"{&quot;drop_cap&quot;:&quot;yes&quot;}\" data-widget_type=\"text-editor.default\">\n\t\t\t\t<div class=\"elementor-widget-container\">\n\t\t\t\t\t\t\t\t<div class=\"elementor-text-editor elementor-clearfix\">\n\t\t\t\t<p><span style=\"color: #000000;\">Bien entendu, comme pour toute observation du Soleil, certaines pr\u00e9cautions sont \u00e0 observer car les dommages pour les yeux <b>peuvent \u00eatre irr\u00e9versibles !<\/b><\/span><\/p><p><span style=\"color: #000000;\">Pour l&rsquo;observation sans instrument, on peut utiliser des lunettes sp\u00e9ciales \u00e9clipse (attention, certaines ont une date limite d&rsquo;utilisation inscrite dessus, pensez \u00e0 v\u00e9rifier cela) ou des vise-\u00e9clipse qui sont des filtres d&rsquo;observation pour le Soleil.<\/span><\/p><p style=\"text-align: center;\"><img loading=\"lazy\" decoding=\"async\" class=\"size-full wp-image-9197 aligncenter\" src=\"http:\/\/www.arnaudom.fr\/wordpress\/wp-content\/uploads\/2022\/10\/lunette.png\" alt=\"\" width=\"400\" height=\"256\" srcset=\"https:\/\/www.arnaudom.fr\/wordpress\/wp-content\/uploads\/2022\/10\/lunette.png 400w, https:\/\/www.arnaudom.fr\/wordpress\/wp-content\/uploads\/2022\/10\/lunette-300x192.png 300w\" sizes=\"auto, (max-width: 400px) 100vw, 400px\" \/><strong><em><span style=\"color: #000000;\">Lunettes sp\u00e9ciale \u00e9clipse<\/span><\/em><\/strong><\/p><p><span style=\"color: #000000;\">Avec un instrument, il faut bien entendu utiliser des filtres solaires ou on peut confectionner pour son instrument des filtres peu on\u00e9reux avec des feuilles type Astrosolar, <a href=\"http:\/\/www.arnaudom.fr\/wordpress\/soleilo\/\" target=\"_blank\" rel=\"noopener\">voir cette page qui montre comment confectionner un tel filtre<\/a>. <br \/><\/span><\/p><p style=\"text-align: center;\"><img loading=\"lazy\" decoding=\"async\" class=\"size-full wp-image-2907 aligncenter\" src=\"http:\/\/www.arnaudom.fr\/wordpress\/wp-content\/uploads\/2019\/08\/Filtre4.jpg\" alt=\"\" width=\"410\" height=\"307\" srcset=\"https:\/\/www.arnaudom.fr\/wordpress\/wp-content\/uploads\/2019\/08\/Filtre4.jpg 410w, https:\/\/www.arnaudom.fr\/wordpress\/wp-content\/uploads\/2019\/08\/Filtre4-300x225.jpg 300w\" sizes=\"auto, (max-width: 410px) 100vw, 410px\" \/><strong><em><span style=\"color: #000000;\">Filtre solaire Astrosolar fait main<\/span><\/em><\/strong><\/p><p><span style=\"color: #000000;\">Enfin les plus chanceux d&rsquo;entre nous pourront observer le ph\u00e9nom\u00e8ne avec des instruments sp\u00e9cialement d\u00e9di\u00e9s \u00e0 l&rsquo;observation solaire, comme les Coronado ou les Lunt.<\/span><\/p><p style=\"text-align: center;\"><span style=\"color: #000000;\"><img loading=\"lazy\" decoding=\"async\" class=\"size-full wp-image-9198 aligncenter\" src=\"http:\/\/www.arnaudom.fr\/wordpress\/wp-content\/uploads\/2022\/10\/lunt.png\" alt=\"\" width=\"340\" height=\"192\" srcset=\"https:\/\/www.arnaudom.fr\/wordpress\/wp-content\/uploads\/2022\/10\/lunt.png 340w, https:\/\/www.arnaudom.fr\/wordpress\/wp-content\/uploads\/2022\/10\/lunt-300x169.png 300w\" sizes=\"auto, (max-width: 340px) 100vw, 340px\" \/><\/span><strong><em><span style=\"color: #000000;\">Lunette Lunt pour l&rsquo;observation solaire<\/span><\/em><\/strong><\/p><p><span style=\"color: #000000;\">Il ne reste plus qu&rsquo;\u00e0 croiser les doigts pour esp\u00e9rer une m\u00e9t\u00e9o favorable !<br \/><\/span><\/p>\t\t\t\t\t<\/div>\n\t\t\t\t\t\t<\/div>\n\t\t\t\t<\/div>\n\t\t\t\t\t\t<\/div>\n\t\t\t\t\t<\/div>\n\t\t<\/div>\n\t\t\t\t\t\t\t\t<\/div>\n\t\t\t\t\t<\/div>\n\t\t<\/section>\n\t\t\t\t\t\t\t\t\t<\/div>\n\t\t\t<\/div>\n\t\t\t\t\t<\/div>\n\t\t","protected":false},"excerpt":{"rendered":"<p>Eclipse partielle de Soleil du 25 octobre 2022 Observation Le mardi 25 octobre, en milieu de matin\u00e9e, la Lune \u00e9clipsera en partie le Soleil. Ce ph\u00e9nom\u00e8ne sera visible en France et l&rsquo;on pourra observer une partie du Soleil se faire \u00ab\u00a0grignoter\u00a0\u00bb par la Lune. Il sera d&rsquo;autant plus visible que l&rsquo;observateur se situera au Nord &hellip;<\/p>\n<p class=\"read-more\"> <a class=\"\" href=\"https:\/\/www.arnaudom.fr\/wordpress\/eclipse25102022\/\"> <span class=\"screen-reader-text\">eclipse25102022<\/span> Lire la suite\u00a0\u00bb<\/a><\/p>\n","protected":false},"author":1,"featured_media":0,"parent":0,"menu_order":0,"comment_status":"open","ping_status":"closed","template":"","meta":{"site-sidebar-layout":"default","site-content-layout":"default","ast-site-content-layout":"","site-content-style":"default","site-sidebar-style":"default","ast-global-header-display":"","ast-banner-title-visibility":"","ast-main-header-display":"","ast-hfb-above-header-display":"","ast-hfb-below-header-display":"","ast-hfb-mobile-header-display":"","site-post-title":"disabled","ast-breadcrumbs-content":"","ast-featured-img":"disabled","footer-sml-layout":"","theme-transparent-header-meta":"default","adv-header-id-meta":"","stick-header-meta":"","header-above-stick-meta":"","header-main-stick-meta":"","header-below-stick-meta":"","astra-migrate-meta-layouts":"","ast-page-background-enabled":"default","ast-page-background-meta":{"desktop":{"background-color":"","background-image":"","background-repeat":"repeat","background-position":"center center","background-size":"auto","background-attachment":"scroll","background-type":"","background-media":"","overlay-type":"","overlay-color":"","overlay-gradient":""},"tablet":{"background-color":"","background-image":"","background-repeat":"repeat","background-position":"center center","background-size":"auto","background-attachment":"scroll","background-type":"","background-media":"","overlay-type":"","overlay-color":"","overlay-gradient":""},"mobile":{"background-color":"","background-image":"","background-repeat":"repeat","background-position":"center center","background-size":"auto","background-attachment":"scroll","background-type":"","background-media":"","overlay-type":"","overlay-color":"","overlay-gradient":""}},"ast-content-background-meta":{"desktop":{"background-color":"var(--ast-global-color-5)","background-image":"","background-repeat":"repeat","background-position":"center center","background-size":"auto","background-attachment":"scroll","background-type":"","background-media":"","overlay-type":"","overlay-color":"","overlay-gradient":""},"tablet":{"background-color":"var(--ast-global-color-5)","background-image":"","background-repeat":"repeat","background-position":"center center","background-size":"auto","background-attachment":"scroll","background-type":"","background-media":"","overlay-type":"","overlay-color":"","overlay-gradient":""},"mobile":{"background-color":"var(--ast-global-color-5)","background-image":"","background-repeat":"repeat","background-position":"center center","background-size":"auto","background-attachment":"scroll","background-type":"","background-media":"","overlay-type":"","overlay-color":"","overlay-gradient":""}},"footnotes":""},"class_list":["post-9178","page","type-page","status-publish","hentry"],"_links":{"self":[{"href":"https:\/\/www.arnaudom.fr\/wordpress\/wp-json\/wp\/v2\/pages\/9178","targetHints":{"allow":["GET"]}}],"collection":[{"href":"https:\/\/www.arnaudom.fr\/wordpress\/wp-json\/wp\/v2\/pages"}],"about":[{"href":"https:\/\/www.arnaudom.fr\/wordpress\/wp-json\/wp\/v2\/types\/page"}],"author":[{"embeddable":true,"href":"https:\/\/www.arnaudom.fr\/wordpress\/wp-json\/wp\/v2\/users\/1"}],"replies":[{"embeddable":true,"href":"https:\/\/www.arnaudom.fr\/wordpress\/wp-json\/wp\/v2\/comments?post=9178"}],"version-history":[{"count":17,"href":"https:\/\/www.arnaudom.fr\/wordpress\/wp-json\/wp\/v2\/pages\/9178\/revisions"}],"predecessor-version":[{"id":9218,"href":"https:\/\/www.arnaudom.fr\/wordpress\/wp-json\/wp\/v2\/pages\/9178\/revisions\/9218"}],"wp:attachment":[{"href":"https:\/\/www.arnaudom.fr\/wordpress\/wp-json\/wp\/v2\/media?parent=9178"}],"curies":[{"name":"wp","href":"https:\/\/api.w.org\/{rel}","templated":true}]}}