{"id":8618,"date":"2022-04-30T08:20:42","date_gmt":"2022-04-30T06:20:42","guid":{"rendered":"http:\/\/www.arnaudom.fr\/wordpress\/?page_id=8618"},"modified":"2022-05-02T07:31:46","modified_gmt":"2022-05-02T05:31:46","slug":"spectrerisuite","status":"publish","type":"page","link":"https:\/\/www.arnaudom.fr\/wordpress\/spectrerisuite\/","title":{"rendered":"spectrerisuite"},"content":{"rendered":"\t\t<div data-elementor-type=\"wp-page\" data-elementor-id=\"8618\" class=\"elementor elementor-8618\">\n\t\t\t\t\t\t<div class=\"elementor-inner\">\n\t\t\t\t<div class=\"elementor-section-wrap\">\n\t\t\t\t\t\t\t\t\t<section class=\"elementor-section elementor-top-section elementor-element elementor-element-41e88224 elementor-section-full_width elementor-section-height-default elementor-section-height-default\" data-id=\"41e88224\" data-element_type=\"section\" data-settings=\"{&quot;background_background&quot;:&quot;classic&quot;}\">\n\t\t\t\t\t\t<div class=\"elementor-container elementor-column-gap-default\">\n\t\t\t\t\t\t\t<div class=\"elementor-row\">\n\t\t\t\t\t<div class=\"elementor-column elementor-col-100 elementor-top-column elementor-element elementor-element-61fa02dd\" data-id=\"61fa02dd\" data-element_type=\"column\" data-settings=\"{&quot;background_background&quot;:&quot;classic&quot;}\">\n\t\t\t<div class=\"elementor-column-wrap elementor-element-populated\">\n\t\t\t\t\t\t\t<div class=\"elementor-widget-wrap\">\n\t\t\t\t\t\t<div class=\"elementor-element elementor-element-4a35f98 elementor-widget elementor-widget-heading\" data-id=\"4a35f98\" data-element_type=\"widget\" data-widget_type=\"heading.default\">\n\t\t\t\t<div class=\"elementor-widget-container\">\n\t\t\t<h1 class=\"elementor-heading-title elementor-size-default\">Corriger un spectre (2\/2)<\/h1>\t\t<\/div>\n\t\t\t\t<\/div>\n\t\t\t\t<div class=\"elementor-element elementor-element-212ddbb2 elementor-widget elementor-widget-heading\" data-id=\"212ddbb2\" data-element_type=\"widget\" data-widget_type=\"heading.default\">\n\t\t\t\t<div class=\"elementor-widget-container\">\n\t\t\t<h2 class=\"elementor-heading-title elementor-size-default\">Corriger le spectre de l'\u00e9toile de r\u00e9f\u00e9rence<\/h2>\t\t<\/div>\n\t\t\t\t<\/div>\n\t\t\t\t<div class=\"elementor-element elementor-element-4cb20750 elementor-drop-cap-yes elementor-drop-cap-view-default elementor-widget elementor-widget-text-editor\" data-id=\"4cb20750\" data-element_type=\"widget\" data-settings=\"{&quot;drop_cap&quot;:&quot;yes&quot;}\" data-widget_type=\"text-editor.default\">\n\t\t\t\t<div class=\"elementor-widget-container\">\n\t\t\t\t\t\t\t\t<div class=\"elementor-text-editor elementor-clearfix\">\n\t\t\t\t<p><span style=\"color: #000000;\">Allons maintenant dans l&rsquo;onglet <b>G\u00e9n\u00e9ral<\/b> : on remplit <b>Nom racine<\/b> avec <b>hd65900- <\/b>puis <b>Objet<\/b> avec <b>hd65900<\/b>.<br>Dans <b>Nom g\u00e9n\u00e9rique<\/b> on entre <b>@hd65900-<\/b> en n&rsquo;oubliant pas l&rsquo;arobase <b>@<\/b> qui indique que l&rsquo;on va utiliser les images redress\u00e9es et recadr\u00e9es pour cr\u00e9er le spectre. La case <b>Loi de dispersion calcul\u00e9e<\/b> est normalement coch\u00e9e puisque qu&rsquo;on l&rsquo;a cr\u00e9\u00e9 pr\u00e9c\u00e9demment en \u00e9talonnant notre spectre en longueur d&rsquo;onde (sinon il faut refaire l&rsquo;\u00e9talonnage pour recr\u00e9er la loi de dispersion).<\/span><\/p>\n<p><span style=\"color: #000000;\"><img loading=\"lazy\" decoding=\"async\" class=\"size-full wp-image-8627 aligncenter\" src=\"http:\/\/www.arnaudom.fr\/wordpress\/wp-content\/uploads\/2022\/04\/isis065.jpg\" alt=\"\" width=\"955\" height=\"624\" srcset=\"https:\/\/www.arnaudom.fr\/wordpress\/wp-content\/uploads\/2022\/04\/isis065.jpg 955w, https:\/\/www.arnaudom.fr\/wordpress\/wp-content\/uploads\/2022\/04\/isis065-300x196.jpg 300w, https:\/\/www.arnaudom.fr\/wordpress\/wp-content\/uploads\/2022\/04\/isis065-768x502.jpg 768w\" sizes=\"auto, (max-width: 955px) 100vw, 955px\" \/><\/span><\/p>\n<p><span style=\"color: #000000;\"><b>Important <\/b>: c&rsquo;est maintenant qu&rsquo;il faut remplir la case <b>R\u00e9ponse instrument<\/b> avec le nom de notre r\u00e9ponse instrumentale sauvegard\u00e9e auparavant, en l&rsquo;occurrence ici <b>rihd65900<\/b>.<\/span><\/p>\n<p><span style=\"color: #000000;\"> <img loading=\"lazy\" decoding=\"async\" class=\"size-full wp-image-8629 aligncenter\" src=\"http:\/\/www.arnaudom.fr\/wordpress\/wp-content\/uploads\/2022\/04\/isis066.jpg\" alt=\"\" width=\"366\" height=\"181\" srcset=\"https:\/\/www.arnaudom.fr\/wordpress\/wp-content\/uploads\/2022\/04\/isis066.jpg 366w, https:\/\/www.arnaudom.fr\/wordpress\/wp-content\/uploads\/2022\/04\/isis066-300x148.jpg 300w\" sizes=\"auto, (max-width: 366px) 100vw, 366px\" \/><\/span><span style=\"color: #000000;\">On va maintenant dans l&rsquo;onglet <b>Go<\/b> et on clique sur le bouton <b>Go<\/b> : ISIS recr\u00e9e le spectre de notre \u00e9toile, mais en le corrigeant cette fois par la r\u00e9ponse instrumentale. En cliquant sur&nbsp; le bouton <b>Voir le profil<\/b>, on peut observer maintenant le spectre corrig\u00e9 de l&rsquo;\u00e9toile hd65900 : sa forme a singuli\u00e8rement chang\u00e9 !<\/span><\/p>\n<p><img loading=\"lazy\" decoding=\"async\" class=\"size-full wp-image-8631 aligncenter\" src=\"http:\/\/www.arnaudom.fr\/wordpress\/wp-content\/uploads\/2022\/04\/isis067.jpg\" alt=\"\" width=\"951\" height=\"625\" srcset=\"https:\/\/www.arnaudom.fr\/wordpress\/wp-content\/uploads\/2022\/04\/isis067.jpg 951w, https:\/\/www.arnaudom.fr\/wordpress\/wp-content\/uploads\/2022\/04\/isis067-300x197.jpg 300w, https:\/\/www.arnaudom.fr\/wordpress\/wp-content\/uploads\/2022\/04\/isis067-768x505.jpg 768w\" sizes=\"auto, (max-width: 951px) 100vw, 951px\" \/><\/p>\n<p><span style=\"color: #000000;\">Cliquons comme pr\u00e9c\u00e9demment sur le bouton <b>Comparer<\/b>, puis comparons le avec le profil <b>A0V<\/b> : <br><\/span><\/p>\n<p><span style=\"color: #000000;\"> <img loading=\"lazy\" decoding=\"async\" class=\"size-full wp-image-8632 aligncenter\" src=\"http:\/\/www.arnaudom.fr\/wordpress\/wp-content\/uploads\/2022\/04\/isis068.jpg\" alt=\"\" width=\"960\" height=\"626\" srcset=\"https:\/\/www.arnaudom.fr\/wordpress\/wp-content\/uploads\/2022\/04\/isis068.jpg 960w, https:\/\/www.arnaudom.fr\/wordpress\/wp-content\/uploads\/2022\/04\/isis068-300x196.jpg 300w, https:\/\/www.arnaudom.fr\/wordpress\/wp-content\/uploads\/2022\/04\/isis068-768x501.jpg 768w\" sizes=\"auto, (max-width: 960px) 100vw, 960px\" \/><\/span><\/p>\n<p><span style=\"color: #000000;\">Cette fois, les deux profils se ressemblent beaucoup plus ! Notre spectre, en bleu, suit globalement le spectre th\u00e9orique, en rouge. <br><\/span><span style=\"color: #000000;\">Nous avons obtenu un spectre qui correspond maintenant au spectre r\u00e9el de l&rsquo;\u00e9toile, et \u00e9ventuellement nous pouvons faire quelques observations scientifiques sur ce profil-l\u00e0 !<br>On peut constater \u00e9galement que les positions des principales raies en absorption (H-delta, H-gamma et H-b\u00e9ta) de notre spectre correspondent \u00e0 celles du spectre th\u00e9orique. <\/span><span style=\"color: #000000;\"><img loading=\"lazy\" decoding=\"async\" class=\"size-full wp-image-8634 aligncenter\" src=\"http:\/\/www.arnaudom.fr\/wordpress\/wp-content\/uploads\/2022\/04\/isis069.jpg\" alt=\"\" width=\"954\" height=\"624\" srcset=\"https:\/\/www.arnaudom.fr\/wordpress\/wp-content\/uploads\/2022\/04\/isis069.jpg 954w, https:\/\/www.arnaudom.fr\/wordpress\/wp-content\/uploads\/2022\/04\/isis069-300x196.jpg 300w, https:\/\/www.arnaudom.fr\/wordpress\/wp-content\/uploads\/2022\/04\/isis069-768x502.jpg 768w\" sizes=\"auto, (max-width: 954px) 100vw, 954px\" \/><img loading=\"lazy\" decoding=\"async\" class=\"size-full wp-image-8635 aligncenter\" src=\"http:\/\/www.arnaudom.fr\/wordpress\/wp-content\/uploads\/2022\/04\/isis070.jpg\" alt=\"\" width=\"948\" height=\"624\" srcset=\"https:\/\/www.arnaudom.fr\/wordpress\/wp-content\/uploads\/2022\/04\/isis070.jpg 948w, https:\/\/www.arnaudom.fr\/wordpress\/wp-content\/uploads\/2022\/04\/isis070-300x197.jpg 300w, https:\/\/www.arnaudom.fr\/wordpress\/wp-content\/uploads\/2022\/04\/isis070-768x506.jpg 768w\" sizes=\"auto, (max-width: 948px) 100vw, 948px\" \/><\/span><\/p>\n<p><span style=\"color: #000000;\">La faiblesse de sensibilit\u00e9 dans le bleu et le rouge du syst\u00e8me d&rsquo;acquisition se voit aux extr\u00e9mit\u00e9s du profil, o\u00f9 les raies ne correspondent plus ou sont absentes. De m\u00eame le manque de r\u00e9solution du Star Analyser se voit dans la profondeur des raies qui sont moins creus\u00e9es que sur le spectre th\u00e9orique, mais \u00e0 part \u00e7a le r\u00e9sultat est plut\u00f4t satisfaisant, et on peut donc le sauvegarder !<br><\/span><\/p>\t\t\t\t\t<\/div>\n\t\t\t\t\t\t<\/div>\n\t\t\t\t<\/div>\n\t\t\t\t<div class=\"elementor-element elementor-element-fa29574 elementor-widget elementor-widget-heading\" data-id=\"fa29574\" data-element_type=\"widget\" data-widget_type=\"heading.default\">\n\t\t\t\t<div class=\"elementor-widget-container\">\n\t\t\t<h2 class=\"elementor-heading-title elementor-size-default\">Corriger le spectre d'une \u00e9toile quelconque<\/h2>\t\t<\/div>\n\t\t\t\t<\/div>\n\t\t\t\t<div class=\"elementor-element elementor-element-8bc56d5 elementor-drop-cap-yes elementor-drop-cap-view-default elementor-widget elementor-widget-text-editor\" data-id=\"8bc56d5\" data-element_type=\"widget\" data-settings=\"{&quot;drop_cap&quot;:&quot;yes&quot;}\" data-widget_type=\"text-editor.default\">\n\t\t\t\t<div class=\"elementor-widget-container\">\n\t\t\t\t\t\t\t\t<div class=\"elementor-text-editor elementor-clearfix\">\n\t\t\t\t<p><span style=\"color: #000000;\">Il suffit d\u00e9sormais d&rsquo;utiliser la r\u00e9ponse instrumentale pour corriger les spectres des autres \u00e9toiles dont on aurait fait l&rsquo;acquisition avec le m\u00eame setup, de pr\u00e9f\u00e9rence le m\u00eame soir afin de profiter de conditions atmosph\u00e9riques similaires et dans l&rsquo;id\u00e9al qui se trouvent \u00e0 peu pr\u00e8s \u00e0 la m\u00eame hauteur dans le ciel car le spectre acquis d\u00e9pend aussi de l&rsquo;\u00e9paisseur de l&rsquo;atmosph\u00e8re que la lumi\u00e8re de l&rsquo;\u00e9toile traverse&#8230;<br>Mon objectif initial \u00e9tant de produire un spectre de l&rsquo;\u00e9toile <b>Procyon<\/b>, c&rsquo;est dans ce but que j&rsquo;ai choisi au d\u00e9part l&rsquo;\u00e9toile <b>HD 65900<\/b> car son spectre est de type A et l&rsquo;\u00e9toile en question est toute proche de Procyon dans le ciel, donc \u00e0 une hauteur \u00e9quivalente.<\/span><\/p>\n<p><span style=\"color: #000000;\">Le processus va maintenant \u00eatre tr\u00e8s rapide : on retourne dans l&rsquo;onglet <b>G\u00e9n\u00e9ral<\/b>, et l&rsquo;on remplit cette fois les cases avec les noms de fichiers correspondants \u00e0 Procyon (on suppose bien s\u00fbr que l&rsquo;on a auparavant produit un spectre \u00e9talonn\u00e9 de Procyon en suivant la proc\u00e9dure d\u00e9crite dans <a href=\"http:\/\/www.arnaudom.fr\/wordpress\/spectrebrutfin\/\" target=\"_blank\">l&rsquo;article pr\u00e9c\u00e9dent<\/a>, car c&rsquo;est ainsi que sont cr\u00e9\u00e9s les fichiers en question). Dans <b>Nom racine<\/b> on entre <b>procyon-<\/b>, dans <b>Objet<\/b> on entre <b>Procyon<\/b> et surtout dans <b>Nom g\u00e9n\u00e9rique<\/b> on entre <b>@procyon-<\/b> (toujours avec l&rsquo;arobase <b>@<\/b>) ! La case <b>R\u00e9ponse instrument<\/b> contient toujours le nom de la r\u00e9ponse instrumentale.<\/span><\/p>\n<p><span style=\"color: #000000;\"> <img loading=\"lazy\" decoding=\"async\" class=\"size-full wp-image-8647 aligncenter\" src=\"http:\/\/www.arnaudom.fr\/wordpress\/wp-content\/uploads\/2022\/04\/isis071.jpg\" alt=\"\" width=\"955\" height=\"629\" srcset=\"https:\/\/www.arnaudom.fr\/wordpress\/wp-content\/uploads\/2022\/04\/isis071.jpg 955w, https:\/\/www.arnaudom.fr\/wordpress\/wp-content\/uploads\/2022\/04\/isis071-300x198.jpg 300w, https:\/\/www.arnaudom.fr\/wordpress\/wp-content\/uploads\/2022\/04\/isis071-768x506.jpg 768w\" sizes=\"auto, (max-width: 955px) 100vw, 955px\" \/><\/span><\/p>\n<p><span style=\"color: #000000;\">Dans l&rsquo;onglet <b>Go,<\/b> on clique sur le bouton <b>Go <\/b>puis sur <b>Voir le profil<\/b>, et on a ainsi cr\u00e9\u00e9 le profil corrig\u00e9 de Procyon.<\/span><\/p>\n<p><span style=\"color: #000000;\"><img loading=\"lazy\" decoding=\"async\" class=\"size-full wp-image-8650 aligncenter\" src=\"http:\/\/www.arnaudom.fr\/wordpress\/wp-content\/uploads\/2022\/04\/isis072.jpg\" alt=\"\" width=\"956\" height=\"621\" srcset=\"https:\/\/www.arnaudom.fr\/wordpress\/wp-content\/uploads\/2022\/04\/isis072.jpg 956w, https:\/\/www.arnaudom.fr\/wordpress\/wp-content\/uploads\/2022\/04\/isis072-300x195.jpg 300w, https:\/\/www.arnaudom.fr\/wordpress\/wp-content\/uploads\/2022\/04\/isis072-768x499.jpg 768w\" sizes=\"auto, (max-width: 956px) 100vw, 956px\" \/>&nbsp;<\/span><\/p>\n<p><span style=\"color: #000000;\">Procyon a un spectre de type <b>F5IV<\/b>, on peut donc, comme pour HD 65900, comparer notre spectre avec ce spectre th\u00e9orique en utilisant le bouton <b>Comparer<\/b> :<br><\/span><\/p>\n<p><span style=\"color: #000000;\"> <img loading=\"lazy\" decoding=\"async\" class=\"size-full wp-image-8652 aligncenter\" src=\"http:\/\/www.arnaudom.fr\/wordpress\/wp-content\/uploads\/2022\/04\/isis073.jpg\" alt=\"\" width=\"951\" height=\"626\" srcset=\"https:\/\/www.arnaudom.fr\/wordpress\/wp-content\/uploads\/2022\/04\/isis073.jpg 951w, https:\/\/www.arnaudom.fr\/wordpress\/wp-content\/uploads\/2022\/04\/isis073-300x197.jpg 300w, https:\/\/www.arnaudom.fr\/wordpress\/wp-content\/uploads\/2022\/04\/isis073-768x506.jpg 768w\" sizes=\"auto, (max-width: 951px) 100vw, 951px\" \/><\/span><\/p>\n<p><span style=\"color: #000000;\">Voil\u00e0, nous savons maintenant comment cr\u00e9er la r\u00e9ponse instrumentale de notre \u00e9quipement et comment l&rsquo;utiliser pour corriger un spectre d&rsquo;\u00e9toile. Dans ces pages j&rsquo;ai utilis\u00e9 une \u00e9toile de r\u00e9f\u00e9rence pour obtenir le spectre corrig\u00e9 de Procyon. En pratique il est possible de choisir une \u00e9toile de r\u00e9f\u00e9rence pour obtenir le spectre de plusieurs \u00e9toiles \u00e0 la fois, il suffit de se servir de l&rsquo;\u00e9toile de r\u00e9f\u00e9rence pour cr\u00e9er la loi de dispersion avec ISIS puis la r\u00e9ponse instrumentale, et ensuite on peut directement cr\u00e9er les spectres corrig\u00e9s des autres \u00e9toiles, la proc\u00e9dure est rapide et syst\u00e9matique.<\/span><\/p>\t\t\t\t\t<\/div>\n\t\t\t\t\t\t<\/div>\n\t\t\t\t<\/div>\n\t\t\t\t<div class=\"elementor-element elementor-element-f3b8d17 elementor-widget elementor-widget-heading\" data-id=\"f3b8d17\" data-element_type=\"widget\" data-widget_type=\"heading.default\">\n\t\t\t\t<div class=\"elementor-widget-container\">\n\t\t\t<h2 class=\"elementor-heading-title elementor-size-default\">Utilit\u00e9 du spectre corrig\u00e9<\/h2>\t\t<\/div>\n\t\t\t\t<\/div>\n\t\t\t\t<div class=\"elementor-element elementor-element-b46a203 elementor-drop-cap-yes elementor-drop-cap-view-default elementor-widget elementor-widget-text-editor\" data-id=\"b46a203\" data-element_type=\"widget\" data-settings=\"{&quot;drop_cap&quot;:&quot;yes&quot;}\" data-widget_type=\"text-editor.default\">\n\t\t\t\t<div class=\"elementor-widget-container\">\n\t\t\t\t\t\t\t\t<div class=\"elementor-text-editor elementor-clearfix\">\n\t\t\t\t<p><span style=\"color: #000000;\">Cr\u00e9er un spectre corrig\u00e9 de la r\u00e9ponse instrumentale \u00e0 partir d&rsquo;acquisitions faites au Star Analyser permet d&rsquo;obtenir un spectre qui se rapproche de ce que peuvent produire des spectroscopes plus performants et les astronomes professionnels. Cela est d\u00e9j\u00e0 une satisfaction en soit <img loading=\"lazy\" decoding=\"async\" class=\"alignnone size-full wp-image-7956\" src=\"http:\/\/www.arnaudom.fr\/wordpress\/wp-content\/uploads\/2022\/02\/smclin.gif\" alt=\"\" width=\"18\" height=\"18\" \/> !<br \/>Ensuite on peut les utiliser pour une initiation \u00e0 des observations scientifiques, et si on envisage dans l&rsquo;avenir d&rsquo;investir dans un \u00ab\u00a0vrai\u00a0\u00bb spectroscope, voire de se lancer dans des observations spectroscopiques plus pouss\u00e9es, cet apprentissage sera une base non n\u00e9gligeable pour aller plus loin.<br \/>Enfin, il est possible \u00e0 partir de ces spectres corrig\u00e9s de se livrer \u00e0 une premi\u00e8re d\u00e9marche scientifique, \u00e0 savoir l&rsquo;estimation de la temp\u00e9rature d&rsquo;une \u00e9toile. Ceci peut \u00eatre fait facilement \u00e0 l&rsquo;aide du logiciel <a href=\"http:\/\/www.astrosurf.com\/vdesnoux\/\" target=\"_blank\" rel=\"noopener\">VisualSpec<\/a> et des spectres obtenus avec le Star Analyser. J&rsquo;essaierai de d\u00e9crire cette manipulation dans un prochain article. Ceci pourra peut-\u00eatre vous donner le go\u00fbt de vous lancer dans une v\u00e9ritable pratique de spectroscopie scientifique !<\/span><\/p>\t\t\t\t\t<\/div>\n\t\t\t\t\t\t<\/div>\n\t\t\t\t<\/div>\n\t\t\t\t\t\t<\/div>\n\t\t\t\t\t<\/div>\n\t\t<\/div>\n\t\t\t\t\t\t\t\t<\/div>\n\t\t\t\t\t<\/div>\n\t\t<\/section>\n\t\t\t\t<section class=\"elementor-section elementor-top-section elementor-element elementor-element-87fc01e elementor-section-boxed elementor-section-height-default elementor-section-height-default\" data-id=\"87fc01e\" data-element_type=\"section\">\n\t\t\t\t\t\t<div class=\"elementor-container elementor-column-gap-default\">\n\t\t\t\t\t\t\t<div class=\"elementor-row\">\n\t\t\t\t\t<div class=\"elementor-column elementor-col-100 elementor-top-column elementor-element elementor-element-34f023f\" data-id=\"34f023f\" data-element_type=\"column\">\n\t\t\t<div class=\"elementor-column-wrap elementor-element-populated\">\n\t\t\t\t\t\t\t<div class=\"elementor-widget-wrap\">\n\t\t\t\t\t\t<div class=\"elementor-element elementor-element-62ce660 elementor-align-center elementor-widget elementor-widget-button\" data-id=\"62ce660\" data-element_type=\"widget\" data-widget_type=\"button.default\">\n\t\t\t\t<div class=\"elementor-widget-container\">\n\t\t\t\t\t<div class=\"elementor-button-wrapper\">\n\t\t\t<a href=\"http:\/\/www.arnaudom.fr\/wordpress\/spectreri\" class=\"elementor-button-link elementor-button elementor-size-sm\" role=\"button\">\n\t\t\t\t\t\t<span class=\"elementor-button-content-wrapper\">\n\t\t\t\t\t\t\t<span class=\"elementor-button-icon elementor-align-icon-left\">\n\t\t\t\t<i aria-hidden=\"true\" class=\"fas fa-arrow-left\"><\/i>\t\t\t<\/span>\n\t\t\t\t\t\t<span class=\"elementor-button-text\">Cr\u00e9er la r\u00e9ponse instrumentale<\/span>\n\t\t<\/span>\n\t\t\t\t\t<\/a>\n\t\t<\/div>\n\t\t\t\t<\/div>\n\t\t\t\t<\/div>\n\t\t\t\t\t\t<\/div>\n\t\t\t\t\t<\/div>\n\t\t<\/div>\n\t\t\t\t\t\t\t\t<\/div>\n\t\t\t\t\t<\/div>\n\t\t<\/section>\n\t\t\t\t\t\t\t\t\t<\/div>\n\t\t\t<\/div>\n\t\t\t\t\t<\/div>\n\t\t","protected":false},"excerpt":{"rendered":"<p>Corriger un spectre (2\/2) Corriger le spectre de l&rsquo;\u00e9toile de r\u00e9f\u00e9rence Allons maintenant dans l&rsquo;onglet G\u00e9n\u00e9ral : on remplit Nom racine avec hd65900- puis Objet avec hd65900.Dans Nom g\u00e9n\u00e9rique on entre @hd65900- en n&rsquo;oubliant pas l&rsquo;arobase @ qui indique que l&rsquo;on va utiliser les images redress\u00e9es et recadr\u00e9es pour cr\u00e9er le spectre. La case Loi &hellip;<\/p>\n<p class=\"read-more\"> <a class=\"\" href=\"https:\/\/www.arnaudom.fr\/wordpress\/spectrerisuite\/\"> <span class=\"screen-reader-text\">spectrerisuite<\/span> Lire la suite\u00a0\u00bb<\/a><\/p>\n","protected":false},"author":1,"featured_media":0,"parent":0,"menu_order":0,"comment_status":"closed","ping_status":"closed","template":"","meta":{"site-sidebar-layout":"default","site-content-layout":"default","ast-site-content-layout":"","site-content-style":"default","site-sidebar-style":"default","ast-global-header-display":"","ast-banner-title-visibility":"","ast-main-header-display":"","ast-hfb-above-header-display":"","ast-hfb-below-header-display":"","ast-hfb-mobile-header-display":"","site-post-title":"disabled","ast-breadcrumbs-content":"","ast-featured-img":"disabled","footer-sml-layout":"","theme-transparent-header-meta":"default","adv-header-id-meta":"","stick-header-meta":"","header-above-stick-meta":"","header-main-stick-meta":"","header-below-stick-meta":"","astra-migrate-meta-layouts":"","ast-page-background-enabled":"default","ast-page-background-meta":{"desktop":{"background-color":"","background-image":"","background-repeat":"repeat","background-position":"center center","background-size":"auto","background-attachment":"scroll","background-type":"","background-media":"","overlay-type":"","overlay-color":"","overlay-gradient":""},"tablet":{"background-color":"","background-image":"","background-repeat":"repeat","background-position":"center center","background-size":"auto","background-attachment":"scroll","background-type":"","background-media":"","overlay-type":"","overlay-color":"","overlay-gradient":""},"mobile":{"background-color":"","background-image":"","background-repeat":"repeat","background-position":"center center","background-size":"auto","background-attachment":"scroll","background-type":"","background-media":"","overlay-type":"","overlay-color":"","overlay-gradient":""}},"ast-content-background-meta":{"desktop":{"background-color":"var(--ast-global-color-5)","background-image":"","background-repeat":"repeat","background-position":"center center","background-size":"auto","background-attachment":"scroll","background-type":"","background-media":"","overlay-type":"","overlay-color":"","overlay-gradient":""},"tablet":{"background-color":"var(--ast-global-color-5)","background-image":"","background-repeat":"repeat","background-position":"center center","background-size":"auto","background-attachment":"scroll","background-type":"","background-media":"","overlay-type":"","overlay-color":"","overlay-gradient":""},"mobile":{"background-color":"var(--ast-global-color-5)","background-image":"","background-repeat":"repeat","background-position":"center center","background-size":"auto","background-attachment":"scroll","background-type":"","background-media":"","overlay-type":"","overlay-color":"","overlay-gradient":""}},"footnotes":""},"class_list":["post-8618","page","type-page","status-publish","hentry"],"_links":{"self":[{"href":"https:\/\/www.arnaudom.fr\/wordpress\/wp-json\/wp\/v2\/pages\/8618","targetHints":{"allow":["GET"]}}],"collection":[{"href":"https:\/\/www.arnaudom.fr\/wordpress\/wp-json\/wp\/v2\/pages"}],"about":[{"href":"https:\/\/www.arnaudom.fr\/wordpress\/wp-json\/wp\/v2\/types\/page"}],"author":[{"embeddable":true,"href":"https:\/\/www.arnaudom.fr\/wordpress\/wp-json\/wp\/v2\/users\/1"}],"replies":[{"embeddable":true,"href":"https:\/\/www.arnaudom.fr\/wordpress\/wp-json\/wp\/v2\/comments?post=8618"}],"version-history":[{"count":27,"href":"https:\/\/www.arnaudom.fr\/wordpress\/wp-json\/wp\/v2\/pages\/8618\/revisions"}],"predecessor-version":[{"id":8691,"href":"https:\/\/www.arnaudom.fr\/wordpress\/wp-json\/wp\/v2\/pages\/8618\/revisions\/8691"}],"wp:attachment":[{"href":"https:\/\/www.arnaudom.fr\/wordpress\/wp-json\/wp\/v2\/media?parent=8618"}],"curies":[{"name":"wp","href":"https:\/\/api.w.org\/{rel}","templated":true}]}}