{"id":8571,"date":"2022-04-26T09:13:22","date_gmt":"2022-04-26T07:13:22","guid":{"rendered":"http:\/\/www.arnaudom.fr\/wordpress\/?page_id=8571"},"modified":"2022-05-02T07:23:07","modified_gmt":"2022-05-02T05:23:07","slug":"spectreri","status":"publish","type":"page","link":"https:\/\/www.arnaudom.fr\/wordpress\/spectreri\/","title":{"rendered":"spectreri"},"content":{"rendered":"\t\t<div data-elementor-type=\"wp-page\" data-elementor-id=\"8571\" class=\"elementor elementor-8571\">\n\t\t\t\t\t\t<div class=\"elementor-inner\">\n\t\t\t\t<div class=\"elementor-section-wrap\">\n\t\t\t\t\t\t\t\t\t<section class=\"elementor-section elementor-top-section elementor-element elementor-element-1ee1c959 elementor-section-full_width elementor-section-height-default elementor-section-height-default\" data-id=\"1ee1c959\" data-element_type=\"section\" data-settings=\"{&quot;background_background&quot;:&quot;classic&quot;}\">\n\t\t\t\t\t\t<div class=\"elementor-container elementor-column-gap-default\">\n\t\t\t\t\t\t\t<div class=\"elementor-row\">\n\t\t\t\t\t<div class=\"elementor-column elementor-col-100 elementor-top-column elementor-element elementor-element-666e83bc\" data-id=\"666e83bc\" data-element_type=\"column\" data-settings=\"{&quot;background_background&quot;:&quot;classic&quot;}\">\n\t\t\t<div class=\"elementor-column-wrap elementor-element-populated\">\n\t\t\t\t\t\t\t<div class=\"elementor-widget-wrap\">\n\t\t\t\t\t\t<div class=\"elementor-element elementor-element-9e5dd3a elementor-widget elementor-widget-heading\" data-id=\"9e5dd3a\" data-element_type=\"widget\" data-widget_type=\"heading.default\">\n\t\t\t\t<div class=\"elementor-widget-container\">\n\t\t\t<h1 class=\"elementor-heading-title elementor-size-default\">Corriger un spectre (1\/2)<\/h1>\t\t<\/div>\n\t\t\t\t<\/div>\n\t\t\t\t<div class=\"elementor-element elementor-element-2340667 elementor-drop-cap-yes elementor-drop-cap-view-default elementor-widget elementor-widget-text-editor\" data-id=\"2340667\" data-element_type=\"widget\" data-settings=\"{&quot;drop_cap&quot;:&quot;yes&quot;}\" data-widget_type=\"text-editor.default\">\n\t\t\t\t<div class=\"elementor-widget-container\">\n\t\t\t\t\t\t\t\t<div class=\"elementor-text-editor elementor-clearfix\">\n\t\t\t\t<p><i><span style=\"color: #000000;\">Ecrit le 20\/04\/2022<\/span><\/i><\/p>\t\t\t\t\t<\/div>\n\t\t\t\t\t\t<\/div>\n\t\t\t\t<\/div>\n\t\t\t\t<div class=\"elementor-element elementor-element-521d03b elementor-widget elementor-widget-heading\" data-id=\"521d03b\" data-element_type=\"widget\" data-widget_type=\"heading.default\">\n\t\t\t\t<div class=\"elementor-widget-container\">\n\t\t\t<h2 class=\"elementor-heading-title elementor-size-default\">Cr\u00e9er la r\u00e9ponse instrumentale<\/h2>\t\t<\/div>\n\t\t\t\t<\/div>\n\t\t\t\t<div class=\"elementor-element elementor-element-63f4c0ff elementor-drop-cap-yes elementor-drop-cap-view-default elementor-widget elementor-widget-text-editor\" data-id=\"63f4c0ff\" data-element_type=\"widget\" data-settings=\"{&quot;drop_cap&quot;:&quot;yes&quot;}\" data-widget_type=\"text-editor.default\">\n\t\t\t\t<div class=\"elementor-widget-container\">\n\t\t\t\t\t\t\t\t<div class=\"elementor-text-editor elementor-clearfix\">\n\t\t\t\t<p><span style=\"color: #000000;\"><a href=\"http:\/\/www.arnaudom.fr\/wordpress\/spectrebrut\/\" target=\"_blank\">Dans l&rsquo;article pr\u00e9c\u00e9dent<\/a>, nous avons vu comment cr\u00e9er le spectre 1D d&rsquo;une \u00e9toile de r\u00e9f\u00e9rence, HD 65900, et comment l&rsquo;\u00e9talonner en longueur d&rsquo;onde. Nous allons voir maintenant comment cr\u00e9er ce qu&rsquo;on appelle la r\u00e9ponse instrumentale, qui va nous servir \u00e0 corriger ce spectre et les spectres d&rsquo;autres \u00e9toiles \u00e9ventuellement acquis avec le m\u00eame instrument et dans des conditions similaires.<br>On retourne donc dans le logiciel <b>ISIS<\/b> et dans l&rsquo;onglet <b>Profil<\/b> on affiche le spectre <b>\u00e9talonn\u00e9 en longueur d&rsquo;onde<\/b> de HD 65900<br><\/span><\/p>\n<p><img loading=\"lazy\" decoding=\"async\" class=\"size-full wp-image-8577 aligncenter\" src=\"http:\/\/www.arnaudom.fr\/wordpress\/wp-content\/uploads\/2022\/04\/isis048.jpg\" alt=\"\" width=\"951\" height=\"623\" srcset=\"https:\/\/www.arnaudom.fr\/wordpress\/wp-content\/uploads\/2022\/04\/isis048.jpg 951w, https:\/\/www.arnaudom.fr\/wordpress\/wp-content\/uploads\/2022\/04\/isis048-300x197.jpg 300w, https:\/\/www.arnaudom.fr\/wordpress\/wp-content\/uploads\/2022\/04\/isis048-768x503.jpg 768w\" sizes=\"auto, (max-width: 951px) 100vw, 951px\" \/><\/p>\n<p><span style=\"color: #000000;\">HD 65900 a \u00e9t\u00e9 choisie au d\u00e9part comme \u00e9toile de r\u00e9f\u00e9rence, en particulier parce qu&rsquo;il s&rsquo;agit d&rsquo;une \u00e9toile dont le spectre est de type A. Plus exactement, il s&rsquo;agit du type A1V. Nous allons commencer par chercher ce spectre dans la base de donn\u00e9es d&rsquo;ISIS, en cliquant sur <b>Database<\/b>, puis dans le menu d\u00e9roulant <b>Pickles<\/b>.<\/span><\/p>\n<p><img loading=\"lazy\" decoding=\"async\" class=\"size-full wp-image-8586 aligncenter\" src=\"http:\/\/www.arnaudom.fr\/wordpress\/wp-content\/uploads\/2022\/04\/isis049.jpg\" alt=\"\" width=\"829\" height=\"477\" srcset=\"https:\/\/www.arnaudom.fr\/wordpress\/wp-content\/uploads\/2022\/04\/isis049.jpg 829w, https:\/\/www.arnaudom.fr\/wordpress\/wp-content\/uploads\/2022\/04\/isis049-300x173.jpg 300w, https:\/\/www.arnaudom.fr\/wordpress\/wp-content\/uploads\/2022\/04\/isis049-768x442.jpg 768w\" sizes=\"auto, (max-width: 829px) 100vw, 829px\" \/><\/p>\n<p><span style=\"color: #000000;\">Bon, il se trouve que ce type de spectre, A1V, n&rsquo;existe pas dans la base de donn\u00e9es d&rsquo;ISIS&#8230; On va donc choisir un spectre de type proche, en l&rsquo;occurrence A0V, puis on clique sur <b>Afficher<\/b>.<\/span><\/p>\n<p><img loading=\"lazy\" decoding=\"async\" class=\"size-full wp-image-8588 aligncenter\" src=\"http:\/\/www.arnaudom.fr\/wordpress\/wp-content\/uploads\/2022\/04\/isis050.jpg\" alt=\"\" width=\"828\" height=\"474\" srcset=\"https:\/\/www.arnaudom.fr\/wordpress\/wp-content\/uploads\/2022\/04\/isis050.jpg 828w, https:\/\/www.arnaudom.fr\/wordpress\/wp-content\/uploads\/2022\/04\/isis050-300x172.jpg 300w, https:\/\/www.arnaudom.fr\/wordpress\/wp-content\/uploads\/2022\/04\/isis050-768x440.jpg 768w\" sizes=\"auto, (max-width: 828px) 100vw, 828px\" \/><\/p>\n<p><span style=\"color: #000000;\">Apr\u00e8s avoir ferm\u00e9 la fen\u00eatre on observe la forme th\u00e9orique du spectre d&rsquo;une \u00e9toile de ce type.<\/span><\/p>\n<p><img loading=\"lazy\" decoding=\"async\" class=\"size-full wp-image-8589 aligncenter\" src=\"http:\/\/www.arnaudom.fr\/wordpress\/wp-content\/uploads\/2022\/04\/isis051.jpg\" alt=\"\" width=\"948\" height=\"621\" srcset=\"https:\/\/www.arnaudom.fr\/wordpress\/wp-content\/uploads\/2022\/04\/isis051.jpg 948w, https:\/\/www.arnaudom.fr\/wordpress\/wp-content\/uploads\/2022\/04\/isis051-300x197.jpg 300w, https:\/\/www.arnaudom.fr\/wordpress\/wp-content\/uploads\/2022\/04\/isis051-768x503.jpg 768w\" sizes=\"auto, (max-width: 948px) 100vw, 948px\" \/><\/p>\n<p><span style=\"color: #000000;\">On voit une nette diff\u00e9rence avec le spectre que nous avons obtenu pour notre \u00e9toile&#8230; C&rsquo;est normal (si, si !).&nbsp; Nos acquisitions sont affect\u00e9es \u00e0 la fois par la sensibilit\u00e9 du capteur de la cam\u00e9ra qui varie en fonction de la longueur d&rsquo;onde photographi\u00e9e (le capteur est moins sensible dans le bleu et dans le rouge que dans le vert) et par la hauteur de l&rsquo;\u00e9toile dans le ciel et les conditions atmosph\u00e9riques. A l&rsquo;acquisition, nous avons captur\u00e9 ces \u00ab\u00a0imperfections\u00a0\u00bb et nous allons nous servir de ces diff\u00e9rences avec le spectre th\u00e9orique pour cr\u00e9er la r\u00e9ponse instrumentale, qui va en quelque sorte \u00eatre une mod\u00e9lisation des imperfections en question et que l&rsquo;on pourra utiliser ensuite pour corriger nos spectres (un peu comme en imagerie astronomique quand on corrige les d\u00e9fauts d&rsquo;une image par soustraction d&rsquo;un masterdark qui contient les pixels chauds de l&rsquo;image ou par division par un masterflat qui en contient les d\u00e9fauts d&rsquo;uniformit\u00e9&#8230;).<br>Commen\u00e7ons par enregistrer le spectre th\u00e9orique en cliquant sur le bouton <b>Sauver<\/b> puis en le nommant <b>A0v<\/b> par exemple :<\/span><\/p>\n<p><img loading=\"lazy\" decoding=\"async\" class=\"size-full wp-image-8590 aligncenter\" src=\"http:\/\/www.arnaudom.fr\/wordpress\/wp-content\/uploads\/2022\/04\/isis052.jpg\" alt=\"\" width=\"426\" height=\"170\" srcset=\"https:\/\/www.arnaudom.fr\/wordpress\/wp-content\/uploads\/2022\/04\/isis052.jpg 426w, https:\/\/www.arnaudom.fr\/wordpress\/wp-content\/uploads\/2022\/04\/isis052-300x120.jpg 300w\" sizes=\"auto, (max-width: 426px) 100vw, 426px\" \/><\/p>\n<p><span style=\"color: #000000;\">On r\u00e9-affiche \u00e0 nouveau le spectre de HD 65900 en cliquant sur le bouton <b>Afficher<\/b>, puis on clique maintenant sur le bouton <b>Comparer<\/b>. Dans <b>Spectre \u00e0 comparer <\/b>s\u00e9lectionner le nom du spectre th\u00e9orique sauvegard\u00e9 pr\u00e9c\u00e9demment, ici <b>A0v<\/b>, puis cliquer sur le bouton <b>Comparer<\/b> de la fen\u00eatre.<\/span><\/p>\n<p><img loading=\"lazy\" decoding=\"async\" class=\"size-full wp-image-8591 aligncenter\" src=\"http:\/\/www.arnaudom.fr\/wordpress\/wp-content\/uploads\/2022\/04\/isis053.jpg\" alt=\"\" width=\"1311\" height=\"863\" srcset=\"https:\/\/www.arnaudom.fr\/wordpress\/wp-content\/uploads\/2022\/04\/isis053.jpg 1311w, https:\/\/www.arnaudom.fr\/wordpress\/wp-content\/uploads\/2022\/04\/isis053-300x197.jpg 300w, https:\/\/www.arnaudom.fr\/wordpress\/wp-content\/uploads\/2022\/04\/isis053-1024x674.jpg 1024w, https:\/\/www.arnaudom.fr\/wordpress\/wp-content\/uploads\/2022\/04\/isis053-768x506.jpg 768w\" sizes=\"auto, (max-width: 1311px) 100vw, 1311px\" \/><\/p>\n<p><span style=\"color: #000000;\">En rouge appara\u00eet le spectre A0V, et en bleu notre spectre de HD 65900 (il faut jouer avec la valeur de la borne sup\u00e9rieure, l&rsquo;affichage des spectres ou encore normaliser le spectre de d\u00e9part pour mieux visualiser la comparaison des deux spectres, bien que ce ne soit pas ce qui nous int\u00e9resse directement ici). La r\u00e9ponse instrumentale s&rsquo;obtient en divisant le spectre acquis par le spectre th\u00e9orique. Pour cela, il suffit de cocher la case <b>Afficher le rapport<\/b> (entendre \u00ab\u00a0rapport\u00a0\u00bb dans le sens division), puis de <b>recliquer<\/b> sur le bouton <b>Comparer<\/b>. La r\u00e9sultat de la division s&rsquo;affiche en noir \u00e0 l&rsquo;\u00e9cran.<\/span><\/p>\n<p><span style=\"color: #000000;\"><img loading=\"lazy\" decoding=\"async\" class=\"size-full wp-image-8597 aligncenter\" src=\"http:\/\/www.arnaudom.fr\/wordpress\/wp-content\/uploads\/2022\/04\/isis054.jpg\" alt=\"\" width=\"966\" height=\"729\" srcset=\"https:\/\/www.arnaudom.fr\/wordpress\/wp-content\/uploads\/2022\/04\/isis054.jpg 966w, https:\/\/www.arnaudom.fr\/wordpress\/wp-content\/uploads\/2022\/04\/isis054-300x226.jpg 300w, https:\/\/www.arnaudom.fr\/wordpress\/wp-content\/uploads\/2022\/04\/isis054-768x580.jpg 768w\" sizes=\"auto, (max-width: 966px) 100vw, 966px\" \/><\/span><\/p>\n<p><span style=\"color: #000000;\">On clique sur le bouton <b>OK<\/b> pour voir s&rsquo;afficher maintenant uniquement ce spectre, qui commence \u00e0 ressembler \u00e0 la r\u00e9ponse instrumentale que nous voulons obtenir.<\/span><\/p>\n<p><img loading=\"lazy\" decoding=\"async\" class=\"size-full wp-image-8598 aligncenter\" src=\"http:\/\/www.arnaudom.fr\/wordpress\/wp-content\/uploads\/2022\/04\/isis055.jpg\" alt=\"\" width=\"972\" height=\"728\" srcset=\"https:\/\/www.arnaudom.fr\/wordpress\/wp-content\/uploads\/2022\/04\/isis055.jpg 972w, https:\/\/www.arnaudom.fr\/wordpress\/wp-content\/uploads\/2022\/04\/isis055-300x225.jpg 300w, https:\/\/www.arnaudom.fr\/wordpress\/wp-content\/uploads\/2022\/04\/isis055-768x575.jpg 768w\" sizes=\"auto, (max-width: 972px) 100vw, 972px\" \/><\/p>\n<p><span style=\"color: #000000;\">&nbsp;On clique maintenant sur le bouton <b>Continuum<\/b> : <br><\/span><\/p>\n<p><span style=\"color: #000000;\"><img loading=\"lazy\" decoding=\"async\" class=\"size-full wp-image-8602 aligncenter\" src=\"http:\/\/www.arnaudom.fr\/wordpress\/wp-content\/uploads\/2022\/04\/isis056.jpg\" alt=\"\" width=\"969\" height=\"722\" srcset=\"https:\/\/www.arnaudom.fr\/wordpress\/wp-content\/uploads\/2022\/04\/isis056.jpg 969w, https:\/\/www.arnaudom.fr\/wordpress\/wp-content\/uploads\/2022\/04\/isis056-300x224.jpg 300w, https:\/\/www.arnaudom.fr\/wordpress\/wp-content\/uploads\/2022\/04\/isis056-768x572.jpg 768w\" sizes=\"auto, (max-width: 969px) 100vw, 969px\" \/><\/span><\/p>\n<p><span style=\"color: #000000;\">Le but est maintenant d&rsquo;obtenir une courbe relativement lisse qui \u00e9pouse la forme globale de celle-ci, c&rsquo;est l&rsquo;objectif de cette fonctionnalit\u00e9. Pour cela, on commence par supprimer tous les \u00ab\u00a0pics\u00a0\u00bb qui se trouvent sur la courbe. Pour cela, on fait un double-clic une fois \u00e0 gauche du pic &#8230;<\/span><\/p>\n<p><span style=\"color: #000000;\"> <img loading=\"lazy\" decoding=\"async\" class=\"size-full wp-image-8603 aligncenter\" src=\"http:\/\/www.arnaudom.fr\/wordpress\/wp-content\/uploads\/2022\/04\/isis057.jpg\" alt=\"\" width=\"951\" height=\"718\" srcset=\"https:\/\/www.arnaudom.fr\/wordpress\/wp-content\/uploads\/2022\/04\/isis057.jpg 951w, https:\/\/www.arnaudom.fr\/wordpress\/wp-content\/uploads\/2022\/04\/isis057-300x226.jpg 300w, https:\/\/www.arnaudom.fr\/wordpress\/wp-content\/uploads\/2022\/04\/isis057-768x580.jpg 768w\" sizes=\"auto, (max-width: 951px) 100vw, 951px\" \/><br><\/span><\/p>\n<p><span style=\"color: #000000;\">&#8230; puis un double-clic \u00e0 droite :<\/span><\/p>\n<p><span style=\"color: #000000;\"> <img loading=\"lazy\" decoding=\"async\" class=\"size-full wp-image-8604 aligncenter\" src=\"http:\/\/www.arnaudom.fr\/wordpress\/wp-content\/uploads\/2022\/04\/isis058.jpg\" alt=\"\" width=\"968\" height=\"723\" srcset=\"https:\/\/www.arnaudom.fr\/wordpress\/wp-content\/uploads\/2022\/04\/isis058.jpg 968w, https:\/\/www.arnaudom.fr\/wordpress\/wp-content\/uploads\/2022\/04\/isis058-300x224.jpg 300w, https:\/\/www.arnaudom.fr\/wordpress\/wp-content\/uploads\/2022\/04\/isis058-768x574.jpg 768w\" sizes=\"auto, (max-width: 968px) 100vw, 968px\" \/><\/span><\/p>\n<p><span style=\"color: #000000;\">Le pic est effac\u00e9 :<\/span><\/p>\n<p><span style=\"color: #000000;\"> <img loading=\"lazy\" decoding=\"async\" class=\"size-full wp-image-8605 aligncenter\" src=\"http:\/\/www.arnaudom.fr\/wordpress\/wp-content\/uploads\/2022\/04\/isis059.jpg\" alt=\"\" width=\"969\" height=\"720\" srcset=\"https:\/\/www.arnaudom.fr\/wordpress\/wp-content\/uploads\/2022\/04\/isis059.jpg 969w, https:\/\/www.arnaudom.fr\/wordpress\/wp-content\/uploads\/2022\/04\/isis059-300x223.jpg 300w, https:\/\/www.arnaudom.fr\/wordpress\/wp-content\/uploads\/2022\/04\/isis059-768x571.jpg 768w\" sizes=\"auto, (max-width: 969px) 100vw, 969px\" \/><\/span><\/p>\n<p><span style=\"color: #000000;\">On proc\u00e8de de la m\u00eame fa\u00e7on pour supprimer tous les pics de la courbe :<\/span><\/p>\n<p><span style=\"color: #000000;\"> <img loading=\"lazy\" decoding=\"async\" class=\"size-full wp-image-8606 aligncenter\" src=\"http:\/\/www.arnaudom.fr\/wordpress\/wp-content\/uploads\/2022\/04\/isis060.jpg\" alt=\"\" width=\"870\" height=\"717\" srcset=\"https:\/\/www.arnaudom.fr\/wordpress\/wp-content\/uploads\/2022\/04\/isis060.jpg 870w, https:\/\/www.arnaudom.fr\/wordpress\/wp-content\/uploads\/2022\/04\/isis060-300x247.jpg 300w, https:\/\/www.arnaudom.fr\/wordpress\/wp-content\/uploads\/2022\/04\/isis060-768x633.jpg 768w\" sizes=\"auto, (max-width: 870px) 100vw, 870px\" \/><\/span><\/p>\n<p><span style=\"color: #000000;\">On va maintenant manipuler le curseur \u00e0 droite de la fen\u00eatre <b>Ajustement du continuum<\/b> afin de faire appara\u00eetre une courbe qui ajuste au mieux la courbe de d\u00e9part :<br><\/span><\/p>\n<p><img loading=\"lazy\" decoding=\"async\" class=\"size-full wp-image-8609 aligncenter\" src=\"http:\/\/www.arnaudom.fr\/wordpress\/wp-content\/uploads\/2022\/04\/isis061.jpg\" alt=\"\" width=\"1066\" height=\"726\" srcset=\"https:\/\/www.arnaudom.fr\/wordpress\/wp-content\/uploads\/2022\/04\/isis061.jpg 1066w, https:\/\/www.arnaudom.fr\/wordpress\/wp-content\/uploads\/2022\/04\/isis061-300x204.jpg 300w, https:\/\/www.arnaudom.fr\/wordpress\/wp-content\/uploads\/2022\/04\/isis061-1024x697.jpg 1024w, https:\/\/www.arnaudom.fr\/wordpress\/wp-content\/uploads\/2022\/04\/isis061-768x523.jpg 768w\" sizes=\"auto, (max-width: 1066px) 100vw, 1066px\" \/><\/p>\n<p><span style=\"color: #000000;\">La manipulation se fait un peu intuitivement, en observant le r\u00e9sultat \u00e0 l&rsquo;\u00e9cran. Pour affiner le r\u00e9sultat, j&rsquo;ai coch\u00e9 la case <b>x0.1<\/b> :<\/span><\/p>\n<p><img loading=\"lazy\" decoding=\"async\" class=\"size-full wp-image-8611 aligncenter\" src=\"http:\/\/www.arnaudom.fr\/wordpress\/wp-content\/uploads\/2022\/04\/isis062.jpg\" alt=\"\" width=\"1062\" height=\"723\" srcset=\"https:\/\/www.arnaudom.fr\/wordpress\/wp-content\/uploads\/2022\/04\/isis062.jpg 1062w, https:\/\/www.arnaudom.fr\/wordpress\/wp-content\/uploads\/2022\/04\/isis062-300x204.jpg 300w, https:\/\/www.arnaudom.fr\/wordpress\/wp-content\/uploads\/2022\/04\/isis062-1024x697.jpg 1024w, https:\/\/www.arnaudom.fr\/wordpress\/wp-content\/uploads\/2022\/04\/isis062-768x523.jpg 768w\" sizes=\"auto, (max-width: 1062px) 100vw, 1062px\" \/><\/p>\n<p><span style=\"color: #000000;\">Le but est d&rsquo;obtenir une courbe (en bleu) qui ajuste le plus possible la courbe initale (en rouge).<\/span><\/p>\n<p><img loading=\"lazy\" decoding=\"async\" class=\"size-full wp-image-8613 aligncenter\" src=\"http:\/\/www.arnaudom.fr\/wordpress\/wp-content\/uploads\/2022\/04\/isis063.jpg\" alt=\"\" width=\"1060\" height=\"726\" srcset=\"https:\/\/www.arnaudom.fr\/wordpress\/wp-content\/uploads\/2022\/04\/isis063.jpg 1060w, https:\/\/www.arnaudom.fr\/wordpress\/wp-content\/uploads\/2022\/04\/isis063-300x205.jpg 300w, https:\/\/www.arnaudom.fr\/wordpress\/wp-content\/uploads\/2022\/04\/isis063-1024x701.jpg 1024w, https:\/\/www.arnaudom.fr\/wordpress\/wp-content\/uploads\/2022\/04\/isis063-768x526.jpg 768w\" sizes=\"auto, (max-width: 1060px) 100vw, 1060px\" \/><\/p>\n<p><span style=\"color: #000000;\">Une fois un r\u00e9sultat satisfaisant obtenu, il ne reste plus qu&rsquo;\u00e0 cliquer sur <b>OK<\/b> pour afficher la courbe qui va repr\u00e9senter notre r\u00e9ponse instrumentale.<\/span><\/p>\n<p><img loading=\"lazy\" decoding=\"async\" class=\"size-full wp-image-8614 aligncenter\" src=\"http:\/\/www.arnaudom.fr\/wordpress\/wp-content\/uploads\/2022\/04\/isis064.jpg\" alt=\"\" width=\"973\" height=\"725\" srcset=\"https:\/\/www.arnaudom.fr\/wordpress\/wp-content\/uploads\/2022\/04\/isis064.jpg 973w, https:\/\/www.arnaudom.fr\/wordpress\/wp-content\/uploads\/2022\/04\/isis064-300x224.jpg 300w, https:\/\/www.arnaudom.fr\/wordpress\/wp-content\/uploads\/2022\/04\/isis064-768x572.jpg 768w\" sizes=\"auto, (max-width: 973px) 100vw, 973px\" \/><\/p>\n<p><span style=\"color: #000000;\">Apr\u00e8s ce travail, il faut penser \u00e0 sauvegarder notre courbe, ici je la sauvegarde en cliquant sur le bouton <b>Sauver<\/b> et je la nomme <b>rihd65900<\/b>. Le plus dur est fait, nous allons maintenant voir comment utiliser ce travail pour corriger les spectres que nous avons cr\u00e9\u00e9s auparavant.<\/span><\/p>\t\t\t\t\t<\/div>\n\t\t\t\t\t\t<\/div>\n\t\t\t\t<\/div>\n\t\t\t\t\t\t<\/div>\n\t\t\t\t\t<\/div>\n\t\t<\/div>\n\t\t\t\t\t\t\t\t<\/div>\n\t\t\t\t\t<\/div>\n\t\t<\/section>\n\t\t\t\t<section class=\"elementor-section elementor-top-section elementor-element elementor-element-ab1f1e0 elementor-section-boxed elementor-section-height-default elementor-section-height-default\" data-id=\"ab1f1e0\" data-element_type=\"section\">\n\t\t\t\t\t\t<div class=\"elementor-container elementor-column-gap-default\">\n\t\t\t\t\t\t\t<div class=\"elementor-row\">\n\t\t\t\t\t<div class=\"elementor-column elementor-col-100 elementor-top-column elementor-element elementor-element-9c22d30\" data-id=\"9c22d30\" data-element_type=\"column\">\n\t\t\t<div class=\"elementor-column-wrap elementor-element-populated\">\n\t\t\t\t\t\t\t<div class=\"elementor-widget-wrap\">\n\t\t\t\t\t\t<div class=\"elementor-element elementor-element-eb4afbf elementor-align-center elementor-widget elementor-widget-button\" data-id=\"eb4afbf\" data-element_type=\"widget\" data-widget_type=\"button.default\">\n\t\t\t\t<div class=\"elementor-widget-container\">\n\t\t\t\t\t<div class=\"elementor-button-wrapper\">\n\t\t\t<a href=\"http:\/\/www.arnaudom.fr\/wordpress\/spectrerisuite\/\" class=\"elementor-button-link elementor-button elementor-size-sm\" role=\"button\">\n\t\t\t\t\t\t<span class=\"elementor-button-content-wrapper\">\n\t\t\t\t\t\t\t<span class=\"elementor-button-icon elementor-align-icon-right\">\n\t\t\t\t<i aria-hidden=\"true\" class=\"fas fa-arrow-right\"><\/i>\t\t\t<\/span>\n\t\t\t\t\t\t<span class=\"elementor-button-text\">Utiliser la r\u00e9ponse instrumentale <\/span>\n\t\t<\/span>\n\t\t\t\t\t<\/a>\n\t\t<\/div>\n\t\t\t\t<\/div>\n\t\t\t\t<\/div>\n\t\t\t\t\t\t<\/div>\n\t\t\t\t\t<\/div>\n\t\t<\/div>\n\t\t\t\t\t\t\t\t<\/div>\n\t\t\t\t\t<\/div>\n\t\t<\/section>\n\t\t\t\t\t\t\t\t\t<\/div>\n\t\t\t<\/div>\n\t\t\t\t\t<\/div>\n\t\t","protected":false},"excerpt":{"rendered":"<p>Corriger un spectre (1\/2) Ecrit le 20\/04\/2022 Cr\u00e9er la r\u00e9ponse instrumentale Dans l&rsquo;article pr\u00e9c\u00e9dent, nous avons vu comment cr\u00e9er le spectre 1D d&rsquo;une \u00e9toile de r\u00e9f\u00e9rence, HD 65900, et comment l&rsquo;\u00e9talonner en longueur d&rsquo;onde. Nous allons voir maintenant comment cr\u00e9er ce qu&rsquo;on appelle la r\u00e9ponse instrumentale, qui va nous servir \u00e0 corriger ce spectre et &hellip;<\/p>\n<p class=\"read-more\"> <a class=\"\" href=\"https:\/\/www.arnaudom.fr\/wordpress\/spectreri\/\"> <span class=\"screen-reader-text\">spectreri<\/span> Lire la suite\u00a0\u00bb<\/a><\/p>\n","protected":false},"author":1,"featured_media":0,"parent":0,"menu_order":0,"comment_status":"closed","ping_status":"closed","template":"","meta":{"site-sidebar-layout":"default","site-content-layout":"default","ast-site-content-layout":"","site-content-style":"default","site-sidebar-style":"default","ast-global-header-display":"","ast-banner-title-visibility":"","ast-main-header-display":"","ast-hfb-above-header-display":"","ast-hfb-below-header-display":"","ast-hfb-mobile-header-display":"","site-post-title":"disabled","ast-breadcrumbs-content":"","ast-featured-img":"disabled","footer-sml-layout":"","theme-transparent-header-meta":"default","adv-header-id-meta":"","stick-header-meta":"","header-above-stick-meta":"","header-main-stick-meta":"","header-below-stick-meta":"","astra-migrate-meta-layouts":"","ast-page-background-enabled":"default","ast-page-background-meta":{"desktop":{"background-color":"","background-image":"","background-repeat":"repeat","background-position":"center center","background-size":"auto","background-attachment":"scroll","background-type":"","background-media":"","overlay-type":"","overlay-color":"","overlay-gradient":""},"tablet":{"background-color":"","background-image":"","background-repeat":"repeat","background-position":"center center","background-size":"auto","background-attachment":"scroll","background-type":"","background-media":"","overlay-type":"","overlay-color":"","overlay-gradient":""},"mobile":{"background-color":"","background-image":"","background-repeat":"repeat","background-position":"center center","background-size":"auto","background-attachment":"scroll","background-type":"","background-media":"","overlay-type":"","overlay-color":"","overlay-gradient":""}},"ast-content-background-meta":{"desktop":{"background-color":"var(--ast-global-color-5)","background-image":"","background-repeat":"repeat","background-position":"center center","background-size":"auto","background-attachment":"scroll","background-type":"","background-media":"","overlay-type":"","overlay-color":"","overlay-gradient":""},"tablet":{"background-color":"var(--ast-global-color-5)","background-image":"","background-repeat":"repeat","background-position":"center center","background-size":"auto","background-attachment":"scroll","background-type":"","background-media":"","overlay-type":"","overlay-color":"","overlay-gradient":""},"mobile":{"background-color":"var(--ast-global-color-5)","background-image":"","background-repeat":"repeat","background-position":"center center","background-size":"auto","background-attachment":"scroll","background-type":"","background-media":"","overlay-type":"","overlay-color":"","overlay-gradient":""}},"footnotes":""},"class_list":["post-8571","page","type-page","status-publish","hentry"],"_links":{"self":[{"href":"https:\/\/www.arnaudom.fr\/wordpress\/wp-json\/wp\/v2\/pages\/8571","targetHints":{"allow":["GET"]}}],"collection":[{"href":"https:\/\/www.arnaudom.fr\/wordpress\/wp-json\/wp\/v2\/pages"}],"about":[{"href":"https:\/\/www.arnaudom.fr\/wordpress\/wp-json\/wp\/v2\/types\/page"}],"author":[{"embeddable":true,"href":"https:\/\/www.arnaudom.fr\/wordpress\/wp-json\/wp\/v2\/users\/1"}],"replies":[{"embeddable":true,"href":"https:\/\/www.arnaudom.fr\/wordpress\/wp-json\/wp\/v2\/comments?post=8571"}],"version-history":[{"count":19,"href":"https:\/\/www.arnaudom.fr\/wordpress\/wp-json\/wp\/v2\/pages\/8571\/revisions"}],"predecessor-version":[{"id":8689,"href":"https:\/\/www.arnaudom.fr\/wordpress\/wp-json\/wp\/v2\/pages\/8571\/revisions\/8689"}],"wp:attachment":[{"href":"https:\/\/www.arnaudom.fr\/wordpress\/wp-json\/wp\/v2\/media?parent=8571"}],"curies":[{"name":"wp","href":"https:\/\/api.w.org\/{rel}","templated":true}]}}