{"id":792,"date":"2018-08-09T08:23:52","date_gmt":"2018-08-09T06:23:52","guid":{"rendered":"http:\/\/www.arnaudom.fr\/wordpress\/?page_id=792"},"modified":"2020-08-06T02:33:18","modified_gmt":"2020-08-06T00:33:18","slug":"mateq6","status":"publish","type":"page","link":"https:\/\/www.arnaudom.fr\/wordpress\/mateq6\/","title":{"rendered":"Mat\u00e9riel EQ6"},"content":{"rendered":"\t\t<div data-elementor-type=\"wp-post\" data-elementor-id=\"792\" class=\"elementor elementor-792\">\n\t\t\t\t\t\t<div class=\"elementor-inner\">\n\t\t\t\t<div class=\"elementor-section-wrap\">\n\t\t\t\t\t\t\t\t\t<section class=\"elementor-section elementor-top-section elementor-element elementor-element-110d205 elementor-section-boxed elementor-section-height-default elementor-section-height-default\" data-id=\"110d205\" data-element_type=\"section\">\n\t\t\t\t\t\t<div class=\"elementor-container elementor-column-gap-default\">\n\t\t\t\t\t\t\t<div class=\"elementor-row\">\n\t\t\t\t\t<div class=\"elementor-column elementor-col-100 elementor-top-column elementor-element elementor-element-01ab4b4\" data-id=\"01ab4b4\" data-element_type=\"column\" data-settings=\"{&quot;background_background&quot;:&quot;classic&quot;}\">\n\t\t\t<div class=\"elementor-column-wrap elementor-element-populated\">\n\t\t\t\t\t\t\t<div class=\"elementor-widget-wrap\">\n\t\t\t\t\t\t<div class=\"elementor-element elementor-element-b9094c8 elementor-widget elementor-widget-heading\" data-id=\"b9094c8\" data-element_type=\"widget\" data-widget_type=\"heading.default\">\n\t\t\t\t<div class=\"elementor-widget-container\">\n\t\t\t<h1 class=\"elementor-heading-title elementor-size-default\">T\u00e9lescope 200\/800 et monture EQ6<\/h1>\t\t<\/div>\n\t\t\t\t<\/div>\n\t\t\t\t<div class=\"elementor-element elementor-element-c5f758c elementor-widget elementor-widget-heading\" data-id=\"c5f758c\" data-element_type=\"widget\" data-widget_type=\"heading.default\">\n\t\t\t\t<div class=\"elementor-widget-container\">\n\t\t\t<h2 class=\"elementor-heading-title elementor-size-default\">T\u00e9lescope GSO 200\/800<\/h2>\t\t<\/div>\n\t\t\t\t<\/div>\n\t\t\t\t<div class=\"elementor-element elementor-element-a2ff2a9 elementor-widget elementor-widget-text-editor\" data-id=\"a2ff2a9\" data-element_type=\"widget\" data-widget_type=\"text-editor.default\">\n\t\t\t\t<div class=\"elementor-widget-container\">\n\t\t\t\t\t\t\t\t<div class=\"elementor-text-editor elementor-clearfix\">\n\t\t\t\t<p>Je vous laisse lire <a href=\"http:\/\/www.arnaudom.fr\/matc.php\">sur cette page<\/a> la description du telescope GSO 200\/800 ainsi que mon avis sur cet instrument.<\/p>\t\t\t\t\t<\/div>\n\t\t\t\t\t\t<\/div>\n\t\t\t\t<\/div>\n\t\t\t\t<div class=\"elementor-element elementor-element-2cefefe elementor-widget elementor-widget-heading\" data-id=\"2cefefe\" data-element_type=\"widget\" data-widget_type=\"heading.default\">\n\t\t\t\t<div class=\"elementor-widget-container\">\n\t\t\t<h2 class=\"elementor-heading-title elementor-size-default\">Monture EQ6 Pro Goto<\/h2>\t\t<\/div>\n\t\t\t\t<\/div>\n\t\t\t\t<div class=\"elementor-element elementor-element-0157adc elementor-widget elementor-widget-text-editor\" data-id=\"0157adc\" data-element_type=\"widget\" data-widget_type=\"text-editor.default\">\n\t\t\t\t<div class=\"elementor-widget-container\">\n\t\t\t\t\t\t\t\t<div class=\"elementor-text-editor elementor-clearfix\">\n\t\t\t\t<p>La monture EQ6 Pro Goto peut porter des charges pouvant aller jusqu&rsquo;\u00e0 20 kg, et permet de se mettre tr\u00e8s s\u00e9rieusement \u00e0 la photographie du ciel profond avec de longues poses. Elle porte donc sans aucun souci le 200\/800 et le mat\u00e9riel n\u00e9cessaire \u00e0 la photo.<img loading=\"lazy\" decoding=\"async\" class=\"aligncenter size-full wp-image-796\" src=\"http:\/\/www.arnaudom.fr\/wordpress\/wp-content\/uploads\/2018\/08\/eq602.jpg\" alt=\"\" width=\"463\" height=\"492\" srcset=\"https:\/\/www.arnaudom.fr\/wordpress\/wp-content\/uploads\/2018\/08\/eq602.jpg 463w, https:\/\/www.arnaudom.fr\/wordpress\/wp-content\/uploads\/2018\/08\/eq602-282x300.jpg 282w\" sizes=\"auto, (max-width: 463px) 100vw, 463px\" \/><\/p><p>Elle poss\u00e8de un viseur polaire int\u00e9gr\u00e9 d&rsquo;origine, et ce viseur polaire est \u00e9clair\u00e9, ce qui est un atout fort appr\u00e9ciable pour faire la mise en station ! Apr\u00e8s avoir go\u00fbt\u00e9 \u00e0 ce confort, on se demande comment on faisait pour s&rsquo;en passer avant<span class=\"milieu2\"> <img decoding=\"async\" src=\"http:\/\/www.arnaudom.fr\/Img\/smrire.gif\" alt=\"clin d'oeil\" \/><\/span>. A noter que l&rsquo;intensit\u00e9 lumineuse de l&rsquo;\u00e9clairage peut \u00eatre r\u00e9gl\u00e9 \u00e0 l&rsquo;aide de la raquette de commande.<img loading=\"lazy\" decoding=\"async\" class=\"aligncenter size-full wp-image-797\" src=\"http:\/\/www.arnaudom.fr\/wordpress\/wp-content\/uploads\/2018\/08\/eq603.jpg\" alt=\"\" width=\"400\" height=\"345\" srcset=\"https:\/\/www.arnaudom.fr\/wordpress\/wp-content\/uploads\/2018\/08\/eq603.jpg 400w, https:\/\/www.arnaudom.fr\/wordpress\/wp-content\/uploads\/2018\/08\/eq603-300x259.jpg 300w\" sizes=\"auto, (max-width: 400px) 100vw, 400px\" \/><\/p><p>La monture est livr\u00e9e avec deux contrepoids de 5 kg chacun. La barre de contrepoids peut se r\u00e9tracter \u00e0 l&rsquo;int\u00e9rieur de la t\u00eate de la monture, ce qui est tr\u00e8s pratique pour le transport et le rangement. Elle poss\u00e8de \u00e9galement deux grands cercles de coordonn\u00e9es qui peuvent \u00eatre utilis\u00e9s efficacement pour le pointage des objets.<img loading=\"lazy\" decoding=\"async\" class=\"aligncenter size-full wp-image-798\" src=\"http:\/\/www.arnaudom.fr\/wordpress\/wp-content\/uploads\/2018\/08\/eq604.jpg\" alt=\"\" width=\"703\" height=\"261\" srcset=\"https:\/\/www.arnaudom.fr\/wordpress\/wp-content\/uploads\/2018\/08\/eq604.jpg 703w, https:\/\/www.arnaudom.fr\/wordpress\/wp-content\/uploads\/2018\/08\/eq604-300x111.jpg 300w\" sizes=\"auto, (max-width: 703px) 100vw, 703px\" \/>La raquette de commande permet de piloter la monture et d&rsquo;initialiser le Goto (3 modes d&rsquo;initialisation sont possibles) qui, une fois param\u00e9tr\u00e9, permet de pointer efficacement un tr\u00e8s grand nombre d&rsquo;objets (les catalogues Messier, NGC et IC sont inclus dans la base de donn\u00e9es de la monture&#8230; de quoi s&rsquo;occuper de longues ann\u00e9es !).<img loading=\"lazy\" decoding=\"async\" class=\"aligncenter size-full wp-image-799\" src=\"http:\/\/www.arnaudom.fr\/wordpress\/wp-content\/uploads\/2018\/08\/eq605.jpg\" alt=\"\" width=\"300\" height=\"476\" srcset=\"https:\/\/www.arnaudom.fr\/wordpress\/wp-content\/uploads\/2018\/08\/eq605.jpg 300w, https:\/\/www.arnaudom.fr\/wordpress\/wp-content\/uploads\/2018\/08\/eq605-189x300.jpg 189w\" sizes=\"auto, (max-width: 300px) 100vw, 300px\" \/>Enfin, la monture poss\u00e8de le fameux port ST4 qui, reli\u00e9 \u00e0 un PC, permet d&rsquo;autoguider la monture et d&rsquo;ainsi se lancer dans la photographie \u00e0 longues poses du ciel profond&#8230; bref, d&rsquo;atteindre le but ultime de tout astrophotographe !<img loading=\"lazy\" decoding=\"async\" class=\"aligncenter size-full wp-image-800\" src=\"http:\/\/www.arnaudom.fr\/wordpress\/wp-content\/uploads\/2018\/08\/eq606.jpg\" alt=\"\" width=\"400\" height=\"283\" srcset=\"https:\/\/www.arnaudom.fr\/wordpress\/wp-content\/uploads\/2018\/08\/eq606.jpg 400w, https:\/\/www.arnaudom.fr\/wordpress\/wp-content\/uploads\/2018\/08\/eq606-300x212.jpg 300w\" sizes=\"auto, (max-width: 400px) 100vw, 400px\" \/><\/p>\t\t\t\t\t<\/div>\n\t\t\t\t\t\t<\/div>\n\t\t\t\t<\/div>\n\t\t\t\t<div class=\"elementor-element elementor-element-6ee3986 elementor-widget elementor-widget-heading\" data-id=\"6ee3986\" data-element_type=\"widget\" data-widget_type=\"heading.default\">\n\t\t\t\t<div class=\"elementor-widget-container\">\n\t\t\t<h2 class=\"elementor-heading-title elementor-size-default\">Mon avis<\/h2>\t\t<\/div>\n\t\t\t\t<\/div>\n\t\t\t\t<div class=\"elementor-element elementor-element-a132de3 elementor-widget elementor-widget-text-editor\" data-id=\"a132de3\" data-element_type=\"widget\" data-widget_type=\"text-editor.default\">\n\t\t\t\t<div class=\"elementor-widget-container\">\n\t\t\t\t\t\t\t\t<div class=\"elementor-text-editor elementor-clearfix\">\n\t\t\t\t<p>Cette monture, c&rsquo;est que du bonheur !! On peut la charger comme une mule, elle est facile \u00e0 utiliser et remplit parfaitement son r\u00f4le dans le suivi et l&rsquo;autoguidage pour la photographie. Je pense qu&rsquo;on doit pouvoir la garder de longues ann\u00e9es avant d&rsquo;\u00e9prouver le besoin d&rsquo;en changer ! Bien entendu en contrepartie elle p\u00e8se son poids et il ne faut pas \u00eatre trop flemmard pour la trimballer avec ses 20 kg, auxquels il faut ajouter les 10 kg de contrepoids&#8230;<\/p>\t\t\t\t\t<\/div>\n\t\t\t\t\t\t<\/div>\n\t\t\t\t<\/div>\n\t\t\t\t\t\t<\/div>\n\t\t\t\t\t<\/div>\n\t\t<\/div>\n\t\t\t\t\t\t\t\t<\/div>\n\t\t\t\t\t<\/div>\n\t\t<\/section>\n\t\t\t\t\t\t\t\t\t<\/div>\n\t\t\t<\/div>\n\t\t\t\t\t<\/div>\n\t\t","protected":false},"excerpt":{"rendered":"<p>T\u00e9lescope 200\/800 et monture EQ6 T\u00e9lescope GSO 200\/800 Je vous laisse lire sur cette page la description du telescope GSO 200\/800 ainsi que mon avis sur cet instrument. Monture EQ6 Pro Goto La monture EQ6 Pro Goto peut porter des charges pouvant aller jusqu&rsquo;\u00e0 20 kg, et permet de se mettre tr\u00e8s s\u00e9rieusement \u00e0 la &hellip;<\/p>\n<p class=\"read-more\"> <a class=\"\" href=\"https:\/\/www.arnaudom.fr\/wordpress\/mateq6\/\"> <span class=\"screen-reader-text\">Mat\u00e9riel EQ6<\/span> Lire la suite\u00a0\u00bb<\/a><\/p>\n","protected":false},"author":1,"featured_media":0,"parent":0,"menu_order":0,"comment_status":"closed","ping_status":"closed","template":"","meta":{"site-sidebar-layout":"default","site-content-layout":"default","ast-site-content-layout":"","site-content-style":"default","site-sidebar-style":"default","ast-global-header-display":"","ast-banner-title-visibility":"","ast-main-header-display":"","ast-hfb-above-header-display":"","ast-hfb-below-header-display":"","ast-hfb-mobile-header-display":"","site-post-title":"disabled","ast-breadcrumbs-content":"","ast-featured-img":"","footer-sml-layout":"","theme-transparent-header-meta":"default","adv-header-id-meta":"","stick-header-meta":"","header-above-stick-meta":"","header-main-stick-meta":"","header-below-stick-meta":"","astra-migrate-meta-layouts":"","ast-page-background-enabled":"default","ast-page-background-meta":{"desktop":{"background-color":"","background-image":"","background-repeat":"repeat","background-position":"center center","background-size":"auto","background-attachment":"scroll","background-type":"","background-media":"","overlay-type":"","overlay-color":"","overlay-gradient":""},"tablet":{"background-color":"","background-image":"","background-repeat":"repeat","background-position":"center center","background-size":"auto","background-attachment":"scroll","background-type":"","background-media":"","overlay-type":"","overlay-color":"","overlay-gradient":""},"mobile":{"background-color":"","background-image":"","background-repeat":"repeat","background-position":"center center","background-size":"auto","background-attachment":"scroll","background-type":"","background-media":"","overlay-type":"","overlay-color":"","overlay-gradient":""}},"ast-content-background-meta":{"desktop":{"background-color":"var(--ast-global-color-5)","background-image":"","background-repeat":"repeat","background-position":"center center","background-size":"auto","background-attachment":"scroll","background-type":"","background-media":"","overlay-type":"","overlay-color":"","overlay-gradient":""},"tablet":{"background-color":"var(--ast-global-color-5)","background-image":"","background-repeat":"repeat","background-position":"center center","background-size":"auto","background-attachment":"scroll","background-type":"","background-media":"","overlay-type":"","overlay-color":"","overlay-gradient":""},"mobile":{"background-color":"var(--ast-global-color-5)","background-image":"","background-repeat":"repeat","background-position":"center center","background-size":"auto","background-attachment":"scroll","background-type":"","background-media":"","overlay-type":"","overlay-color":"","overlay-gradient":""}},"footnotes":""},"class_list":["post-792","page","type-page","status-publish","hentry"],"_links":{"self":[{"href":"https:\/\/www.arnaudom.fr\/wordpress\/wp-json\/wp\/v2\/pages\/792","targetHints":{"allow":["GET"]}}],"collection":[{"href":"https:\/\/www.arnaudom.fr\/wordpress\/wp-json\/wp\/v2\/pages"}],"about":[{"href":"https:\/\/www.arnaudom.fr\/wordpress\/wp-json\/wp\/v2\/types\/page"}],"author":[{"embeddable":true,"href":"https:\/\/www.arnaudom.fr\/wordpress\/wp-json\/wp\/v2\/users\/1"}],"replies":[{"embeddable":true,"href":"https:\/\/www.arnaudom.fr\/wordpress\/wp-json\/wp\/v2\/comments?post=792"}],"version-history":[{"count":8,"href":"https:\/\/www.arnaudom.fr\/wordpress\/wp-json\/wp\/v2\/pages\/792\/revisions"}],"predecessor-version":[{"id":4830,"href":"https:\/\/www.arnaudom.fr\/wordpress\/wp-json\/wp\/v2\/pages\/792\/revisions\/4830"}],"wp:attachment":[{"href":"https:\/\/www.arnaudom.fr\/wordpress\/wp-json\/wp\/v2\/media?parent=792"}],"curies":[{"name":"wp","href":"https:\/\/api.w.org\/{rel}","templated":true}]}}