{"id":6367,"date":"2020-09-09T15:17:14","date_gmt":"2020-09-09T13:17:14","guid":{"rendered":"http:\/\/www.arnaudom.fr\/wordpress\/?page_id=6367"},"modified":"2020-09-09T15:30:50","modified_gmt":"2020-09-09T13:30:50","slug":"tiris2","status":"publish","type":"page","link":"https:\/\/www.arnaudom.fr\/wordpress\/tiris2\/","title":{"rendered":"tiris2"},"content":{"rendered":"\t\t<div data-elementor-type=\"wp-page\" data-elementor-id=\"6367\" class=\"elementor elementor-6367\">\n\t\t\t\t\t\t<div class=\"elementor-inner\">\n\t\t\t\t<div class=\"elementor-section-wrap\">\n\t\t\t\t\t\t\t\t\t<section class=\"elementor-section elementor-top-section elementor-element elementor-element-e09db53 elementor-section-full_width elementor-section-height-default elementor-section-height-default\" data-id=\"e09db53\" data-element_type=\"section\" data-settings=\"{&quot;background_background&quot;:&quot;classic&quot;}\">\n\t\t\t\t\t\t<div class=\"elementor-container elementor-column-gap-default\">\n\t\t\t\t\t\t\t<div class=\"elementor-row\">\n\t\t\t\t\t<div class=\"elementor-column elementor-col-100 elementor-top-column elementor-element elementor-element-fc531f1\" data-id=\"fc531f1\" data-element_type=\"column\" data-settings=\"{&quot;background_background&quot;:&quot;classic&quot;}\">\n\t\t\t<div class=\"elementor-column-wrap elementor-element-populated\">\n\t\t\t\t\t\t\t<div class=\"elementor-widget-wrap\">\n\t\t\t\t\t\t<div class=\"elementor-element elementor-element-7b7d6b1 elementor-widget elementor-widget-heading\" data-id=\"7b7d6b1\" data-element_type=\"widget\" data-widget_type=\"heading.default\">\n\t\t\t\t<div class=\"elementor-widget-container\">\n\t\t\t<h1 class=\"elementor-heading-title elementor-size-default\">Images avec un reflex num\u00e9rique<\/h1>\t\t<\/div>\n\t\t\t\t<\/div>\n\t\t\t\t<div class=\"elementor-element elementor-element-ea6f6e1 elementor-widget elementor-widget-text-editor\" data-id=\"ea6f6e1\" data-element_type=\"widget\" data-widget_type=\"text-editor.default\">\n\t\t\t\t<div class=\"elementor-widget-container\">\n\t\t\t\t\t\t\t\t<div class=\"elementor-text-editor elementor-clearfix\">\n\t\t\t\t<p><em>Ecrit le 28\/12\/10.<\/em><\/p>\t\t\t\t\t<\/div>\n\t\t\t\t\t\t<\/div>\n\t\t\t\t<\/div>\n\t\t\t\t<div class=\"elementor-element elementor-element-0b73a17 elementor-widget elementor-widget-text-editor\" data-id=\"0b73a17\" data-element_type=\"widget\" data-widget_type=\"text-editor.default\">\n\t\t\t\t<div class=\"elementor-widget-container\">\n\t\t\t\t\t\t\t\t<div class=\"elementor-text-editor elementor-clearfix\">\n\t\t\t\t<p><span class=\"gras\">Note :<\/span> cet article remplace le pr\u00e9c\u00e9dent que j&rsquo;avais \u00e9crit sur le traitement d&rsquo;image. Il comporte quelques ajouts sur les r\u00e9glages pr\u00e9liminaires d&rsquo;Iris, prend en compte l&rsquo;utilisation des images de flat, corrige un ou deux oublis et utilise la fonction de pr\u00e9traitement total des images num\u00e9riques du logiciel. L&rsquo;ancien article qui comporte uniquement l&rsquo;utilisation de l&rsquo;offset et du dark se trouve ici : <a href=\"http:\/\/arnaudom.fr\/irisold.php\">traitement d&rsquo;image ancienne version<\/a>. <\/p>\t\t\t\t\t<\/div>\n\t\t\t\t\t\t<\/div>\n\t\t\t\t<\/div>\n\t\t\t\t<div class=\"elementor-element elementor-element-4af595c elementor-widget elementor-widget-heading\" data-id=\"4af595c\" data-element_type=\"widget\" data-widget_type=\"heading.default\">\n\t\t\t\t<div class=\"elementor-widget-container\">\n\t\t\t<h2 class=\"elementor-heading-title elementor-size-default\">Traitement des images (1\/5)<\/h2>\t\t<\/div>\n\t\t\t\t<\/div>\n\t\t\t\t<div class=\"elementor-element elementor-element-08d2270 elementor-widget elementor-widget-text-editor\" data-id=\"08d2270\" data-element_type=\"widget\" data-widget_type=\"text-editor.default\">\n\t\t\t\t<div class=\"elementor-widget-container\">\n\t\t\t\t\t\t\t\t<div class=\"elementor-text-editor elementor-clearfix\">\n\t\t\t\t<p>Nous allons passer au d\u00e9licat probl\u00e8me du traitement des images, qui peut sembler bien compliqu\u00e9 aux d\u00e9butants. J&rsquo;utilise pour cela le logiciel gratuit IRIS, t\u00e9l\u00e9chargeable ici : <a href=\"http:\/\/www.astrosurf.com\/buil\/iris\/iris.htm\">http:\/\/www.astrosurf.com\/buil\/iris\/iris.htm<\/a>.<\/p><p>Donc il s&rsquo;agit de disposer de photos brutes de l&rsquo;objet en question, ainsi que des images de \u00ab\u00a0dark\u00a0\u00bb, de \u00ab\u00a0flat\u00a0\u00bb (ou PLU en Fran\u00e7ais) et d'\u00a0\u00bboffset\u00a0\u00bb.<br \/>Dans mon exemple, je dispose donc de 50 acquisitions de l&rsquo;amas ouvert M37, 10 images d&rsquo;offset, 9 images de dark et 10 images de flat.<\/p><p class=\"gras\"><b>Le traitement global se d\u00e9roule en 3 parties :<\/b><\/p><p>&#8211; le pr\u00e9-traitement, qui consiste \u00e0 pr\u00e9parer les images de dark, flat et offset et \u00e0 convertir les images brutes dans un format utilisable par Iris<br \/>&#8211; l&rsquo;addition des images, qui consiste \u00e0 aligner puis empiler les images de l&rsquo;objet<br \/>&#8211; et enfin le traitement final, qui a pour but de faire ressortir les d\u00e9tails, de r\u00e9gler la luminosit\u00e9 du fond du ciel et d&rsquo;am\u00e9liorer l&rsquo;esth\u00e9tique de l&rsquo;image.<br \/>Vous allez voir, \u00e7a n&rsquo;est pas si compliqu\u00e9 &#8230; C&rsquo;est parti !<\/p><p class=\"col4 gras taille1 ita\"><strong><span style=\"color: #ff0000;\">REGLAGES DU LOGICIEL IRIS (\u00e0 faire une fois).<\/span><\/strong><\/p><p>Si c&rsquo;est la premi\u00e8re fois que vous utilisez Iris, quelques r\u00e9glages sont n\u00e9cessaires avant de d\u00e9marrer.<\/p><p>Tout d&rsquo;abord, on va dans le menu <strong><span class=\"gras\">Fichier<\/span><\/strong> et on choisit <strong><span class=\"gras\">R\u00e9glages&#8230;<\/span><\/strong> On d\u00e9finit le <strong><span class=\"gras\">Chemin du r\u00e9pertoire de travail<\/span><\/strong> dans lequel Iris enregistrera toutes les images (dans mon cas <strong><span class=\"gras\">d:\\tiris\\<\/span><\/strong>) et surtout, on coche le format d&rsquo;images <strong><span class=\"gras\">Pic<\/span> <\/strong>avec lequel on va travailler.<\/p><div class=\"centre\"><img decoding=\"async\" class=\"aligncenter\" src=\"http:\/\/www.arnaudom.fr\/Img\/tapn36.jpg\" alt=\"Pix\" \/><\/div><p>\u00a0<\/p><p>On clique ensuite sur l&rsquo;ic\u00f4ne de <strong><span class=\"gras\">l&rsquo;appareil photo<\/span><\/strong> : <span class=\"milieu9\"><img decoding=\"async\" src=\"http:\/\/www.arnaudom.fr\/Img\/tapn24.jpg\" alt=\"Pix\" \/><\/span><\/p><p>Il s&rsquo;agit ensuite de choisir dans le menu d\u00e9roulant de la rubrique <strong><span class=\"gras\">Appareil photo num\u00e9rique<\/span><\/strong> la marque de votre appareil photo. Dans mon cas pour le 350D, je choisis la ligne <strong><span class=\"gras\">Canon (5D\/20D\/350D)<\/span><\/strong>. On coche ensuite <strong><span class=\"gras\">Lin\u00e9aire<\/span> <\/strong>comme <strong><span class=\"gras\">M\u00e9thode d&rsquo;interpolation des fichiers RAW<\/span><\/strong>, c&rsquo;est la m\u00e9thode qu&rsquo;utilisera Iris pour d\u00e9coder les images de l&rsquo;APN.<\/p><div class=\"centre\"><img decoding=\"async\" class=\"aligncenter\" src=\"http:\/\/www.arnaudom.fr\/Img\/tapn25.jpg\" alt=\"Pix\" \/><\/div><p>Il ne reste plus qu&rsquo;\u00e0 cliquer sur <strong><span class=\"gras\">OK<\/span><\/strong>, ces r\u00e9glages sont faits une fois pour toute&#8230; sauf si vous changez d&rsquo;appareil photo bien s\u00fbr !<\/p><p class=\"centre\">Et maintenant, entrons dans le vif du sujet&#8230;<\/p>\t\t\t\t\t<\/div>\n\t\t\t\t\t\t<\/div>\n\t\t\t\t<\/div>\n\t\t\t\t<div class=\"elementor-element elementor-element-806b13a elementor-align-center elementor-widget elementor-widget-button\" data-id=\"806b13a\" data-element_type=\"widget\" data-widget_type=\"button.default\">\n\t\t\t\t<div class=\"elementor-widget-container\">\n\t\t\t\t\t<div class=\"elementor-button-wrapper\">\n\t\t\t<a href=\"http:\/\/www.arnaudom.fr\/wordpress\/preiris\" class=\"elementor-button-link elementor-button elementor-size-sm\" role=\"button\">\n\t\t\t\t\t\t<span class=\"elementor-button-content-wrapper\">\n\t\t\t\t\t\t\t<span class=\"elementor-button-icon elementor-align-icon-right\">\n\t\t\t\t<i aria-hidden=\"true\" class=\"fas fa-arrow-right\"><\/i>\t\t\t<\/span>\n\t\t\t\t\t\t<span class=\"elementor-button-text\">Page 2<\/span>\n\t\t<\/span>\n\t\t\t\t\t<\/a>\n\t\t<\/div>\n\t\t\t\t<\/div>\n\t\t\t\t<\/div>\n\t\t\t\t\t\t<\/div>\n\t\t\t\t\t<\/div>\n\t\t<\/div>\n\t\t\t\t\t\t\t\t<\/div>\n\t\t\t\t\t<\/div>\n\t\t<\/section>\n\t\t\t\t\t\t\t\t\t<\/div>\n\t\t\t<\/div>\n\t\t\t\t\t<\/div>\n\t\t","protected":false},"excerpt":{"rendered":"<p>Images avec un reflex num\u00e9rique Ecrit le 28\/12\/10. Note : cet article remplace le pr\u00e9c\u00e9dent que j&rsquo;avais \u00e9crit sur le traitement d&rsquo;image. Il comporte quelques ajouts sur les r\u00e9glages pr\u00e9liminaires d&rsquo;Iris, prend en compte l&rsquo;utilisation des images de flat, corrige un ou deux oublis et utilise la fonction de pr\u00e9traitement total des images num\u00e9riques du &hellip;<\/p>\n<p class=\"read-more\"> <a class=\"\" href=\"https:\/\/www.arnaudom.fr\/wordpress\/tiris2\/\"> <span class=\"screen-reader-text\">tiris2<\/span> Lire la suite\u00a0\u00bb<\/a><\/p>\n","protected":false},"author":1,"featured_media":0,"parent":0,"menu_order":0,"comment_status":"closed","ping_status":"closed","template":"","meta":{"site-sidebar-layout":"default","site-content-layout":"default","ast-site-content-layout":"","site-content-style":"default","site-sidebar-style":"default","ast-global-header-display":"","ast-banner-title-visibility":"","ast-main-header-display":"","ast-hfb-above-header-display":"","ast-hfb-below-header-display":"","ast-hfb-mobile-header-display":"","site-post-title":"disabled","ast-breadcrumbs-content":"","ast-featured-img":"","footer-sml-layout":"","theme-transparent-header-meta":"default","adv-header-id-meta":"","stick-header-meta":"","header-above-stick-meta":"","header-main-stick-meta":"","header-below-stick-meta":"","astra-migrate-meta-layouts":"","ast-page-background-enabled":"default","ast-page-background-meta":{"desktop":{"background-color":"","background-image":"","background-repeat":"repeat","background-position":"center center","background-size":"auto","background-attachment":"scroll","background-type":"","background-media":"","overlay-type":"","overlay-color":"","overlay-gradient":""},"tablet":{"background-color":"","background-image":"","background-repeat":"repeat","background-position":"center center","background-size":"auto","background-attachment":"scroll","background-type":"","background-media":"","overlay-type":"","overlay-color":"","overlay-gradient":""},"mobile":{"background-color":"","background-image":"","background-repeat":"repeat","background-position":"center center","background-size":"auto","background-attachment":"scroll","background-type":"","background-media":"","overlay-type":"","overlay-color":"","overlay-gradient":""}},"ast-content-background-meta":{"desktop":{"background-color":"var(--ast-global-color-5)","background-image":"","background-repeat":"repeat","background-position":"center center","background-size":"auto","background-attachment":"scroll","background-type":"","background-media":"","overlay-type":"","overlay-color":"","overlay-gradient":""},"tablet":{"background-color":"var(--ast-global-color-5)","background-image":"","background-repeat":"repeat","background-position":"center center","background-size":"auto","background-attachment":"scroll","background-type":"","background-media":"","overlay-type":"","overlay-color":"","overlay-gradient":""},"mobile":{"background-color":"var(--ast-global-color-5)","background-image":"","background-repeat":"repeat","background-position":"center center","background-size":"auto","background-attachment":"scroll","background-type":"","background-media":"","overlay-type":"","overlay-color":"","overlay-gradient":""}},"footnotes":""},"class_list":["post-6367","page","type-page","status-publish","hentry"],"_links":{"self":[{"href":"https:\/\/www.arnaudom.fr\/wordpress\/wp-json\/wp\/v2\/pages\/6367","targetHints":{"allow":["GET"]}}],"collection":[{"href":"https:\/\/www.arnaudom.fr\/wordpress\/wp-json\/wp\/v2\/pages"}],"about":[{"href":"https:\/\/www.arnaudom.fr\/wordpress\/wp-json\/wp\/v2\/types\/page"}],"author":[{"embeddable":true,"href":"https:\/\/www.arnaudom.fr\/wordpress\/wp-json\/wp\/v2\/users\/1"}],"replies":[{"embeddable":true,"href":"https:\/\/www.arnaudom.fr\/wordpress\/wp-json\/wp\/v2\/comments?post=6367"}],"version-history":[{"count":6,"href":"https:\/\/www.arnaudom.fr\/wordpress\/wp-json\/wp\/v2\/pages\/6367\/revisions"}],"predecessor-version":[{"id":6500,"href":"https:\/\/www.arnaudom.fr\/wordpress\/wp-json\/wp\/v2\/pages\/6367\/revisions\/6500"}],"wp:attachment":[{"href":"https:\/\/www.arnaudom.fr\/wordpress\/wp-json\/wp\/v2\/media?parent=6367"}],"curies":[{"name":"wp","href":"https:\/\/api.w.org\/{rel}","templated":true}]}}