{"id":6310,"date":"2020-09-05T08:16:45","date_gmt":"2020-09-05T06:16:45","guid":{"rendered":"http:\/\/www.arnaudom.fr\/wordpress\/?page_id=6310"},"modified":"2020-09-05T08:51:25","modified_gmt":"2020-09-05T06:51:25","slug":"masquepartie","status":"publish","type":"page","link":"https:\/\/www.arnaudom.fr\/wordpress\/masquepartie\/","title":{"rendered":"masquepartie"},"content":{"rendered":"\t\t<div data-elementor-type=\"wp-page\" data-elementor-id=\"6310\" class=\"elementor elementor-6310\">\n\t\t\t\t\t\t<div class=\"elementor-inner\">\n\t\t\t\t<div class=\"elementor-section-wrap\">\n\t\t\t\t\t\t\t\t\t<section class=\"elementor-section elementor-top-section elementor-element elementor-element-bdfe39c elementor-section-full_width elementor-section-height-default elementor-section-height-default\" data-id=\"bdfe39c\" data-element_type=\"section\" data-settings=\"{&quot;background_background&quot;:&quot;classic&quot;}\">\n\t\t\t\t\t\t<div class=\"elementor-container elementor-column-gap-default\">\n\t\t\t\t\t\t\t<div class=\"elementor-row\">\n\t\t\t\t\t<div class=\"elementor-column elementor-col-100 elementor-top-column elementor-element elementor-element-882a7c2\" data-id=\"882a7c2\" data-element_type=\"column\" data-settings=\"{&quot;background_background&quot;:&quot;classic&quot;}\">\n\t\t\t<div class=\"elementor-column-wrap elementor-element-populated\">\n\t\t\t\t\t\t\t<div class=\"elementor-widget-wrap\">\n\t\t\t\t\t\t<div class=\"elementor-element elementor-element-ac224e7 elementor-widget elementor-widget-heading\" data-id=\"ac224e7\" data-element_type=\"widget\" data-widget_type=\"heading.default\">\n\t\t\t\t<div class=\"elementor-widget-container\">\n\t\t\t<h1 class=\"elementor-heading-title elementor-size-default\">Les masques (2\u00e8me partie - 4\/4)<\/h1>\t\t<\/div>\n\t\t\t\t<\/div>\n\t\t\t\t<div class=\"elementor-element elementor-element-75db5d2 elementor-widget elementor-widget-heading\" data-id=\"75db5d2\" data-element_type=\"widget\" data-widget_type=\"heading.default\">\n\t\t\t\t<div class=\"elementor-widget-container\">\n\t\t\t<h2 class=\"elementor-heading-title elementor-size-default\">4-Masque d'une partie de l'image<\/h2>\t\t<\/div>\n\t\t\t\t<\/div>\n\t\t\t\t<div class=\"elementor-element elementor-element-88c6f38 elementor-widget elementor-widget-text-editor\" data-id=\"88c6f38\" data-element_type=\"widget\" data-widget_type=\"text-editor.default\">\n\t\t\t\t<div class=\"elementor-widget-container\">\n\t\t\t\t\t\t\t\t<div class=\"elementor-text-editor elementor-clearfix\">\n\t\t\t\t<p>Ceci est une m\u00e9thode pour cr\u00e9er un masque sur une partie (rectangulaire) d&rsquo;une image. Je m&rsquo;en suis servi pour traiter certaines de mes images de galaxies et aussi sur mon image de la n\u00e9buleuse du cocon. Attention cette manipulation ressemble un peu \u00e0 du bidouillage et n&rsquo;est pas trop dans la philosophie de PixInsight (un copain m&rsquo;a dit qu&rsquo;en faisant cela, je faisais plus du PhotoShop que du PixInsight <span class=\"milieu2\"> <img decoding=\"async\" src=\"http:\/\/arnaudom.fr\/Img\/smclin.gif\" alt=\"clin d'oeil\" \/><\/span> &#8230;).<\/p><p>Donc attention, puristes de PixInsight, passez votre chemin <span class=\"milieu2\"> <img decoding=\"async\" src=\"http:\/\/arnaudom.fr\/Img\/smrire.gif\" alt=\"rire\" \/><\/span> !<\/p><p>Vous \u00eates rest\u00e9 ? Tant pis pour vous ! Alors je pars donc de cette image de ma galaxie M106 (image non-lin\u00e9aire obtenue apr\u00e8s le retrait des gradients et une mont\u00e9e d&rsquo;histogramme) :<\/p><div class=\"centre\"><img decoding=\"async\" class=\"aligncenter\" src=\"http:\/\/www.arnaudom.fr\/Img\/masque001.jpg\" alt=\"Pix\" \/><\/div><p>On fait une extraction de la luminance (bouton <span class=\"gras\"><strong>Extract CIE*L<\/strong> component<\/span> dans la barre des t\u00e2ches)<\/p><div class=\"centre\"><img decoding=\"async\" class=\"aligncenter\" src=\"http:\/\/www.arnaudom.fr\/Img\/pix348.jpg\" alt=\"Pix\" \/><\/div><p>On obtient l&rsquo;image suivante :<\/p><div class=\"centre\"><img decoding=\"async\" class=\"aligncenter\" src=\"http:\/\/www.arnaudom.fr\/Img\/masque002.jpg\" alt=\"Pix\" \/><\/div><p>On cr\u00e8e un <strong><span class=\"gras\">preview<\/span><\/strong> autour de la galaxie, c&rsquo;est-\u00e0-dire autour de la zone qu&rsquo;on va vouloir traiter (ou masquer).<\/p><div class=\"centre\"><img decoding=\"async\" class=\"aligncenter\" src=\"http:\/\/www.arnaudom.fr\/Img\/masque003.jpg\" alt=\"Pix\" \/><\/div><p>On va cr\u00e9er maintenant une image toute noire \u00e0 l&rsquo;aide du process <strong><span class=\"gras\">PixelMath<\/span><\/strong>. Pour cela il suffit juste de rentrer la valeur <strong>0<\/strong> dans la ligne <strong><span class=\"gras\">RGB\/K<\/span><\/strong>. Cela signifie simplement qu&rsquo;on va cr\u00e9er une image dans laquelle tous les pixels auront la valeur 0, donc une image enti\u00e8rement noire. Dans la zone <strong><span class=\"gras\">Destination<\/span><\/strong>, il faut cocher la case<strong> <span class=\"gras\">Create new image<\/span><\/strong> et on lance le process en cliquant sur le <strong><span class=\"gras\">carr\u00e9 bleu<\/span><\/strong> (attention il faut qu&rsquo;une image soit ouverte pour que cela fonctionne).<\/p><div class=\"centre\"><img decoding=\"async\" class=\"aligncenter\" src=\"http:\/\/www.arnaudom.fr\/Img\/masque004.jpg\" alt=\"Pix\" \/><\/div><p>On obtient une image noire, nomm\u00e9e ici<strong> <span class=\"gras\">Image03<\/span><\/strong>, de la m\u00eame taille que notre image de M106 (on aurait pu lui donner un nom particulier en remplissant la case <strong><span class=\"gras\">Image Id<\/span><\/strong>).<\/p><div class=\"centre\"><img decoding=\"async\" class=\"aligncenter\" src=\"http:\/\/www.arnaudom.fr\/Img\/masque005.jpg\" alt=\"Pix\" \/><\/div><p>On lance maintenant le script <strong><span class=\"gras\">SubstituteWithPreview<\/span><\/strong>, qui se trouve dans le menu <strong><span class=\"gras\">SCRIPT\/Utilities<\/span><\/strong> : dans <strong><span class=\"gras\">Source Image<\/span><\/strong> on entre le nom de l&rsquo;image qui contient le preview, ici l&rsquo;image de M106, et dans <strong><span class=\"gras\">Target Image<\/span><\/strong> on entre le nom de notre image noire, ici <strong><span class=\"gras\">Image03<\/span><\/strong>. Il ne reste plus qu&rsquo;\u00e0 cliquer sur <span class=\"gras\"><strong>OK<\/strong>.<\/span><\/p><div class=\"centre\"><img decoding=\"async\" class=\"aligncenter\" src=\"http:\/\/www.arnaudom.fr\/Img\/masque006.jpg\" alt=\"Pix\" \/><\/div><p>On obtient alors une image nomm\u00e9e<strong> <span class=\"gras\">FinalView<\/span> <\/strong>de la m\u00eame taille que l&rsquo;image de d\u00e9part, qui contient notre preview et qui est noire partout ailleurs. C&rsquo;est elle qui va nous servir de masque.<\/p><div class=\"centre\"><img decoding=\"async\" class=\"aligncenter\" src=\"http:\/\/www.arnaudom.fr\/Img\/masque007.jpg\" alt=\"Pix\" \/><\/div><p>On va maintenant finaliser notre masque avec l&rsquo;histogramme : on lance le process <strong><span class=\"gras\">HistogramTransformation<\/span><\/strong> apr\u00e8s avoir fait un preview sur l&rsquo; image.<\/p><div class=\"centre\"><img decoding=\"async\" class=\"aligncenter\" src=\"http:\/\/www.arnaudom.fr\/Img\/masque008.jpg\" alt=\"Pix\" \/><\/div><p>On pousse le <strong><span class=\"gras\">curseur des noirs<\/span><\/strong> (celui de gauche) vers la <strong><span class=\"gras\">droite<\/span><\/strong> pour noircir le ciel, et le <strong><span class=\"gras\">curseur des tons moyens<\/span><\/strong> (celui du centre) vers la<strong> gauche<\/strong> pour bien faire ressortir la galaxie.<\/p><div class=\"centre\"><img decoding=\"async\" class=\"aligncenter\" src=\"http:\/\/www.arnaudom.fr\/Img\/masque009.jpg\" alt=\"Pix\" \/><\/div><p>Quand ceci est fait, il ne reste plus qu&rsquo;\u00e0 appliquer le process sur le masque et voil\u00e0, celui-ci est termin\u00e9.<\/p><div class=\"centre\"><img decoding=\"async\" class=\"aligncenter\" src=\"http:\/\/www.arnaudom.fr\/Img\/masque010.jpg\" alt=\"Pix\" \/><\/div><p>Quand j&rsquo;applique mon masque sur mon image de d\u00e9part, j&rsquo;ai bien quasiment toute mon image de prot\u00e9g\u00e9e sauf ma galaxie, que je peux donc traiter ind\u00e9pendamment du reste.<\/p><div class=\"centre\"><img decoding=\"async\" class=\"aligncenter\" src=\"http:\/\/www.arnaudom.fr\/Img\/masque011.jpg\" alt=\"Pix\" \/><\/div><p>Si <span class=\"gras\">j&rsquo;inverse<\/span> mon masque, je peux prot\u00e9ger seulement ma galaxie et traiter tout le reste de l&rsquo;image sans y toucher.<\/p><div class=\"centre\"><img decoding=\"async\" class=\"aligncenter\" src=\"http:\/\/www.arnaudom.fr\/Img\/masque012.jpg\" alt=\"Pix\" \/><\/div><p>Par exemple j&rsquo;ai remis mon masque normalement pour pouvoir traiter uniquement ma galaxie, et je vais lui appliquer une saturation des couleurs avec le process <strong><span class=\"gras\">ColorSaturation <\/span>:<\/strong><\/p><div class=\"centre\"><img decoding=\"async\" class=\"aligncenter\" src=\"http:\/\/www.arnaudom.fr\/Img\/masque013.jpg\" alt=\"Pix\" \/><\/div><p>En poussant la saturation, les couleurs du coeur de la galaxie ressortent, sans que cela n&rsquo;affecte le fond du ciel ni les \u00e9toiles (\u00e0 l&rsquo;exception des \u00e9toiles qui ont \u00e9t\u00e9 incluses dans le masque pour \u00eatre honn\u00eate&#8230;) :<\/p><div class=\"centre\"><img decoding=\"async\" class=\"aligncenter\" src=\"http:\/\/www.arnaudom.fr\/Img\/masque014.jpg\" alt=\"Pix\" \/><\/div><p>Voici la comparaison des deux images avant\/apr\u00e8s :<\/p><div class=\"centre\"><img decoding=\"async\" class=\"aligncenter\" src=\"http:\/\/www.arnaudom.fr\/Img\/masque015.jpg\" alt=\"Pix\" \/><\/div><p>Ce proc\u00e9d\u00e9 peut donc \u00eatre utilis\u00e9 pour cr\u00e9er rapidement un masque contenant des objets peu \u00e9tendus qui peuvent \u00eatre inclus dans un preview (amas globulaire, petites galaxies, n\u00e9buleuses plan\u00e9taires&#8230;), sans trop se compliquer la vie&#8230;<\/p>\t\t\t\t\t<\/div>\n\t\t\t\t\t\t<\/div>\n\t\t\t\t<\/div>\n\t\t\t\t<div class=\"elementor-element elementor-element-6b150b8 elementor-align-center elementor-widget elementor-widget-button\" data-id=\"6b150b8\" data-element_type=\"widget\" data-widget_type=\"button.default\">\n\t\t\t\t<div class=\"elementor-widget-container\">\n\t\t\t\t\t<div class=\"elementor-button-wrapper\">\n\t\t\t<a href=\"http:\/\/www.arnaudom.fr\/wordpress\/masquerange\" class=\"elementor-button-link elementor-button elementor-size-sm\" role=\"button\">\n\t\t\t\t\t\t<span class=\"elementor-button-content-wrapper\">\n\t\t\t\t\t\t\t<span class=\"elementor-button-icon elementor-align-icon-left\">\n\t\t\t\t<i aria-hidden=\"true\" class=\"fas fa-arrow-left\"><\/i>\t\t\t<\/span>\n\t\t\t\t\t\t<span class=\"elementor-button-text\">Page 3<\/span>\n\t\t<\/span>\n\t\t\t\t\t<\/a>\n\t\t<\/div>\n\t\t\t\t<\/div>\n\t\t\t\t<\/div>\n\t\t\t\t\t\t<\/div>\n\t\t\t\t\t<\/div>\n\t\t<\/div>\n\t\t\t\t\t\t\t\t<\/div>\n\t\t\t\t\t<\/div>\n\t\t<\/section>\n\t\t\t\t\t\t\t\t\t<\/div>\n\t\t\t<\/div>\n\t\t\t\t\t<\/div>\n\t\t","protected":false},"excerpt":{"rendered":"<p>Les masques (2\u00e8me partie &#8211; 4\/4) 4-Masque d&rsquo;une partie de l&rsquo;image Ceci est une m\u00e9thode pour cr\u00e9er un masque sur une partie (rectangulaire) d&rsquo;une image. Je m&rsquo;en suis servi pour traiter certaines de mes images de galaxies et aussi sur mon image de la n\u00e9buleuse du cocon. Attention cette manipulation ressemble un peu \u00e0 du &hellip;<\/p>\n<p class=\"read-more\"> <a class=\"\" href=\"https:\/\/www.arnaudom.fr\/wordpress\/masquepartie\/\"> <span class=\"screen-reader-text\">masquepartie<\/span> Lire la suite\u00a0\u00bb<\/a><\/p>\n","protected":false},"author":1,"featured_media":0,"parent":0,"menu_order":0,"comment_status":"closed","ping_status":"closed","template":"","meta":{"site-sidebar-layout":"default","site-content-layout":"default","ast-site-content-layout":"","site-content-style":"default","site-sidebar-style":"default","ast-global-header-display":"","ast-banner-title-visibility":"","ast-main-header-display":"","ast-hfb-above-header-display":"","ast-hfb-below-header-display":"","ast-hfb-mobile-header-display":"","site-post-title":"disabled","ast-breadcrumbs-content":"","ast-featured-img":"","footer-sml-layout":"","theme-transparent-header-meta":"default","adv-header-id-meta":"","stick-header-meta":"","header-above-stick-meta":"","header-main-stick-meta":"","header-below-stick-meta":"","astra-migrate-meta-layouts":"","ast-page-background-enabled":"default","ast-page-background-meta":{"desktop":{"background-color":"","background-image":"","background-repeat":"repeat","background-position":"center center","background-size":"auto","background-attachment":"scroll","background-type":"","background-media":"","overlay-type":"","overlay-color":"","overlay-gradient":""},"tablet":{"background-color":"","background-image":"","background-repeat":"repeat","background-position":"center center","background-size":"auto","background-attachment":"scroll","background-type":"","background-media":"","overlay-type":"","overlay-color":"","overlay-gradient":""},"mobile":{"background-color":"","background-image":"","background-repeat":"repeat","background-position":"center center","background-size":"auto","background-attachment":"scroll","background-type":"","background-media":"","overlay-type":"","overlay-color":"","overlay-gradient":""}},"ast-content-background-meta":{"desktop":{"background-color":"var(--ast-global-color-5)","background-image":"","background-repeat":"repeat","background-position":"center center","background-size":"auto","background-attachment":"scroll","background-type":"","background-media":"","overlay-type":"","overlay-color":"","overlay-gradient":""},"tablet":{"background-color":"var(--ast-global-color-5)","background-image":"","background-repeat":"repeat","background-position":"center center","background-size":"auto","background-attachment":"scroll","background-type":"","background-media":"","overlay-type":"","overlay-color":"","overlay-gradient":""},"mobile":{"background-color":"var(--ast-global-color-5)","background-image":"","background-repeat":"repeat","background-position":"center center","background-size":"auto","background-attachment":"scroll","background-type":"","background-media":"","overlay-type":"","overlay-color":"","overlay-gradient":""}},"footnotes":""},"class_list":["post-6310","page","type-page","status-publish","hentry"],"_links":{"self":[{"href":"https:\/\/www.arnaudom.fr\/wordpress\/wp-json\/wp\/v2\/pages\/6310","targetHints":{"allow":["GET"]}}],"collection":[{"href":"https:\/\/www.arnaudom.fr\/wordpress\/wp-json\/wp\/v2\/pages"}],"about":[{"href":"https:\/\/www.arnaudom.fr\/wordpress\/wp-json\/wp\/v2\/types\/page"}],"author":[{"embeddable":true,"href":"https:\/\/www.arnaudom.fr\/wordpress\/wp-json\/wp\/v2\/users\/1"}],"replies":[{"embeddable":true,"href":"https:\/\/www.arnaudom.fr\/wordpress\/wp-json\/wp\/v2\/comments?post=6310"}],"version-history":[{"count":4,"href":"https:\/\/www.arnaudom.fr\/wordpress\/wp-json\/wp\/v2\/pages\/6310\/revisions"}],"predecessor-version":[{"id":6315,"href":"https:\/\/www.arnaudom.fr\/wordpress\/wp-json\/wp\/v2\/pages\/6310\/revisions\/6315"}],"wp:attachment":[{"href":"https:\/\/www.arnaudom.fr\/wordpress\/wp-json\/wp\/v2\/media?parent=6310"}],"curies":[{"name":"wp","href":"https:\/\/api.w.org\/{rel}","templated":true}]}}