{"id":6255,"date":"2020-09-04T06:18:24","date_gmt":"2020-09-04T04:18:24","guid":{"rendered":"http:\/\/www.arnaudom.fr\/wordpress\/?page_id=6255"},"modified":"2020-09-04T06:30:54","modified_gmt":"2020-09-04T04:30:54","slug":"sansstarmask","status":"publish","type":"page","link":"https:\/\/www.arnaudom.fr\/wordpress\/sansstarmask\/","title":{"rendered":"sansstarmask"},"content":{"rendered":"\t\t<div data-elementor-type=\"wp-page\" data-elementor-id=\"6255\" class=\"elementor elementor-6255\">\n\t\t\t\t\t\t<div class=\"elementor-inner\">\n\t\t\t\t<div class=\"elementor-section-wrap\">\n\t\t\t\t\t\t\t\t\t<section class=\"elementor-section elementor-top-section elementor-element elementor-element-fc7a40e elementor-section-full_width elementor-section-height-default elementor-section-height-default\" data-id=\"fc7a40e\" data-element_type=\"section\" data-settings=\"{&quot;background_background&quot;:&quot;classic&quot;}\">\n\t\t\t\t\t\t<div class=\"elementor-container elementor-column-gap-default\">\n\t\t\t\t\t\t\t<div class=\"elementor-row\">\n\t\t\t\t\t<div class=\"elementor-column elementor-col-100 elementor-top-column elementor-element elementor-element-1a17310\" data-id=\"1a17310\" data-element_type=\"column\" data-settings=\"{&quot;background_background&quot;:&quot;classic&quot;}\">\n\t\t\t<div class=\"elementor-column-wrap elementor-element-populated\">\n\t\t\t\t\t\t\t<div class=\"elementor-widget-wrap\">\n\t\t\t\t\t\t<div class=\"elementor-element elementor-element-89bd825 elementor-widget elementor-widget-heading\" data-id=\"89bd825\" data-element_type=\"widget\" data-widget_type=\"heading.default\">\n\t\t\t\t<div class=\"elementor-widget-container\">\n\t\t\t<h1 class=\"elementor-heading-title elementor-size-default\">Les masques (1\u00e8re partie) : les masques d'\u00e9toiles (3\/3)<\/h1>\t\t<\/div>\n\t\t\t\t<\/div>\n\t\t\t\t<div class=\"elementor-element elementor-element-f955f2c elementor-widget elementor-widget-heading\" data-id=\"f955f2c\" data-element_type=\"widget\" data-widget_type=\"heading.default\">\n\t\t\t\t<div class=\"elementor-widget-container\">\n\t\t\t<h2 class=\"elementor-heading-title elementor-size-default\">3-M\u00e9thode sans StarMask<\/h2>\t\t<\/div>\n\t\t\t\t<\/div>\n\t\t\t\t<div class=\"elementor-element elementor-element-969c4e4 elementor-widget elementor-widget-text-editor\" data-id=\"969c4e4\" data-element_type=\"widget\" data-widget_type=\"text-editor.default\">\n\t\t\t\t<div class=\"elementor-widget-container\">\n\t\t\t\t\t\t\t\t<div class=\"elementor-text-editor elementor-clearfix\">\n\t\t\t\t<p>Le process <strong><span class=\"gras\">Starmask<\/span><\/strong> est relativement lent et pas forc\u00e9ment tr\u00e8s ais\u00e9 \u00e0 utiliser. Cette m\u00e9thode montre comment on peut cr\u00e9er un masque d&rsquo;\u00e9toiles tout en se passant de lui.<\/p><p>Que ce soit avec une image lin\u00e9aire ou non lin\u00e9aire, on va proc\u00e9der de fa\u00e7on similaire. On commence par extraire la luminance de l&rsquo;image en cliquant sur le bouton <strong><span class=\"gras\">Extract CIE*L component<\/span><\/strong> :<\/p><div class=\"centre\"><img decoding=\"async\" class=\"aligncenter\" src=\"http:\/\/www.arnaudom.fr\/Img\/pix348.jpg\" alt=\"Pix\" \/><\/div><p>On obtient alors une image de luminance de l&rsquo;objet en noir et blanc. Cependant sur l&rsquo;image lin\u00e9aire on ne voit \u00e9videmment pas grand chose, donc il faut d&rsquo;abord lui appliquer un histogramme afin de la transformer en image non lin\u00e9aire.<\/p><div class=\"centre\"><img decoding=\"async\" class=\"aligncenter\" src=\"http:\/\/www.arnaudom.fr\/Img\/pix349.jpg\" alt=\"Pix\" \/><\/div><p>On lance maintenant le process <strong><span class=\"gras\">ATrousWaveletTransform<\/span><\/strong> et on va cliquer sur le cercle blanc du <strong><span class=\"gras\">Real-Time Preview<\/span><\/strong> pour voir en direct les changements apport\u00e9s \u00e0 l&rsquo;image.<\/p><div class=\"centre\"><img decoding=\"async\" class=\"aligncenter\" src=\"http:\/\/www.arnaudom.fr\/Img\/pix350.jpg\" alt=\"Pix\" \/><\/div><p>On va maintenant d\u00e9cocher les <span class=\"gras\">layers<strong> 1,2 et R<\/strong><\/span> ce qui a pour effet d&rsquo;isoler les structures de l&rsquo;image dont la taille correspond aux \u00e9toiles.<\/p><div class=\"centre\"><img decoding=\"async\" class=\"aligncenter\" src=\"http:\/\/www.arnaudom.fr\/Img\/pix351.jpg\" alt=\"Pix\" \/><\/div><p>On s\u00e9lectionne ensuite les <strong><span class=\"gras\">layers 3 et 4<\/span><\/strong> et on va pousser le curseur<strong> <span class=\"gras\">Bias<\/span> <\/strong>jusqu&rsquo;\u00e0 <strong><span class=\"gras\">0.500<\/span><\/strong> ce qui a pour effet de booster ces structures et donc de faire ressortir les \u00e9toiles.<\/p><div class=\"centre\"><img decoding=\"async\" class=\"aligncenter\" src=\"http:\/\/www.arnaudom.fr\/Img\/pix352.jpg\" alt=\"Pix\" \/><\/div><p>Enfin on coche la case <strong><span class=\"gras\">k-Sigma Noise Thresholding<\/span> <\/strong>pour d\u00e9bruiter le masque.<\/p><div class=\"centre\"><img decoding=\"async\" class=\"aligncenter\" src=\"http:\/\/www.arnaudom.fr\/Img\/pix353.jpg\" alt=\"Pix\" \/><\/div><p>Si vous utilisez mes process icons, toutes ces options sont d\u00e9j\u00e0 r\u00e9gl\u00e9es par d\u00e9faut. Il ne reste plus qu&rsquo;\u00e0 fermer la fen\u00eatre du <strong><span class=\"gras\">Real-Time Preview<\/span><\/strong> et \u00e0 appliquer le process sur l&rsquo;image de luminance pour la transformer en masque d&rsquo;\u00e9toiles.<\/p><div class=\"centre\"><img decoding=\"async\" class=\"aligncenter\" src=\"http:\/\/www.arnaudom.fr\/Img\/pix354.jpg\" alt=\"Pix\" \/><\/div><p>Quand on observe le masque en d\u00e9tail, on constate qu&rsquo;il reste quelques traces de n\u00e9bulosit\u00e9s sur l&rsquo;image.<\/p><div class=\"centre\"><img decoding=\"async\" class=\"aligncenter\" src=\"http:\/\/www.arnaudom.fr\/Img\/pix355.jpg\" alt=\"Pix\" \/><\/div><p>On va les supprimer \u00e0 l&rsquo;aide du process<strong> <span class=\"gras\">Histogramme Transformation<\/span><\/strong>. On fait un preview sur la zone de l&rsquo;image concern\u00e9e, puis on lance le process et on clique sur le <strong><span class=\"gras\">Real-Time Preview<\/span><\/strong>. On pousse le <strong><span class=\"gras\">curseur de gauche<\/span><\/strong> vers la droite pour faire disparaitre les traces de n\u00e9buleuse et on peut pousser le <strong><span class=\"gras\">curseur du milieu<\/span><\/strong> vers la gauche pour faire ressortir les petites \u00e9toiles. Bref, on joue avec ces deux curseurs pour essayer de se d\u00e9barasser des derni\u00e8res traces de l&rsquo;objet tout en essayant de ne pas supprimer les petites \u00e9toiles.<\/p><div class=\"centre\"><img decoding=\"async\" class=\"aligncenter\" src=\"http:\/\/www.arnaudom.fr\/Img\/pix356.jpg\" alt=\"Pix\" \/><\/div><p>Une fois que le r\u00e9sultat semble satisfaisant, il ne reste plus qu&rsquo;\u00e0 l&rsquo;appliquer sur l&rsquo;image.<\/p><p>Pour terminer notre masque, on va le flouter un peu car l&rsquo;op\u00e9ration pr\u00e9c\u00e9dente a fait ressortir les \u00e9toiles de mani\u00e8re un peu trop nette. Flouter l\u00e9g\u00e8rement le masque va permettre de l&rsquo;adoucir un peu. Pour cela on va utiliser le process <strong><span class=\"gras\">Convolution<\/span><\/strong>, on reprend notre preview et on lance \u00e0 nouveau le <strong><span class=\"gras\">Real-Time Preview<\/span><\/strong>.<\/p><div class=\"centre\"><img decoding=\"async\" class=\"aligncenter\" src=\"http:\/\/www.arnaudom.fr\/Img\/pix357.jpg\" alt=\"Pix\" \/><\/div><p>On joue sur le param\u00e8tre <strong><span class=\"gras\">StdDev<\/span><\/strong> pour flouter un peu nos \u00e9toiles. Une fois que les r\u00e9glages sont corrects, il ne reste plus qu&rsquo;\u00e0 appliquer le process sur notre masque afin de le terminer.<\/p><p>On peut maintenant appliquer le masque sur notre image. En cliquant sur <strong><span class=\"gras\">Mask\/Invert Mask<\/span><\/strong>, on peut examiner le r\u00e9sultat obtenu.<\/p><div class=\"centre\"><img decoding=\"async\" class=\"aligncenter\" src=\"http:\/\/www.arnaudom.fr\/Img\/pix358.jpg\" alt=\"Pix\" \/><\/div><p>On peut constater que les \u00e9toiles moyennes et grosses sont bien s\u00e9lectionn\u00e9es dans le masque.<\/p><div class=\"centre\"><img decoding=\"async\" class=\"aligncenter\" src=\"http:\/\/www.arnaudom.fr\/Img\/pix359.jpg\" alt=\"Pix\" \/><\/div><p>Cette m\u00e9thode permet de cr\u00e9er facilement et rapidement un masque d&rsquo;\u00e9toiles sans passer par la lourdeur du process <strong><span class=\"gras\">StarMask<\/span><\/strong>. Elle permet d&rsquo;obtenir un masque qui prend facilement en compte les grosses \u00e9toiles.<\/p><p>Voil\u00e0, avec ces trois m\u00e9thodes vous devriez \u00eatre en mesure de cr\u00e9er des masques d&rsquo;\u00e9toiles qui serviront soit \u00e0 appliquer un traitement directement sur les \u00e9toiles elles-m\u00eames (d\u00e9convolution, r\u00e9duction d&rsquo;\u00e9toiles &#8230;), soit en inversant le masque \u00e0 les prot\u00e9ger d&rsquo;un traitement appliqu\u00e9 sur une autre partie de l&rsquo;image (HDRMultiScaleTransform, Saturation des couleurs&#8230;), soit \u00e0 supprimer les \u00e9toiles pour cr\u00e9er une autre sorte de masque, mais ceci sera l&rsquo;objet d&rsquo;un prochain tutoriel.<\/p>\t\t\t\t\t<\/div>\n\t\t\t\t\t\t<\/div>\n\t\t\t\t<\/div>\n\t\t\t\t<div class=\"elementor-element elementor-element-3caacb4 elementor-align-center elementor-widget elementor-widget-button\" data-id=\"3caacb4\" data-element_type=\"widget\" data-widget_type=\"button.default\">\n\t\t\t\t<div class=\"elementor-widget-container\">\n\t\t\t\t\t<div class=\"elementor-button-wrapper\">\n\t\t\t<a href=\"http:\/\/www.arnaudom.fr\/wordpress\/etoilesoptimise\" class=\"elementor-button-link elementor-button elementor-size-sm\" role=\"button\">\n\t\t\t\t\t\t<span class=\"elementor-button-content-wrapper\">\n\t\t\t\t\t\t\t<span class=\"elementor-button-icon elementor-align-icon-left\">\n\t\t\t\t<i aria-hidden=\"true\" class=\"fas fa-arrow-left\"><\/i>\t\t\t<\/span>\n\t\t\t\t\t\t<span class=\"elementor-button-text\">Page 3<\/span>\n\t\t<\/span>\n\t\t\t\t\t<\/a>\n\t\t<\/div>\n\t\t\t\t<\/div>\n\t\t\t\t<\/div>\n\t\t\t\t\t\t<\/div>\n\t\t\t\t\t<\/div>\n\t\t<\/div>\n\t\t\t\t\t\t\t\t<\/div>\n\t\t\t\t\t<\/div>\n\t\t<\/section>\n\t\t\t\t\t\t\t\t\t<\/div>\n\t\t\t<\/div>\n\t\t\t\t\t<\/div>\n\t\t","protected":false},"excerpt":{"rendered":"<p>Les masques (1\u00e8re partie) : les masques d&rsquo;\u00e9toiles (3\/3) 3-M\u00e9thode sans StarMask Le process Starmask est relativement lent et pas forc\u00e9ment tr\u00e8s ais\u00e9 \u00e0 utiliser. Cette m\u00e9thode montre comment on peut cr\u00e9er un masque d&rsquo;\u00e9toiles tout en se passant de lui. Que ce soit avec une image lin\u00e9aire ou non lin\u00e9aire, on va proc\u00e9der de &hellip;<\/p>\n<p class=\"read-more\"> <a class=\"\" href=\"https:\/\/www.arnaudom.fr\/wordpress\/sansstarmask\/\"> <span class=\"screen-reader-text\">sansstarmask<\/span> Lire la suite\u00a0\u00bb<\/a><\/p>\n","protected":false},"author":1,"featured_media":0,"parent":0,"menu_order":0,"comment_status":"closed","ping_status":"closed","template":"","meta":{"site-sidebar-layout":"default","site-content-layout":"default","ast-site-content-layout":"","site-content-style":"default","site-sidebar-style":"default","ast-global-header-display":"","ast-banner-title-visibility":"","ast-main-header-display":"","ast-hfb-above-header-display":"","ast-hfb-below-header-display":"","ast-hfb-mobile-header-display":"","site-post-title":"disabled","ast-breadcrumbs-content":"","ast-featured-img":"","footer-sml-layout":"","theme-transparent-header-meta":"default","adv-header-id-meta":"","stick-header-meta":"","header-above-stick-meta":"","header-main-stick-meta":"","header-below-stick-meta":"","astra-migrate-meta-layouts":"","ast-page-background-enabled":"default","ast-page-background-meta":{"desktop":{"background-color":"","background-image":"","background-repeat":"repeat","background-position":"center center","background-size":"auto","background-attachment":"scroll","background-type":"","background-media":"","overlay-type":"","overlay-color":"","overlay-gradient":""},"tablet":{"background-color":"","background-image":"","background-repeat":"repeat","background-position":"center center","background-size":"auto","background-attachment":"scroll","background-type":"","background-media":"","overlay-type":"","overlay-color":"","overlay-gradient":""},"mobile":{"background-color":"","background-image":"","background-repeat":"repeat","background-position":"center center","background-size":"auto","background-attachment":"scroll","background-type":"","background-media":"","overlay-type":"","overlay-color":"","overlay-gradient":""}},"ast-content-background-meta":{"desktop":{"background-color":"var(--ast-global-color-5)","background-image":"","background-repeat":"repeat","background-position":"center center","background-size":"auto","background-attachment":"scroll","background-type":"","background-media":"","overlay-type":"","overlay-color":"","overlay-gradient":""},"tablet":{"background-color":"var(--ast-global-color-5)","background-image":"","background-repeat":"repeat","background-position":"center center","background-size":"auto","background-attachment":"scroll","background-type":"","background-media":"","overlay-type":"","overlay-color":"","overlay-gradient":""},"mobile":{"background-color":"var(--ast-global-color-5)","background-image":"","background-repeat":"repeat","background-position":"center center","background-size":"auto","background-attachment":"scroll","background-type":"","background-media":"","overlay-type":"","overlay-color":"","overlay-gradient":""}},"footnotes":""},"class_list":["post-6255","page","type-page","status-publish","hentry"],"_links":{"self":[{"href":"https:\/\/www.arnaudom.fr\/wordpress\/wp-json\/wp\/v2\/pages\/6255","targetHints":{"allow":["GET"]}}],"collection":[{"href":"https:\/\/www.arnaudom.fr\/wordpress\/wp-json\/wp\/v2\/pages"}],"about":[{"href":"https:\/\/www.arnaudom.fr\/wordpress\/wp-json\/wp\/v2\/types\/page"}],"author":[{"embeddable":true,"href":"https:\/\/www.arnaudom.fr\/wordpress\/wp-json\/wp\/v2\/users\/1"}],"replies":[{"embeddable":true,"href":"https:\/\/www.arnaudom.fr\/wordpress\/wp-json\/wp\/v2\/comments?post=6255"}],"version-history":[{"count":6,"href":"https:\/\/www.arnaudom.fr\/wordpress\/wp-json\/wp\/v2\/pages\/6255\/revisions"}],"predecessor-version":[{"id":6263,"href":"https:\/\/www.arnaudom.fr\/wordpress\/wp-json\/wp\/v2\/pages\/6255\/revisions\/6263"}],"wp:attachment":[{"href":"https:\/\/www.arnaudom.fr\/wordpress\/wp-json\/wp\/v2\/media?parent=6255"}],"curies":[{"name":"wp","href":"https:\/\/api.w.org\/{rel}","templated":true}]}}