{"id":6214,"date":"2020-08-30T23:30:42","date_gmt":"2020-08-30T21:30:42","guid":{"rendered":"http:\/\/www.arnaudom.fr\/wordpress\/?page_id=6214"},"modified":"2020-08-30T23:34:51","modified_gmt":"2020-08-30T21:34:51","slug":"docpix","status":"publish","type":"page","link":"https:\/\/www.arnaudom.fr\/wordpress\/docpix\/","title":{"rendered":"docpix"},"content":{"rendered":"\t\t<div data-elementor-type=\"wp-page\" data-elementor-id=\"6214\" class=\"elementor elementor-6214\">\n\t\t\t\t\t\t<div class=\"elementor-inner\">\n\t\t\t\t<div class=\"elementor-section-wrap\">\n\t\t\t\t\t\t\t\t\t<section class=\"elementor-section elementor-top-section elementor-element elementor-element-621e826 elementor-section-full_width elementor-section-height-default elementor-section-height-default\" data-id=\"621e826\" data-element_type=\"section\" data-settings=\"{&quot;background_background&quot;:&quot;classic&quot;}\">\n\t\t\t\t\t\t<div class=\"elementor-container elementor-column-gap-default\">\n\t\t\t\t\t\t\t<div class=\"elementor-row\">\n\t\t\t\t\t<div class=\"elementor-column elementor-col-100 elementor-top-column elementor-element elementor-element-0740ed9\" data-id=\"0740ed9\" data-element_type=\"column\" data-settings=\"{&quot;background_background&quot;:&quot;classic&quot;}\">\n\t\t\t<div class=\"elementor-column-wrap elementor-element-populated\">\n\t\t\t\t\t\t\t<div class=\"elementor-widget-wrap\">\n\t\t\t\t\t\t<div class=\"elementor-element elementor-element-d2f5f8d elementor-widget elementor-widget-heading\" data-id=\"d2f5f8d\" data-element_type=\"widget\" data-widget_type=\"heading.default\">\n\t\t\t\t<div class=\"elementor-widget-container\">\n\t\t\t<h1 class=\"elementor-heading-title elementor-size-default\">Documents \u00e0 t\u00e9l\u00e9charger<\/h1>\t\t<\/div>\n\t\t\t\t<\/div>\n\t\t\t\t<div class=\"elementor-element elementor-element-737133f elementor-widget elementor-widget-text-editor\" data-id=\"737133f\" data-element_type=\"widget\" data-widget_type=\"text-editor.default\">\n\t\t\t\t<div class=\"elementor-widget-container\">\n\t\t\t\t\t\t\t\t<div class=\"elementor-text-editor elementor-clearfix\">\n\t\t\t\t<p><em>Ecrit le 28\/02\/14.<\/em><\/p>\t\t\t\t\t<\/div>\n\t\t\t\t\t\t<\/div>\n\t\t\t\t<\/div>\n\t\t\t\t<div class=\"elementor-element elementor-element-2692c66 elementor-widget elementor-widget-text-editor\" data-id=\"2692c66\" data-element_type=\"widget\" data-widget_type=\"text-editor.default\">\n\t\t\t\t<div class=\"elementor-widget-container\">\n\t\t\t\t\t\t\t\t<div class=\"elementor-text-editor elementor-clearfix\">\n\t\t\t\t<p>Pour faire suite aux rubriques pr\u00e9c\u00e9dentes, j&rsquo;ai pens\u00e9 qu&rsquo;il serait pratique de regrouper sur une m\u00eame page et de mettre en t\u00e9l\u00e9chargement les fichiers images que j&rsquo;ai utilis\u00e9s dans mes tutoriels, ainsi que les fichiers process icons et les tutoriels eux-m\u00eames au format PDF. Cliquez sur les liens !<\/p>\t\t\t\t\t<\/div>\n\t\t\t\t\t\t<\/div>\n\t\t\t\t<\/div>\n\t\t\t\t<div class=\"elementor-element elementor-element-b41bf74 elementor-widget elementor-widget-heading\" data-id=\"b41bf74\" data-element_type=\"widget\" data-widget_type=\"heading.default\">\n\t\t\t\t<div class=\"elementor-widget-container\">\n\t\t\t<h2 class=\"elementor-heading-title elementor-size-default\">Fichiers images<\/h2>\t\t<\/div>\n\t\t\t\t<\/div>\n\t\t\t\t<div class=\"elementor-element elementor-element-b4eb9aa elementor-widget elementor-widget-text-editor\" data-id=\"b4eb9aa\" data-element_type=\"widget\" data-widget_type=\"text-editor.default\">\n\t\t\t\t<div class=\"elementor-widget-container\">\n\t\t\t\t\t\t\t\t<div class=\"elementor-text-editor elementor-clearfix\">\n\t\t\t\t<p>Fichier disponible sur mes liens DropBox :<\/p><p><a href=\"https:\/\/www.dropbox.com\/s\/i14tk99kbihzv4g\/FichiersM51.zip?dl=0\">Fichierm51.zip<\/a> : ce fichier zip contient toutes les images (offset, dark, flat et brutes de M51) utilis\u00e9es dans les tutoriels. Attention il p\u00e8se 380 Mo !<\/p>\t\t\t\t\t<\/div>\n\t\t\t\t\t\t<\/div>\n\t\t\t\t<\/div>\n\t\t\t\t<div class=\"elementor-element elementor-element-e1ff04b elementor-widget elementor-widget-heading\" data-id=\"e1ff04b\" data-element_type=\"widget\" data-widget_type=\"heading.default\">\n\t\t\t\t<div class=\"elementor-widget-container\">\n\t\t\t<h2 class=\"elementor-heading-title elementor-size-default\">Tutoriels au format PDF et fichiers process icons<\/h2>\t\t<\/div>\n\t\t\t\t<\/div>\n\t\t\t\t<div class=\"elementor-element elementor-element-62320de elementor-widget elementor-widget-text-editor\" data-id=\"62320de\" data-element_type=\"widget\" data-widget_type=\"text-editor.default\">\n\t\t\t\t<div class=\"elementor-widget-container\">\n\t\t\t\t\t\t\t\t<div class=\"elementor-text-editor elementor-clearfix\">\n\t\t\t\t<p>&#8211; <a href=\"http:\/\/www.arnaudom.fr\/Introduction.zip\">introduction \u00e0 PixInsight<\/a><\/p><p>&#8211; <a href=\"http:\/\/www.arnaudom.fr\/PretraitementAPN.zip\">pr\u00e9traitement des images<\/a> et le fichier <a href=\"http:\/\/www.arnaudom.fr\/Pretraitement.zip\">process icons<\/a> correspondant<\/p><p>&#8211; <a href=\"http:\/\/www.arnaudom.fr\/AdditionAPM.zip\">addition des images<\/a> et le fichier <a href=\"http:\/\/www.arnaudom.fr\/Addition.zip\">process icons<\/a> correspondant<\/p><p>&#8211; <a href=\"http:\/\/www.arnaudom.fr\/LineaireAPN.zip\">traitement des images lin\u00e9aires<\/a> et le fichier <a href=\"http:\/\/www.arnaudom.fr\/lineaire.zip\">process icons<\/a> correspondant<\/p><p>&#8211; <a href=\"http:\/\/www.arnaudom.fr\/NollineaireAPN.zip\">traitement des images non-lin\u00e9aires<\/a> et le fichier <a href=\"http:\/\/www.arnaudom.fr\/nonlineaire.zip\">process icons<\/a> correspondant.<\/p>\t\t\t\t\t<\/div>\n\t\t\t\t\t\t<\/div>\n\t\t\t\t<\/div>\n\t\t\t\t\t\t<\/div>\n\t\t\t\t\t<\/div>\n\t\t<\/div>\n\t\t\t\t\t\t\t\t<\/div>\n\t\t\t\t\t<\/div>\n\t\t<\/section>\n\t\t\t\t\t\t\t\t\t<\/div>\n\t\t\t<\/div>\n\t\t\t\t\t<\/div>\n\t\t","protected":false},"excerpt":{"rendered":"<p>Documents \u00e0 t\u00e9l\u00e9charger Ecrit le 28\/02\/14. Pour faire suite aux rubriques pr\u00e9c\u00e9dentes, j&rsquo;ai pens\u00e9 qu&rsquo;il serait pratique de regrouper sur une m\u00eame page et de mettre en t\u00e9l\u00e9chargement les fichiers images que j&rsquo;ai utilis\u00e9s dans mes tutoriels, ainsi que les fichiers process icons et les tutoriels eux-m\u00eames au format PDF. Cliquez sur les liens ! &hellip;<\/p>\n<p class=\"read-more\"> <a class=\"\" href=\"https:\/\/www.arnaudom.fr\/wordpress\/docpix\/\"> <span class=\"screen-reader-text\">docpix<\/span> Lire la suite\u00a0\u00bb<\/a><\/p>\n","protected":false},"author":1,"featured_media":0,"parent":0,"menu_order":0,"comment_status":"closed","ping_status":"closed","template":"","meta":{"site-sidebar-layout":"default","site-content-layout":"default","ast-site-content-layout":"","site-content-style":"default","site-sidebar-style":"default","ast-global-header-display":"","ast-banner-title-visibility":"","ast-main-header-display":"","ast-hfb-above-header-display":"","ast-hfb-below-header-display":"","ast-hfb-mobile-header-display":"","site-post-title":"disabled","ast-breadcrumbs-content":"","ast-featured-img":"","footer-sml-layout":"","theme-transparent-header-meta":"default","adv-header-id-meta":"","stick-header-meta":"","header-above-stick-meta":"","header-main-stick-meta":"","header-below-stick-meta":"","astra-migrate-meta-layouts":"","ast-page-background-enabled":"default","ast-page-background-meta":{"desktop":{"background-color":"","background-image":"","background-repeat":"repeat","background-position":"center center","background-size":"auto","background-attachment":"scroll","background-type":"","background-media":"","overlay-type":"","overlay-color":"","overlay-gradient":""},"tablet":{"background-color":"","background-image":"","background-repeat":"repeat","background-position":"center center","background-size":"auto","background-attachment":"scroll","background-type":"","background-media":"","overlay-type":"","overlay-color":"","overlay-gradient":""},"mobile":{"background-color":"","background-image":"","background-repeat":"repeat","background-position":"center center","background-size":"auto","background-attachment":"scroll","background-type":"","background-media":"","overlay-type":"","overlay-color":"","overlay-gradient":""}},"ast-content-background-meta":{"desktop":{"background-color":"var(--ast-global-color-5)","background-image":"","background-repeat":"repeat","background-position":"center center","background-size":"auto","background-attachment":"scroll","background-type":"","background-media":"","overlay-type":"","overlay-color":"","overlay-gradient":""},"tablet":{"background-color":"var(--ast-global-color-5)","background-image":"","background-repeat":"repeat","background-position":"center center","background-size":"auto","background-attachment":"scroll","background-type":"","background-media":"","overlay-type":"","overlay-color":"","overlay-gradient":""},"mobile":{"background-color":"var(--ast-global-color-5)","background-image":"","background-repeat":"repeat","background-position":"center center","background-size":"auto","background-attachment":"scroll","background-type":"","background-media":"","overlay-type":"","overlay-color":"","overlay-gradient":""}},"footnotes":""},"class_list":["post-6214","page","type-page","status-publish","hentry"],"_links":{"self":[{"href":"https:\/\/www.arnaudom.fr\/wordpress\/wp-json\/wp\/v2\/pages\/6214","targetHints":{"allow":["GET"]}}],"collection":[{"href":"https:\/\/www.arnaudom.fr\/wordpress\/wp-json\/wp\/v2\/pages"}],"about":[{"href":"https:\/\/www.arnaudom.fr\/wordpress\/wp-json\/wp\/v2\/types\/page"}],"author":[{"embeddable":true,"href":"https:\/\/www.arnaudom.fr\/wordpress\/wp-json\/wp\/v2\/users\/1"}],"replies":[{"embeddable":true,"href":"https:\/\/www.arnaudom.fr\/wordpress\/wp-json\/wp\/v2\/comments?post=6214"}],"version-history":[{"count":6,"href":"https:\/\/www.arnaudom.fr\/wordpress\/wp-json\/wp\/v2\/pages\/6214\/revisions"}],"predecessor-version":[{"id":6221,"href":"https:\/\/www.arnaudom.fr\/wordpress\/wp-json\/wp\/v2\/pages\/6214\/revisions\/6221"}],"wp:attachment":[{"href":"https:\/\/www.arnaudom.fr\/wordpress\/wp-json\/wp\/v2\/media?parent=6214"}],"curies":[{"name":"wp","href":"https:\/\/api.w.org\/{rel}","templated":true}]}}