{"id":617,"date":"2018-08-06T23:01:39","date_gmt":"2018-08-06T21:01:39","guid":{"rendered":"http:\/\/www.arnaudom.fr\/wordpress\/?page_id=617"},"modified":"2021-02-18T09:02:07","modified_gmt":"2021-02-18T08:02:07","slug":"qui-suis-je","status":"publish","type":"page","link":"https:\/\/www.arnaudom.fr\/wordpress\/qui-suis-je\/","title":{"rendered":"Qui suis-je ?"},"content":{"rendered":"\t\t<div data-elementor-type=\"wp-post\" data-elementor-id=\"617\" class=\"elementor elementor-617\">\n\t\t\t\t\t\t<div class=\"elementor-inner\">\n\t\t\t\t<div class=\"elementor-section-wrap\">\n\t\t\t\t\t\t\t\t\t<section class=\"elementor-section elementor-top-section elementor-element elementor-element-64b53e76 elementor-section-full_width elementor-section-height-default elementor-section-height-default\" data-id=\"64b53e76\" data-element_type=\"section\">\n\t\t\t\t\t\t<div class=\"elementor-container elementor-column-gap-default\">\n\t\t\t\t\t\t\t<div class=\"elementor-row\">\n\t\t\t\t\t<div class=\"elementor-column elementor-col-100 elementor-top-column elementor-element elementor-element-1d9d0e04\" data-id=\"1d9d0e04\" data-element_type=\"column\" data-settings=\"{&quot;background_background&quot;:&quot;classic&quot;}\">\n\t\t\t<div class=\"elementor-column-wrap elementor-element-populated\">\n\t\t\t\t\t\t\t<div class=\"elementor-widget-wrap\">\n\t\t\t\t\t\t<div class=\"elementor-element elementor-element-b39e1a0 elementor-widget elementor-widget-heading\" data-id=\"b39e1a0\" data-element_type=\"widget\" data-widget_type=\"heading.default\">\n\t\t\t\t<div class=\"elementor-widget-container\">\n\t\t\t<h1 class=\"elementor-heading-title elementor-size-default\">Qui suis-je ?<\/h1>\t\t<\/div>\n\t\t\t\t<\/div>\n\t\t\t\t<div class=\"elementor-element elementor-element-4d7932b elementor-widget elementor-widget-text-editor\" data-id=\"4d7932b\" data-element_type=\"widget\" data-widget_type=\"text-editor.default\">\n\t\t\t\t<div class=\"elementor-widget-container\">\n\t\t\t\t\t\t\t\t<div class=\"elementor-text-editor elementor-clearfix\">\n\t\t\t\t<p>Donc je m&rsquo;appelle Dominique, j&rsquo;habite en Haute-Savoie pr\u00e8s du Lac L\u00e9man et j&rsquo;enseigne les math\u00e9matiques en coll\u00e8ge (il en faut, si, si&#8230;). Autant que je me souvienne, j&rsquo;ai toujours \u00e9t\u00e9 int\u00e9ress\u00e9 de pr\u00e8s ou de loin par l&rsquo;astronomie. Ce n&rsquo;est pourtant qu&rsquo;en f\u00e9vrier 2004 que je me d\u00e9cide \u00e0 franchir le pas, apr\u00e8s avoir lu \u00ab\u00a0l&rsquo;astronome amateur\u00a0\u00bb de Bordas, un ouvrage de vulgarisation tr\u00e8s clair et tr\u00e8s simple qui a d\u00e9clench\u00e9 mon envie de me lancer vraiment dans l&rsquo;aventure. C&rsquo;est donc \u00e0 ce moment-l\u00e0 que je me suis offert mon premier instrument astronomique, le Skywatcher 130\/900 (un grand moment d&rsquo;\u00e9motion !!), instrument d&rsquo;un rapport qualit\u00e9\/prix sans doute imbattable selon moi, et qui m&rsquo;a permis de plonger dans le monde fascinant de l&rsquo;astronomie amateur.<\/p>\n<p>C&rsquo;est cette m\u00eame ann\u00e9e que je rejoins la Soci\u00e9t\u00e9 Astronomique du L\u00e9man, club tr\u00e8s convivial qui poss\u00e8de son propre observatoire sur la commune de Vinzier en Haute-Savoie, au-dessus d&rsquo;Evian-les-bains. Enfin, toujours en 2004, ma compagne m&rsquo;offre la fameuse petite webcam Atik 1-C qui me permet de me lancer dans la photographie plan\u00e9taire et de m&rsquo;initier \u00e0 la photographie du ciel profond avec mon cher 130\/900. C&rsquo;est ce qui me donne l&rsquo;envie de cr\u00e9er ce site web, que je m&rsquo;efforce depuis, avec plus ou moins de bonheur, de mettre \u00e0 jour r\u00e9guli\u00e8rement.<\/p>\n<p>J&rsquo;ai ensuite revendu en 2006 mon 130\/900 \u00e9quip\u00e9 d&rsquo;une monture EQ3\/2 (achet\u00e9 en remplacement de la monture EQ2 d&rsquo;origine et elle aussi revendue), pour le remplacer par un 200\/800 sur monture Sky View Pro, et j&rsquo;ai fait en m\u00eame temps l&rsquo;acquisition d&rsquo;un petit Mak Skywatcher 127\/1500 (pratique pour partir en vacances&#8230;).<\/p>\n<p>A l&rsquo;approche de mes 40 ans, je me suis ensuite offert mon premier appareil photo reflex, un Canon 350 D achet\u00e9 d&rsquo;occasion sur Internet, et je me suis lanc\u00e9 dans la photo num\u00e9rique du ciel profond avec cet appareil. Mes premi\u00e8res photos sont en ligne sur le site.<\/p>\n<p>Puis l&rsquo;ann\u00e9e 2010 fut pour moi une r\u00e9volution avec l&rsquo;achat de la monture EQ6 pro : cette monture m&rsquo;a permis une \u00e9volution \u00e9norme dans ma pratique de la photographie du ciel profond. Gr\u00e2ce \u00e0 elle, j&rsquo;ai pu en particulier mettre en oeuvre la technique d&rsquo;autoguidage de la monture, qui permet d&rsquo;acc\u00e9der aux longues pose et je peux d\u00e9sormais obtenir des photographies des objets du ciel profond qui commencent \u00e0 ressembler \u00e0 ce que je r\u00eavais de pouvoir faire &#8230;<\/p>\n<p>En 2018, j&rsquo;ai maintenant remplac\u00e9 mon premier 200\/800 par un Newton de m\u00eame formule optique mais \u00e9quip\u00e9 d&rsquo;un tube carbone, et c&rsquo;est d\u00e9sormais le Canon 450 D (toujours d&rsquo;occasion &#8230;) qui remplace le 350 D qui a rendu l&rsquo;\u00e2me. Je red\u00e9couvre \u00e9galement le simple bonheur d&rsquo;observer suite \u00e0 l&rsquo;achat de jumelles 20&#215;80 qui me permettent de red\u00e9couvrir le ciel de fa\u00e7on simple et rapide.<\/p>\n<p>Enfin j&rsquo;ai fait l&rsquo;acquisition en 2020 d&rsquo;une cam\u00e9ra ZW0 1600 sp\u00e9cialement d\u00e9di\u00e9e \u00e0 la photographie du ciel profond.<br><\/p>\n<p>Ma seule ambition reste d&rsquo;inciter le plus grand nombre \u00e0 se lancer dans l&rsquo;aventure, de montrer qu&rsquo;il est possible de le faire sans forc\u00e9ment disposer d&rsquo;un mat\u00e9riel tr\u00e8s sophistiqu\u00e9 (et on\u00e9reux&#8230;) et sans forc\u00e9ment trop s&rsquo;occuper du c\u00f4t\u00e9 \u00ab\u00a0technique\u00a0\u00bb de l&rsquo;astronomie qui personnellement ne m&rsquo;int\u00e9resse que tr\u00e8s moyennement &#8230;<\/p>\n<p>Voil\u00e0 donc o\u00f9 j&rsquo;en suis de mon parcours \u00ab\u00a0astronomique\u00a0\u00bb, au moment o\u00f9 j&rsquo;\u00e9cris ces lignes. Je vous souhaite de bons cieux !<\/p>\t\t\t\t\t<\/div>\n\t\t\t\t\t\t<\/div>\n\t\t\t\t<\/div>\n\t\t\t\t\t\t<\/div>\n\t\t\t\t\t<\/div>\n\t\t<\/div>\n\t\t\t\t\t\t\t\t<\/div>\n\t\t\t\t\t<\/div>\n\t\t<\/section>\n\t\t\t\t\t\t\t\t\t<\/div>\n\t\t\t<\/div>\n\t\t\t\t\t<\/div>\n\t\t","protected":false},"excerpt":{"rendered":"<p>Qui suis-je ? Donc je m&rsquo;appelle Dominique, j&rsquo;habite en Haute-Savoie pr\u00e8s du Lac L\u00e9man et j&rsquo;enseigne les math\u00e9matiques en coll\u00e8ge (il en faut, si, si&#8230;). Autant que je me souvienne, j&rsquo;ai toujours \u00e9t\u00e9 int\u00e9ress\u00e9 de pr\u00e8s ou de loin par l&rsquo;astronomie. Ce n&rsquo;est pourtant qu&rsquo;en f\u00e9vrier 2004 que je me d\u00e9cide \u00e0 franchir le pas, &hellip;<\/p>\n<p class=\"read-more\"> <a class=\"\" href=\"https:\/\/www.arnaudom.fr\/wordpress\/qui-suis-je\/\"> <span class=\"screen-reader-text\">Qui suis-je ?<\/span> Lire la suite\u00a0\u00bb<\/a><\/p>\n","protected":false},"author":1,"featured_media":0,"parent":0,"menu_order":0,"comment_status":"closed","ping_status":"closed","template":"","meta":{"site-sidebar-layout":"default","site-content-layout":"default","ast-site-content-layout":"","site-content-style":"default","site-sidebar-style":"default","ast-global-header-display":"","ast-banner-title-visibility":"","ast-main-header-display":"","ast-hfb-above-header-display":"","ast-hfb-below-header-display":"","ast-hfb-mobile-header-display":"","site-post-title":"disabled","ast-breadcrumbs-content":"","ast-featured-img":"","footer-sml-layout":"","theme-transparent-header-meta":"default","adv-header-id-meta":"","stick-header-meta":"","header-above-stick-meta":"","header-main-stick-meta":"","header-below-stick-meta":"","astra-migrate-meta-layouts":"","ast-page-background-enabled":"default","ast-page-background-meta":{"desktop":{"background-color":"","background-image":"","background-repeat":"repeat","background-position":"center center","background-size":"auto","background-attachment":"scroll","background-type":"","background-media":"","overlay-type":"","overlay-color":"","overlay-gradient":""},"tablet":{"background-color":"","background-image":"","background-repeat":"repeat","background-position":"center center","background-size":"auto","background-attachment":"scroll","background-type":"","background-media":"","overlay-type":"","overlay-color":"","overlay-gradient":""},"mobile":{"background-color":"","background-image":"","background-repeat":"repeat","background-position":"center center","background-size":"auto","background-attachment":"scroll","background-type":"","background-media":"","overlay-type":"","overlay-color":"","overlay-gradient":""}},"ast-content-background-meta":{"desktop":{"background-color":"var(--ast-global-color-5)","background-image":"","background-repeat":"repeat","background-position":"center center","background-size":"auto","background-attachment":"scroll","background-type":"","background-media":"","overlay-type":"","overlay-color":"","overlay-gradient":""},"tablet":{"background-color":"var(--ast-global-color-5)","background-image":"","background-repeat":"repeat","background-position":"center center","background-size":"auto","background-attachment":"scroll","background-type":"","background-media":"","overlay-type":"","overlay-color":"","overlay-gradient":""},"mobile":{"background-color":"var(--ast-global-color-5)","background-image":"","background-repeat":"repeat","background-position":"center center","background-size":"auto","background-attachment":"scroll","background-type":"","background-media":"","overlay-type":"","overlay-color":"","overlay-gradient":""}},"footnotes":""},"class_list":["post-617","page","type-page","status-publish","hentry"],"_links":{"self":[{"href":"https:\/\/www.arnaudom.fr\/wordpress\/wp-json\/wp\/v2\/pages\/617","targetHints":{"allow":["GET"]}}],"collection":[{"href":"https:\/\/www.arnaudom.fr\/wordpress\/wp-json\/wp\/v2\/pages"}],"about":[{"href":"https:\/\/www.arnaudom.fr\/wordpress\/wp-json\/wp\/v2\/types\/page"}],"author":[{"embeddable":true,"href":"https:\/\/www.arnaudom.fr\/wordpress\/wp-json\/wp\/v2\/users\/1"}],"replies":[{"embeddable":true,"href":"https:\/\/www.arnaudom.fr\/wordpress\/wp-json\/wp\/v2\/comments?post=617"}],"version-history":[{"count":16,"href":"https:\/\/www.arnaudom.fr\/wordpress\/wp-json\/wp\/v2\/pages\/617\/revisions"}],"predecessor-version":[{"id":6985,"href":"https:\/\/www.arnaudom.fr\/wordpress\/wp-json\/wp\/v2\/pages\/617\/revisions\/6985"}],"wp:attachment":[{"href":"https:\/\/www.arnaudom.fr\/wordpress\/wp-json\/wp\/v2\/media?parent=617"}],"curies":[{"name":"wp","href":"https:\/\/api.w.org\/{rel}","templated":true}]}}