{"id":6054,"date":"2020-08-29T07:48:39","date_gmt":"2020-08-29T05:48:39","guid":{"rendered":"http:\/\/www.arnaudom.fr\/wordpress\/?page_id=6054"},"modified":"2020-08-29T14:14:50","modified_gmt":"2020-08-29T12:14:50","slug":"lineaire","status":"publish","type":"page","link":"https:\/\/www.arnaudom.fr\/wordpress\/lineaire\/","title":{"rendered":"lineaire"},"content":{"rendered":"\t\t<div data-elementor-type=\"wp-page\" data-elementor-id=\"6054\" class=\"elementor elementor-6054\">\n\t\t\t\t\t\t<div class=\"elementor-inner\">\n\t\t\t\t<div class=\"elementor-section-wrap\">\n\t\t\t\t\t\t\t\t\t<section class=\"elementor-section elementor-top-section elementor-element elementor-element-efd94f7 elementor-section-full_width elementor-section-height-default elementor-section-height-default\" data-id=\"efd94f7\" data-element_type=\"section\" data-settings=\"{&quot;background_background&quot;:&quot;classic&quot;}\">\n\t\t\t\t\t\t<div class=\"elementor-container elementor-column-gap-default\">\n\t\t\t\t\t\t\t<div class=\"elementor-row\">\n\t\t\t\t\t<div class=\"elementor-column elementor-col-100 elementor-top-column elementor-element elementor-element-c1c422f\" data-id=\"c1c422f\" data-element_type=\"column\" data-settings=\"{&quot;background_background&quot;:&quot;classic&quot;}\">\n\t\t\t<div class=\"elementor-column-wrap elementor-element-populated\">\n\t\t\t\t\t\t\t<div class=\"elementor-widget-wrap\">\n\t\t\t\t\t\t<div class=\"elementor-element elementor-element-9232d84 elementor-widget elementor-widget-heading\" data-id=\"9232d84\" data-element_type=\"widget\" data-widget_type=\"heading.default\">\n\t\t\t\t<div class=\"elementor-widget-container\">\n\t\t\t<h1 class=\"elementor-heading-title elementor-size-default\">Traitement des images lin\u00e9aires avec PixInsight (1\/4)<\/h1>\t\t<\/div>\n\t\t\t\t<\/div>\n\t\t\t\t<div class=\"elementor-element elementor-element-4d8e6b2 elementor-widget elementor-widget-text-editor\" data-id=\"4d8e6b2\" data-element_type=\"widget\" data-widget_type=\"text-editor.default\">\n\t\t\t\t<div class=\"elementor-widget-container\">\n\t\t\t\t\t\t\t\t<div class=\"elementor-text-editor elementor-clearfix\">\n\t\t\t\t<p><em>Ecrit le 20\/12\/13.<\/em><\/p>\t\t\t\t\t<\/div>\n\t\t\t\t\t\t<\/div>\n\t\t\t\t<\/div>\n\t\t\t\t<div class=\"elementor-element elementor-element-d51e8c6 elementor-widget elementor-widget-text-editor\" data-id=\"d51e8c6\" data-element_type=\"widget\" data-widget_type=\"text-editor.default\">\n\t\t\t\t<div class=\"elementor-widget-container\">\n\t\t\t\t\t\t\t\t<div class=\"elementor-text-editor elementor-clearfix\">\n\t\t\t\t<p>Nous avons une image nomm\u00e9e <strong><span class=\"gras\">M51finale<\/span><\/strong>, issue du pr\u00e9traitement puis de l&rsquo;addition des images. Nous allons maintenant passer \u00e0 son traitement proprement dit.<\/p><p>Si vous souhaitez utiliser mes process icons personnels, il vous faut les t\u00e9l\u00e9charger ici : <a href=\"http:\/\/www.arnaudom.fr\/lineaire.zip\">Traitement lin\u00e9aire<\/a>.<\/p><p>Alors autant lors du pr\u00e9traitement et de l&rsquo;addition des images, les \u00e9tapes \u00e0 suivre sont toujours les m\u00eames, autant lors du traitement final il n&rsquo;y a pas forc\u00e9ment de m\u00e9thode g\u00e9n\u00e9rale, car d&rsquo;une part la subjectivit\u00e9 personnelle entre en jeu (un traitement qui sera du go\u00fbt d&rsquo;une personne ne plaira pas forc\u00e9ment \u00e0 une autre), et d&rsquo;autre part ce qui marchera bien sur une image ne fonctionnera pas forc\u00e9ment sur une autre. Nous allons tout de m\u00eame essayer de suivre quelques grandes lignes qui pourront servir de base \u00e0 n&rsquo;importe quel traitement.<\/p><p>L&rsquo;image sur laquelle nous allons op\u00e9rer est une image lin\u00e9aire, c&rsquo;est-\u00e0-dire que la valeur de ses pixels est proportionnelle \u00e0 la quantit\u00e9 de lumi\u00e8re re\u00e7ue. L&rsquo;image est alors tr\u00e8s sombre (voire compl\u00e8tement noire), et n\u00e9cessitera toujours l&rsquo;application d&rsquo;une <strong><span class=\"gras\">STF<\/span><\/strong> pour en visualiser le contenu. C&rsquo;est seulement une fois le traitement de l&rsquo;image lin\u00e9aire termin\u00e9e que l&rsquo;on pourra enfin visualiser directement son contenu en la transformant en image non-lin\u00e9aire, ceci sera le sujet du prochain tutoriel.<\/p><p>Dans PixInsight, on commence par effectuer des traitements sur l&rsquo;image lin\u00e9aire puis ensuite seulement on la transforme en image non-lin\u00e9aire sur laquelle s&rsquo;appliquent de nouveau traitements. D&rsquo;ailleurs certains process s&rsquo;appliquent de pr\u00e9f\u00e9rence aux images lin\u00e9aires plut\u00f4t qu&rsquo;aux images non-lin\u00e9aires et inversement.<\/p><p>Voici les 4 grandes \u00e9tapes que nous pouvons suivre pour traiter une image lin\u00e9aire :<\/p><ol><li>Corriger le fond de ciel.<\/li><li>Faire une d\u00e9convolution.<\/li><li>R\u00e9duire le bruit du fond de ciel.<\/li><li>Calibrer les couleurs.<\/li><\/ol>\t\t\t\t\t<\/div>\n\t\t\t\t\t\t<\/div>\n\t\t\t\t<\/div>\n\t\t\t\t<div class=\"elementor-element elementor-element-1484034 elementor-widget elementor-widget-heading\" data-id=\"1484034\" data-element_type=\"widget\" data-widget_type=\"heading.default\">\n\t\t\t\t<div class=\"elementor-widget-container\">\n\t\t\t<h2 class=\"elementor-heading-title elementor-size-default\">1-Corriger le fond de ciel<\/h2>\t\t<\/div>\n\t\t\t\t<\/div>\n\t\t\t\t<div class=\"elementor-element elementor-element-f0ccdc5 elementor-widget elementor-widget-text-editor\" data-id=\"f0ccdc5\" data-element_type=\"widget\" data-widget_type=\"text-editor.default\">\n\t\t\t\t<div class=\"elementor-widget-container\">\n\t\t\t\t\t\t\t\t<div class=\"elementor-text-editor elementor-clearfix\">\n\t\t\t\t<p>Lorsqu&rsquo;on charge notre image <strong><span class=\"gras\">M51finale<\/span><\/strong> (en allant sur <strong><span class=\"gras\">File\/Open&#8230;<\/span><\/strong>) et qu&rsquo;on lui applique un <strong><span class=\"gras\">Auto-Stretch<\/span><\/strong> (\u00e0 l&rsquo;aide du process <strong><span class=\"gras\">STF<\/span><\/strong> ou, si vous utilisez mes process icons, en allant sur l&rsquo;ic\u00f4ne <strong><span class=\"gras\">Visualisation_des_images_lineaires<\/span><\/strong>), on voit tout de suite que le fond de ciel est loin d&rsquo;\u00eatre uniforme (au besoin en cliquant sur <strong><span class=\"gras\">Link RGB Channels<\/span><\/strong><span class=\"milieu9\"> <img decoding=\"async\" src=\"http:\/\/www.arnaudom.fr\/Img\/pix132.jpg\" \/><\/span> ).<\/p><p>Les acquisitions de M51 ont \u00e9t\u00e9 faites sous un ciel tr\u00e8s affect\u00e9 par la pollution lumineuse (\u00e0 cause de la pr\u00e9sence de plusieurs lampadaires) ce qui explique ce fond de ciel. De plus il peut y avoir un vignetage mal corrig\u00e9 par le flat qui peut aussi produire ce ph\u00e9nom\u00e8me. Tr\u00e8s souvent le fond de ciel n\u00e9cessitera une correction plus ou moins importante.<\/p><div class=\"centre\"><img decoding=\"async\" class=\"aligncenter\" src=\"http:\/\/www.arnaudom.fr\/Img\/pix158.jpg\" alt=\"Pix\" \/><\/div><p>On va d&rsquo;abord utiliser le process <strong><span class=\"gras\">DynamicBackgroundExtraction<\/span><\/strong> ou, si vous utilisez mes process icons, on va sur l&rsquo;ic\u00f4ne <strong><span class=\"gras\">Correction_du_ciel_par_clics_sur_le_fond<\/span><\/strong>. L&rsquo;image se remplit alors de petites croix qui vont servir \u00e0 mod\u00e9liser le fond du ciel.<\/p><div class=\"centre\"><img decoding=\"async\" class=\"aligncenter\" src=\"http:\/\/www.arnaudom.fr\/Img\/pix161.jpg\" alt=\"Pix\" \/><\/div><p>Les croix doivent remplir le fond du ciel, et uniquement le fond du ciel. Sur mon image, on voit que le bas de l&rsquo;image contient des zones de ciel non coch\u00e9es. On va modifier le param\u00e8tre <strong><span class=\"gras\">Tolerance<\/span><\/strong> en ouvrant la zone <strong><span class=\"gras\">Model Parameters (1)<\/span><\/strong> : par d\u00e9faut sa valeur est \u00e0 0,5 on va le passer \u00e0 0,8.<\/p><div class=\"centre\"><img decoding=\"async\" class=\"aligncenter\" src=\"http:\/\/www.arnaudom.fr\/Img\/pix162.jpg\" alt=\"Pix\" \/><\/div><p>On va ensuite dans la zone <strong><span class=\"gras\">Sample Generation<\/span><\/strong> puis on clique sur le bouton <strong><span class=\"gras\">Generate<\/span><\/strong>.<\/p><div class=\"centre\"><img decoding=\"async\" class=\"aligncenter\" src=\"http:\/\/www.arnaudom.fr\/Img\/pix163.jpg\" alt=\"Pix\" \/><\/div><p>On obtient une nouvelle image o\u00f9 le fond de ciel est mieux rempli, mais la partie droite de l&rsquo;image est toujours vide de croix.<\/p><div class=\"centre\"><img decoding=\"async\" class=\"aligncenter\" src=\"http:\/\/www.arnaudom.fr\/Img\/pix164.jpg\" alt=\"Pix\" \/><\/div><p>On va monter la valeur de <strong><span class=\"gras\">Tolerance<\/span><\/strong> \u00e0 1.2 et cliquer \u00e0 nouveau sur <strong><span class=\"gras\">Generate<\/span><\/strong> :<\/p><div class=\"centre\"><img decoding=\"async\" class=\"aligncenter\" src=\"http:\/\/www.arnaudom.fr\/Img\/pix165.jpg\" alt=\"Pix\" \/><\/div><p>La partie droite se remplit un peu plus. En montant la valeur \u00e0 2, le fond du ciel semble enti\u00e8rement rempli.<\/p><div class=\"centre\"><img decoding=\"async\" class=\"aligncenter\" src=\"http:\/\/www.arnaudom.fr\/Img\/pix166.jpg\" alt=\"Pix\" \/><\/div><p>Le but est que les croix se placent sur le fond du ciel et \u00e9vitent les objets qui n&rsquo;en font pas partie. En agrandissant M51 avec la loupe, on constate qu&rsquo;il y a quelques croix plac\u00e9es sur la galaxie.<\/p><div class=\"centre\"><img decoding=\"async\" class=\"aligncenter\" src=\"http:\/\/www.arnaudom.fr\/Img\/pix167.jpg\" alt=\"Pix\" \/><\/div><p>On peut les supprimer en cliquant dessus avec la souris (la croix devient verte) puis en cliquant sur la croix rouge dans la zone <strong><span class=\"gras\">Selected Sample<\/span><\/strong>.<\/p><div class=\"centre\"><img decoding=\"async\" class=\"aligncenter\" src=\"http:\/\/www.arnaudom.fr\/Img\/pix168.jpg\" alt=\"Pix\" \/><\/div><p>Il faut essayer d&rsquo;examiner l&rsquo;image afin d&rsquo;en retirer toutes les croix qui seraient plac\u00e9es sur des objets c\u00e9lestes. Inversement, on peut en rajouter manuellement dans les endroits o\u00f9 elles manqueraient.<\/p><p>Une fois cette t\u00e2che effectu\u00e9e, je vous conseille de d\u00e9poser le petit triangle du process afin de conserver le travail que l&rsquo;on vient de faire, car on aura peut-\u00eatre besoin de le r\u00e9utiliser.<\/p><div class=\"centre\"><img decoding=\"async\" class=\"aligncenter\" src=\"http:\/\/www.arnaudom.fr\/Img\/pix169.jpg\" alt=\"Pix\" \/><\/div><p>Maintenant, dans la zone <strong><span class=\"gras\">Target Image Correction<\/span><\/strong>, il faut choisir dans le menu d\u00e9roulant <strong><span class=\"gras\">Correction<\/span><\/strong> : entre <strong><span class=\"gras\">Subtraction<\/span><\/strong> et <strong><span class=\"gras\">Division<\/span><\/strong>.<\/p><div class=\"centre\"><img decoding=\"async\" class=\"aligncenter\" src=\"http:\/\/www.arnaudom.fr\/Img\/pix170.jpg\" alt=\"Pix\" \/><\/div><p>On utilise <strong><span class=\"gras\">Subtraction<\/span><\/strong> pour enlever les effets de la pollution lumineuse, et <strong><span class=\"gras\">Division<\/span><\/strong> pour r\u00e9gler des probl\u00e8mes de vignetage. Le mieux est sans doute de tester les deux options pour voir celle qui produit le meilleur r\u00e9sultat.<\/p><div class=\"centre\"><img decoding=\"async\" class=\"aligncenter\" src=\"http:\/\/www.arnaudom.fr\/Img\/pix171.jpg\" alt=\"Pix\" \/><\/div><p>Cliquons sur la coche verte <span class=\"milieu2\"> <img decoding=\"async\" src=\"http:\/\/www.arnaudom.fr\/Img\/pix172.jpg\" \/><\/span> afin de lancer le process.<\/p><p>On obtient deux images : <strong><span class=\"gras\">M51finale_DBE<\/span><\/strong> et <strong><span class=\"gras\">M51finale_background<\/span><\/strong>. L&rsquo;image <strong><span class=\"gras\">M51finale_background<\/span><\/strong> peut \u00eatre visualis\u00e9e \u00e0 l&rsquo;aide d&rsquo;un <strong><span class=\"gras\">Auto-Stretch<\/span><\/strong> et montre la correction que le logiciel a effectu\u00e9e sur le fond de ciel.<\/p><div class=\"centre\"><img decoding=\"async\" class=\"aligncenter\" src=\"http:\/\/www.arnaudom.fr\/Img\/pix173.jpg\" alt=\"Pix\" \/><\/div><p>L&rsquo;image <strong><span class=\"gras\">M51finale_DBE<\/span><\/strong> montre maintenant un fond de ciel beaucoup plus uniforme.<\/p><p>En cliquant sur la croix rouge <span class=\"milieu9\"> <img decoding=\"async\" src=\"http:\/\/www.arnaudom.fr\/Img\/pix174.jpg\" \/><\/span><span class=\"gras\"> en bas du process<\/span> on fait dispara\u00eetre les croix et on peut mieux comparer l&rsquo;image de d\u00e9part et l&rsquo;image corrig\u00e9e.<\/p><div class=\"centre\"><img decoding=\"async\" class=\"aligncenter\" src=\"http:\/\/www.arnaudom.fr\/Img\/pix175.jpg\" alt=\"Pix\" \/><\/div><p>En utilisant le process<strong> <span class=\"gras\">STF<\/span><\/strong>, on peut cliquer plusieurs fois successivement sur <strong><span class=\"gras\">Link RGB Channels<\/span><\/strong> puis sur <strong><span class=\"gras\">Auto-Stretch<\/span><\/strong> et on s&rsquo;aper\u00e7oit que l&rsquo;image garde globalement la m\u00eame teinte, ce qui indique que la correction a bien fonctionn\u00e9.<\/p><p>Je consid\u00e8re donc que la correction est satisfaisante. Si on veut on peut la refaire une (ou plusieurs) fois, dans ce cas-l\u00e0 on cliquera sur l&rsquo;ic\u00f4ne du process que l&rsquo;on a d\u00e9pos\u00e9 pr\u00e9c\u00e9demment, ce qui a pour effet de replacer les croix dans la m\u00eame configuration que celle que l&rsquo;on sauvegard\u00e9e, ce qui \u00e9vite d&rsquo;avoir \u00e0 refaire tout le travail du d\u00e9but. On peut supprimer cette ic\u00f4ne (en faisant un clic droit et en cliquant sur <strong><span class=\"gras\">Delete&#8230;<\/span><\/strong>) une fois qu&rsquo;on n&rsquo;en a plus besoin.<\/p><p>Pour affiner la correction, on peut utiliser le process <strong><span class=\"gras\">AutomaticBackgroundExtractor<\/span><\/strong> ou, si vous utilisez mes process icons, on va aller sur l&rsquo;ic\u00f4ne <strong><span class=\"gras\">Correction_automatique_du_fond_du_ciel<\/span><\/strong>.<\/p><p>On va laisser tous les param\u00e8tres par d\u00e9faut et on va seulement, comme pour le process pr\u00e9c\u00e9dent, choisir dans la zone<strong> <span class=\"gras\">Target Image Correction<\/span><\/strong>, dans le menu d\u00e9roulant <strong><span class=\"gras\">Correction : <\/span><\/strong>entre <strong><span class=\"gras\">Subtraction<\/span><\/strong> et <strong><span class=\"gras\">Division<\/span><\/strong>. L\u00e0 aussi on peut tester les deux options pour voir si l&rsquo;une est meilleure que l&rsquo;autre.<\/p><p><img loading=\"lazy\" decoding=\"async\" class=\"aligncenter size-full wp-image-6062\" src=\"http:\/\/www.arnaudom.fr\/wordpress\/wp-content\/uploads\/2020\/08\/pix176.jpg\" alt=\"\" width=\"403\" height=\"579\" srcset=\"https:\/\/www.arnaudom.fr\/wordpress\/wp-content\/uploads\/2020\/08\/pix176.jpg 403w, https:\/\/www.arnaudom.fr\/wordpress\/wp-content\/uploads\/2020\/08\/pix176-209x300.jpg 209w\" sizes=\"auto, (max-width: 403px) 100vw, 403px\" \/><\/p><p>On applique le process en d\u00e9posant le triangle sur l&rsquo;image ou en cliquant sur le carr\u00e9 bleu.<\/p><p>On obtient alors l\u00e0 aussi deux images, <strong><span class=\"gras\">M51finale_DBE_ABE<\/span><\/strong> et <strong><span class=\"gras\">M51finale_DBE_ABE_background<\/span><\/strong>, cette derni\u00e8re montrant \u00e9galement comme avec le process pr\u00e9c\u00e9dent la correction effectu\u00e9e par le logiciel.<\/p><div class=\"centre\"><img decoding=\"async\" class=\"aligncenter\" src=\"http:\/\/www.arnaudom.fr\/Img\/pix177.jpg\" alt=\"Pix\" \/><\/div><p>La correction du fond de ciel est maintenant termin\u00e9e, on peut passer \u00e0 la suite.<\/p>\t\t\t\t\t<\/div>\n\t\t\t\t\t\t<\/div>\n\t\t\t\t<\/div>\n\t\t\t\t<div class=\"elementor-element elementor-element-11654da elementor-align-center elementor-widget elementor-widget-button\" data-id=\"11654da\" data-element_type=\"widget\" data-widget_type=\"button.default\">\n\t\t\t\t<div class=\"elementor-widget-container\">\n\t\t\t\t\t<div class=\"elementor-button-wrapper\">\n\t\t\t<a href=\"http:\/\/www.arnaudom.fr\/wordpress\/deconvolution\" class=\"elementor-button-link elementor-button elementor-size-sm\" role=\"button\">\n\t\t\t\t\t\t<span class=\"elementor-button-content-wrapper\">\n\t\t\t\t\t\t\t<span class=\"elementor-button-icon elementor-align-icon-right\">\n\t\t\t\t<i aria-hidden=\"true\" class=\"fas fa-arrow-right\"><\/i>\t\t\t<\/span>\n\t\t\t\t\t\t<span class=\"elementor-button-text\">Page 2<\/span>\n\t\t<\/span>\n\t\t\t\t\t<\/a>\n\t\t<\/div>\n\t\t\t\t<\/div>\n\t\t\t\t<\/div>\n\t\t\t\t\t\t<\/div>\n\t\t\t\t\t<\/div>\n\t\t<\/div>\n\t\t\t\t\t\t\t\t<\/div>\n\t\t\t\t\t<\/div>\n\t\t<\/section>\n\t\t\t\t\t\t\t\t\t<\/div>\n\t\t\t<\/div>\n\t\t\t\t\t<\/div>\n\t\t","protected":false},"excerpt":{"rendered":"<p>Traitement des images lin\u00e9aires avec PixInsight (1\/4) Ecrit le 20\/12\/13. Nous avons une image nomm\u00e9e M51finale, issue du pr\u00e9traitement puis de l&rsquo;addition des images. Nous allons maintenant passer \u00e0 son traitement proprement dit. Si vous souhaitez utiliser mes process icons personnels, il vous faut les t\u00e9l\u00e9charger ici : Traitement lin\u00e9aire. Alors autant lors du pr\u00e9traitement &hellip;<\/p>\n<p class=\"read-more\"> <a class=\"\" href=\"https:\/\/www.arnaudom.fr\/wordpress\/lineaire\/\"> <span class=\"screen-reader-text\">lineaire<\/span> Lire la suite\u00a0\u00bb<\/a><\/p>\n","protected":false},"author":1,"featured_media":0,"parent":0,"menu_order":0,"comment_status":"closed","ping_status":"closed","template":"","meta":{"site-sidebar-layout":"default","site-content-layout":"default","ast-site-content-layout":"","site-content-style":"default","site-sidebar-style":"default","ast-global-header-display":"","ast-banner-title-visibility":"","ast-main-header-display":"","ast-hfb-above-header-display":"","ast-hfb-below-header-display":"","ast-hfb-mobile-header-display":"","site-post-title":"disabled","ast-breadcrumbs-content":"","ast-featured-img":"","footer-sml-layout":"","theme-transparent-header-meta":"default","adv-header-id-meta":"","stick-header-meta":"","header-above-stick-meta":"","header-main-stick-meta":"","header-below-stick-meta":"","astra-migrate-meta-layouts":"","ast-page-background-enabled":"default","ast-page-background-meta":{"desktop":{"background-color":"","background-image":"","background-repeat":"repeat","background-position":"center center","background-size":"auto","background-attachment":"scroll","background-type":"","background-media":"","overlay-type":"","overlay-color":"","overlay-gradient":""},"tablet":{"background-color":"","background-image":"","background-repeat":"repeat","background-position":"center center","background-size":"auto","background-attachment":"scroll","background-type":"","background-media":"","overlay-type":"","overlay-color":"","overlay-gradient":""},"mobile":{"background-color":"","background-image":"","background-repeat":"repeat","background-position":"center center","background-size":"auto","background-attachment":"scroll","background-type":"","background-media":"","overlay-type":"","overlay-color":"","overlay-gradient":""}},"ast-content-background-meta":{"desktop":{"background-color":"var(--ast-global-color-5)","background-image":"","background-repeat":"repeat","background-position":"center center","background-size":"auto","background-attachment":"scroll","background-type":"","background-media":"","overlay-type":"","overlay-color":"","overlay-gradient":""},"tablet":{"background-color":"var(--ast-global-color-5)","background-image":"","background-repeat":"repeat","background-position":"center center","background-size":"auto","background-attachment":"scroll","background-type":"","background-media":"","overlay-type":"","overlay-color":"","overlay-gradient":""},"mobile":{"background-color":"var(--ast-global-color-5)","background-image":"","background-repeat":"repeat","background-position":"center center","background-size":"auto","background-attachment":"scroll","background-type":"","background-media":"","overlay-type":"","overlay-color":"","overlay-gradient":""}},"footnotes":""},"class_list":["post-6054","page","type-page","status-publish","hentry"],"_links":{"self":[{"href":"https:\/\/www.arnaudom.fr\/wordpress\/wp-json\/wp\/v2\/pages\/6054","targetHints":{"allow":["GET"]}}],"collection":[{"href":"https:\/\/www.arnaudom.fr\/wordpress\/wp-json\/wp\/v2\/pages"}],"about":[{"href":"https:\/\/www.arnaudom.fr\/wordpress\/wp-json\/wp\/v2\/types\/page"}],"author":[{"embeddable":true,"href":"https:\/\/www.arnaudom.fr\/wordpress\/wp-json\/wp\/v2\/users\/1"}],"replies":[{"embeddable":true,"href":"https:\/\/www.arnaudom.fr\/wordpress\/wp-json\/wp\/v2\/comments?post=6054"}],"version-history":[{"count":6,"href":"https:\/\/www.arnaudom.fr\/wordpress\/wp-json\/wp\/v2\/pages\/6054\/revisions"}],"predecessor-version":[{"id":6063,"href":"https:\/\/www.arnaudom.fr\/wordpress\/wp-json\/wp\/v2\/pages\/6054\/revisions\/6063"}],"wp:attachment":[{"href":"https:\/\/www.arnaudom.fr\/wordpress\/wp-json\/wp\/v2\/media?parent=6054"}],"curies":[{"name":"wp","href":"https:\/\/api.w.org\/{rel}","templated":true}]}}