{"id":5742,"date":"2020-08-21T13:50:42","date_gmt":"2020-08-21T11:50:42","guid":{"rendered":"http:\/\/www.arnaudom.fr\/wordpress\/?page_id=5742"},"modified":"2020-08-21T14:02:07","modified_gmt":"2020-08-21T12:02:07","slug":"autophd","status":"publish","type":"page","link":"https:\/\/www.arnaudom.fr\/wordpress\/autophd\/","title":{"rendered":"autophd"},"content":{"rendered":"\t\t<div data-elementor-type=\"wp-page\" data-elementor-id=\"5742\" class=\"elementor elementor-5742\">\n\t\t\t\t\t\t<div class=\"elementor-inner\">\n\t\t\t\t<div class=\"elementor-section-wrap\">\n\t\t\t\t\t\t\t\t\t<section class=\"elementor-section elementor-top-section elementor-element elementor-element-30be593 elementor-section-full_width elementor-section-height-default elementor-section-height-default\" data-id=\"30be593\" data-element_type=\"section\">\n\t\t\t\t\t\t<div class=\"elementor-container elementor-column-gap-default\">\n\t\t\t\t\t\t\t<div class=\"elementor-row\">\n\t\t\t\t\t<div class=\"elementor-column elementor-col-100 elementor-top-column elementor-element elementor-element-d073c98\" data-id=\"d073c98\" data-element_type=\"column\" data-settings=\"{&quot;background_background&quot;:&quot;classic&quot;}\">\n\t\t\t<div class=\"elementor-column-wrap elementor-element-populated\">\n\t\t\t\t\t\t\t<div class=\"elementor-widget-wrap\">\n\t\t\t\t\t\t<div class=\"elementor-element elementor-element-4267f91 elementor-widget elementor-widget-heading\" data-id=\"4267f91\" data-element_type=\"widget\" data-widget_type=\"heading.default\">\n\t\t\t\t<div class=\"elementor-widget-container\">\n\t\t\t<h1 class=\"elementor-heading-title elementor-size-default\">Images avec un reflex num\u00e9rique<\/h1>\t\t<\/div>\n\t\t\t\t<\/div>\n\t\t\t\t<div class=\"elementor-element elementor-element-2f85729 elementor-widget elementor-widget-text-editor\" data-id=\"2f85729\" data-element_type=\"widget\" data-widget_type=\"text-editor.default\">\n\t\t\t\t<div class=\"elementor-widget-container\">\n\t\t\t\t\t\t\t\t<div class=\"elementor-text-editor elementor-clearfix\">\n\t\t\t\t<p><em>Ecrit le 29\/12\/11.<\/em><\/p>\t\t\t\t\t<\/div>\n\t\t\t\t\t\t<\/div>\n\t\t\t\t<\/div>\n\t\t\t\t<div class=\"elementor-element elementor-element-7ef144d elementor-widget elementor-widget-heading\" data-id=\"7ef144d\" data-element_type=\"widget\" data-widget_type=\"heading.default\">\n\t\t\t\t<div class=\"elementor-widget-container\">\n\t\t\t<h2 class=\"elementor-heading-title elementor-size-default\">Utilisation du logiciel PHD Guiding<\/h2>\t\t<\/div>\n\t\t\t\t<\/div>\n\t\t\t\t<div class=\"elementor-element elementor-element-fffb333 elementor-widget elementor-widget-text-editor\" data-id=\"fffb333\" data-element_type=\"widget\" data-widget_type=\"text-editor.default\">\n\t\t\t\t<div class=\"elementor-widget-container\">\n\t\t\t\t\t\t\t\t<div class=\"elementor-text-editor elementor-clearfix\">\n\t\t\t\t<p style=\"text-align: center;\"><strong><span style=\"color: #0000ff;\">Introduction :<\/span><\/strong><\/p>\t\t\t\t\t<\/div>\n\t\t\t\t\t\t<\/div>\n\t\t\t\t<\/div>\n\t\t\t\t<div class=\"elementor-element elementor-element-1a72ea0 elementor-widget elementor-widget-text-editor\" data-id=\"1a72ea0\" data-element_type=\"widget\" data-widget_type=\"text-editor.default\">\n\t\t\t\t<div class=\"elementor-widget-container\">\n\t\t\t\t\t\t\t\t<div class=\"elementor-text-editor elementor-clearfix\">\n\t\t\t\t<p>La cam\u00e9ra <b><span class=\"gras\">Orion Starshoot<\/span><\/b> que j&rsquo;utilise est livr\u00e9e avec le logiciel<span class=\"gras\"> <b>PHD Guiding<\/b><\/span>, qui permet de g\u00e9rer tr\u00e8s facilement la mise en oeuvre de l&rsquo;autoguidage. Il est \u00e0 noter que la version du logiciel fourni avec la cam\u00e9ra est une version sp\u00e9cialement d\u00e9di\u00e9e \u00e0 celle-ci, mais que ce logiciel se trouve gratuitement sur Internet et peut s&rsquo;adapter \u00e0 toutes sortes de configurations d&rsquo;astrophotographie. Bref, on suppose que le logiciel est install\u00e9, que les deux c\u00e2bles de la cam\u00e9ra (c\u00e2ble USB et c\u00e2ble d&rsquo;autoguidage) sont branch\u00e9s, que la monture suit la cible vis\u00e9e : il ne reste plus qu&rsquo;\u00e0 lancer le logiciel.<\/p>\t\t\t\t\t<\/div>\n\t\t\t\t\t\t<\/div>\n\t\t\t\t<\/div>\n\t\t\t\t<div class=\"elementor-element elementor-element-93757e5 elementor-widget elementor-widget-text-editor\" data-id=\"93757e5\" data-element_type=\"widget\" data-widget_type=\"text-editor.default\">\n\t\t\t\t<div class=\"elementor-widget-container\">\n\t\t\t\t\t\t\t\t<div class=\"elementor-text-editor elementor-clearfix\">\n\t\t\t\t<p style=\"text-align: center;\"><strong><span style=\"color: #0000ff;\">Mode d&#8217;emploi :<\/span><\/strong><\/p>\t\t\t\t\t<\/div>\n\t\t\t\t\t\t<\/div>\n\t\t\t\t<\/div>\n\t\t\t\t<div class=\"elementor-element elementor-element-798a95e elementor-widget elementor-widget-text-editor\" data-id=\"798a95e\" data-element_type=\"widget\" data-widget_type=\"text-editor.default\">\n\t\t\t\t<div class=\"elementor-widget-container\">\n\t\t\t\t\t\t\t\t<div class=\"elementor-text-editor elementor-clearfix\">\n\t\t\t\t<p>La fen\u00eatre suivante appara\u00eet.<\/p>\n<div class=\"centre\"><img decoding=\"async\" class=\"aligncenter\" src=\"http:\/\/www.arnaudom.fr\/Img\/phd01.jpg\" alt=\"Phd\"><\/div>\n<p><br><\/p>\n<p>On va cliquer sur l&rsquo;ic\u00f4ne de l&rsquo;appareil photo <span class=\"milieu4\"><img decoding=\"async\" src=\"http:\/\/www.arnaudom.fr\/Img\/phd02.jpg\" alt=\"Phd\"><\/span>, tout en bas \u00e0 gauche, afin de s\u00e9lectionner la cam\u00e9ra utilis\u00e9e. Dans la fen\u00eatre qui appara\u00eet, je s\u00e9lectionne <b><span class=\"gras\">Starshoot Autoguider<\/span><\/b> puis <b><span class=\"gras\">OK<\/span><\/b>.<\/p>\n<div class=\"centre\"><img decoding=\"async\" class=\"aligncenter\" src=\"http:\/\/www.arnaudom.fr\/Img\/phd03.jpg\" alt=\"Phd\"><\/div>\n<p>On va dans le menu <b><span class=\"gras\">Mount<\/span><\/b>, afin de v\u00e9rifier que l&rsquo;option <b><span class=\"gras\">On-Camera<\/span><\/b> est s\u00e9lectionn\u00e9e.<\/p>\n<div class=\"centre\"><img decoding=\"async\" class=\"aligncenter\" src=\"http:\/\/www.arnaudom.fr\/Img\/phd04.jpg\" alt=\"Phd\"><\/div>\n<p>Ceci indique que les ordres vont \u00eatre transmis directement \u00e0 la monture par l&rsquo;interm\u00e9diaire du c\u00e2ble d&rsquo;autoguidage. Les autres options du menu sont destin\u00e9es \u00e0 utiliser d&rsquo;autres protocoles de guidage, dans mon cas elles sont inutiles.<\/p>\n<p>On clique sur l&rsquo;ic\u00f4ne de la fl\u00e8che<span class=\"milieu4\"><img decoding=\"async\" src=\"http:\/\/www.arnaudom.fr\/Img\/phd05.jpg\" alt=\"Phd\"><\/span> , et la cam\u00e9ra commence \u00e0 faire des captures d&rsquo;images.<\/p>\n<div class=\"centre\"><img decoding=\"async\" class=\"aligncenter\" src=\"http:\/\/www.arnaudom.fr\/Img\/phd07.jpg\" alt=\"Phd\"><\/div>\n<p>La dur\u00e9e d&rsquo;acquisition est \u00e0 choisir dans le menu d\u00e9roulant, en g\u00e9n\u00e9ral je laisse 1 seconde de pose, dans tous les cas cela est suffisant. Le but est maintenant de choisir une \u00e9toile qui va servir de guide au logiciel.<\/p>\n<p>On clique alors sur l&rsquo;ic\u00f4ne Stop <span class=\"milieu4\"><img decoding=\"async\" src=\"http:\/\/www.arnaudom.fr\/Img\/phd06.jpg\" alt=\"Phd\"><\/span> pour arr\u00eater les captures, puis on clique directement avec la souris sur l&rsquo;\u00e9toile-guide choisie. Un petit carr\u00e9 vert appara\u00eet alors autour.<\/p>\n<div class=\"centre\"><img decoding=\"async\" class=\"aligncenter\" src=\"http:\/\/www.arnaudom.fr\/Img\/phd08.jpg\" alt=\"Phd\"><\/div>\n<p><br><\/p>\n<p>On clique maintenant sur l&rsquo;ic\u00f4ne de la cible <span class=\"milieu4\"><img decoding=\"async\" src=\"http:\/\/www.arnaudom.fr\/Img\/phd09.jpg\" alt=\"Phd\"><\/span> , et le logiciel d\u00e9marre la phase de calibration : une grande mire en pointill\u00e9s jaune appara\u00eet, et PHD Guiding va envoyer des s\u00e9ries d&rsquo;ordre \u00e0 la monture afin de d\u00e9terminer ses r\u00e9actions, et \u00e0 la fin de cette phase d&rsquo;apprentissage, le logiciel sera en mesure de guider efficacement la monture.<\/p>\n<div class=\"centre\"><img decoding=\"async\" class=\"aligncenter\" src=\"http:\/\/www.arnaudom.fr\/Img\/phd10.jpg\" alt=\"Phd\"><\/div>\n<p><br><\/p>\n<p>Au d\u00e9but de la phase de calibration s&rsquo;affiche le message <b><span class=\"gras\">W calibration<\/span><\/b> en bas de la fen\u00eatre du logiciel : PHD Guiding envoie une s\u00e9rie d&rsquo;impulsions \u00e0 la monture, afin de faire se d\u00e9placer l&rsquo;\u00e9toile-guide dans la direction Ouest.<\/p>\n<div class=\"centre\"><img decoding=\"async\" class=\"aligncenter\" src=\"http:\/\/www.arnaudom.fr\/Img\/phd11.jpg\" alt=\"Phd\"><\/div>\n<p><br><\/p>\n<p>Sur l&rsquo;\u00e9cran l&rsquo;\u00e9toile va donc s&rsquo;\u00e9loigner du centre de la mire dans cette direction. Au bout d&rsquo;un certain nombre d&rsquo;impulsions, le message <b><span class=\"gras\">E calibration<\/span><\/b> appara\u00eet : le processus s&rsquo;inverse, le logiciel envoie des impulsions dans le sens oppos\u00e9 afin de ramener l&rsquo;\u00e9toile au centre de la mire.<\/p>\n<div class=\"centre\"><img decoding=\"async\" class=\"aligncenter\" src=\"http:\/\/www.arnaudom.fr\/Img\/phd12.jpg\" alt=\"Phd\"><\/div>\n<p><br><\/p>\n<p>Ensuite, le message <b><span class=\"gras\">Clearing Dec backlash<\/span><\/b> appara\u00eet.<\/p>\n<div class=\"centre\"><img decoding=\"async\" class=\"aligncenter\" src=\"http:\/\/www.arnaudom.fr\/Img\/phd13.jpg\" alt=\"Phd\"><\/div>\n<p><br><\/p>\n<p>Puis un nouveau message, <b><span class=\"gras\">N calibration<\/span><\/b>, appara\u00eet \u00e0 son tour, le logiciel envoie des impulsions pour d\u00e9placer la monture vers le Nord, l&rsquo;\u00e9toile s&rsquo;\u00e9loigne \u00e0 nouveau du centre de la mire.<\/p>\n<div class=\"centre\"><img decoding=\"async\" class=\"aligncenter\" src=\"http:\/\/www.arnaudom.fr\/Img\/phd14.jpg\" alt=\"Phd\"><\/div>\n<p><br><\/p><p>Enfin, la derni\u00e8re phase du processus, indiqu\u00e9 par le message <b><span class=\"gras\">S calibration<\/span><\/b>, ram\u00e8ne l&rsquo;\u00e9toile \u00e0 son point de d\u00e9part.<\/p>\n<div class=\"centre\"><img decoding=\"async\" class=\"aligncenter\" src=\"http:\/\/www.arnaudom.fr\/Img\/phd15.jpg\" alt=\"Phd\"><\/div>\n<p><br><\/p><p>C&rsquo;est fini ! La mire en pointill\u00e9s jaunes devient verte avec des traits pleins, et le sympathique message <b><span class=\"gras\">Guiding<\/span><\/b> se lit en bas de l&rsquo;\u00e9cran. La monture est sous contr\u00f4le, on peut attaquer les acquisitions<span class=\"milieu2\"> <img decoding=\"async\" src=\"http:\/\/arnaudom.fr\/Img\/smrire.gif\" alt=\"clin d'oeil\"><\/span> !<\/p>\n<div class=\"centre\"><img decoding=\"async\" class=\"aligncenter\" src=\"http:\/\/www.arnaudom.fr\/Img\/phd16.jpg\" alt=\"Phd\"><\/div>\n<div><br><\/div>\n<div><br><\/div>\t\t\t\t\t<\/div>\n\t\t\t\t\t\t<\/div>\n\t\t\t\t<\/div>\n\t\t\t\t<div class=\"elementor-element elementor-element-8e0c1d2 elementor-widget elementor-widget-text-editor\" data-id=\"8e0c1d2\" data-element_type=\"widget\" data-widget_type=\"text-editor.default\">\n\t\t\t\t<div class=\"elementor-widget-container\">\n\t\t\t\t\t\t\t\t<div class=\"elementor-text-editor elementor-clearfix\">\n\t\t\t\t<p style=\"text-align: center;\"><strong><span style=\"color: #0000ff;\">Quelques probl\u00e8mes que j&rsquo;ai d\u00fb r\u00e9gler lors de mes premiers essais :<\/span><\/strong><\/p>\t\t\t\t\t<\/div>\n\t\t\t\t\t\t<\/div>\n\t\t\t\t<\/div>\n\t\t\t\t<div class=\"elementor-element elementor-element-089635e elementor-widget elementor-widget-text-editor\" data-id=\"089635e\" data-element_type=\"widget\" data-widget_type=\"text-editor.default\">\n\t\t\t\t<div class=\"elementor-widget-container\">\n\t\t\t\t\t\t\t\t<div class=\"elementor-text-editor elementor-clearfix\">\n\t\t\t\t<div id=\"page\"><div id=\"corps\"><p>&#8211; la calibration ne se faisait pas. Un message d&rsquo;erreur apparaissa\u00eet : <b><span class=\"gras\">RA Star don&rsquo;t move enough<\/span><\/b>. En fait, l&rsquo;\u00e9toile-guide ne se d\u00e9pla\u00e7ait pas suffisamment vite lors de la premi\u00e8re phase de calibration.<\/p><p>Pour r\u00e9gler ce probl\u00e8me, il faut acc\u00e9der au menu des r\u00e9glages du logiciel en cliquant sur l&rsquo;ic\u00f4ne Cerveau <span class=\"milieu4\"><img decoding=\"async\" src=\"http:\/\/www.arnaudom.fr\/Img\/phd17.jpg\" alt=\"Phd\" \/><\/span> .<\/p><p>Dans le menu, il faut changer la valeur de <b><span class=\"gras\">Calibration step (ms)<\/span><\/b> en l&rsquo;augmentant : la valeur par d\u00e9faut est de 750 ms, je l&rsquo;ai remplac\u00e9 par 3000, ce qui fonctionne bien avec ma configuration.<\/p><div class=\"centre\"><img decoding=\"async\" class=\"aligncenter\" src=\"http:\/\/www.arnaudom.fr\/Img\/phd18.jpg\" alt=\"Phd\" \/><\/div><p>&#8211; il fallait plus de 20 minutes au d\u00e9but pour que la phase totale de calibration se fasse<span class=\"milieu2\"> <img decoding=\"async\" src=\"http:\/\/arnaudom.fr\/Img\/smoh.gif\" alt=\"clin d'oeil\" \/><\/span> ! Un peu long \u2026 En r\u00e9alit\u00e9, mon vieil (mais toujours vaillant<span class=\"milieu2\"> <img decoding=\"async\" src=\"http:\/\/arnaudom.fr\/Img\/smclin.gif\" alt=\"clin d'oeil\" \/><\/span> !) ordinateur portable ne poss\u00e9dait jusqu&rsquo;alors que des ports <b><span class=\"gras\">USB 1.0<\/span><\/b>, or la cam\u00e9ra est pr\u00e9vue pour fonctionner avec un port <b><span class=\"gras\">USB 2.0<\/span><\/b>, bien plus rapide ! J&rsquo;ai donc offert \u00e0 mon vieux PC un carte PCMCIA avec 4 ports USB 2.0 et, ainsi \u00e9quip\u00e9, j&rsquo;ai sensiblement r\u00e9duit le temps de calibration : maintenant le processus total ne prend plus que 5 \u00e0 6 minutes. C&rsquo;est quand m\u00eame plus raisonnable. Donc si vous ne poss\u00e9dez comme moi qu&rsquo;un vieux PC portable avec de pauvres ports <strong>USB 1.0<\/strong>, il est temps d&rsquo;investir dans ce genre de carte (c&rsquo;est pas trop cher, une quinzaine d&rsquo;euro et pas besoin d&rsquo;\u00eatre bricoleur puisque la carte s&rsquo;ins\u00e8re b\u00eatement dans le port PCMCIA du portable).<\/p><\/div><\/div>\t\t\t\t\t<\/div>\n\t\t\t\t\t\t<\/div>\n\t\t\t\t<\/div>\n\t\t\t\t\t\t<\/div>\n\t\t\t\t\t<\/div>\n\t\t<\/div>\n\t\t\t\t\t\t\t\t<\/div>\n\t\t\t\t\t<\/div>\n\t\t<\/section>\n\t\t\t\t\t\t\t\t\t<\/div>\n\t\t\t<\/div>\n\t\t\t\t\t<\/div>\n\t\t","protected":false},"excerpt":{"rendered":"<p>Images avec un reflex num\u00e9rique Ecrit le 29\/12\/11. Utilisation du logiciel PHD Guiding Introduction : La cam\u00e9ra Orion Starshoot que j&rsquo;utilise est livr\u00e9e avec le logiciel PHD Guiding, qui permet de g\u00e9rer tr\u00e8s facilement la mise en oeuvre de l&rsquo;autoguidage. Il est \u00e0 noter que la version du logiciel fourni avec la cam\u00e9ra est une &hellip;<\/p>\n<p class=\"read-more\"> <a class=\"\" href=\"https:\/\/www.arnaudom.fr\/wordpress\/autophd\/\"> <span class=\"screen-reader-text\">autophd<\/span> Lire la suite\u00a0\u00bb<\/a><\/p>\n","protected":false},"author":1,"featured_media":0,"parent":0,"menu_order":0,"comment_status":"closed","ping_status":"closed","template":"","meta":{"site-sidebar-layout":"default","site-content-layout":"default","ast-site-content-layout":"","site-content-style":"default","site-sidebar-style":"default","ast-global-header-display":"","ast-banner-title-visibility":"","ast-main-header-display":"","ast-hfb-above-header-display":"","ast-hfb-below-header-display":"","ast-hfb-mobile-header-display":"","site-post-title":"disabled","ast-breadcrumbs-content":"","ast-featured-img":"disabled","footer-sml-layout":"","theme-transparent-header-meta":"default","adv-header-id-meta":"","stick-header-meta":"","header-above-stick-meta":"","header-main-stick-meta":"","header-below-stick-meta":"","astra-migrate-meta-layouts":"","ast-page-background-enabled":"default","ast-page-background-meta":{"desktop":{"background-color":"","background-image":"","background-repeat":"repeat","background-position":"center center","background-size":"auto","background-attachment":"scroll","background-type":"","background-media":"","overlay-type":"","overlay-color":"","overlay-gradient":""},"tablet":{"background-color":"","background-image":"","background-repeat":"repeat","background-position":"center center","background-size":"auto","background-attachment":"scroll","background-type":"","background-media":"","overlay-type":"","overlay-color":"","overlay-gradient":""},"mobile":{"background-color":"","background-image":"","background-repeat":"repeat","background-position":"center center","background-size":"auto","background-attachment":"scroll","background-type":"","background-media":"","overlay-type":"","overlay-color":"","overlay-gradient":""}},"ast-content-background-meta":{"desktop":{"background-color":"var(--ast-global-color-5)","background-image":"","background-repeat":"repeat","background-position":"center center","background-size":"auto","background-attachment":"scroll","background-type":"","background-media":"","overlay-type":"","overlay-color":"","overlay-gradient":""},"tablet":{"background-color":"var(--ast-global-color-5)","background-image":"","background-repeat":"repeat","background-position":"center center","background-size":"auto","background-attachment":"scroll","background-type":"","background-media":"","overlay-type":"","overlay-color":"","overlay-gradient":""},"mobile":{"background-color":"var(--ast-global-color-5)","background-image":"","background-repeat":"repeat","background-position":"center center","background-size":"auto","background-attachment":"scroll","background-type":"","background-media":"","overlay-type":"","overlay-color":"","overlay-gradient":""}},"footnotes":""},"class_list":["post-5742","page","type-page","status-publish","hentry"],"_links":{"self":[{"href":"https:\/\/www.arnaudom.fr\/wordpress\/wp-json\/wp\/v2\/pages\/5742","targetHints":{"allow":["GET"]}}],"collection":[{"href":"https:\/\/www.arnaudom.fr\/wordpress\/wp-json\/wp\/v2\/pages"}],"about":[{"href":"https:\/\/www.arnaudom.fr\/wordpress\/wp-json\/wp\/v2\/types\/page"}],"author":[{"embeddable":true,"href":"https:\/\/www.arnaudom.fr\/wordpress\/wp-json\/wp\/v2\/users\/1"}],"replies":[{"embeddable":true,"href":"https:\/\/www.arnaudom.fr\/wordpress\/wp-json\/wp\/v2\/comments?post=5742"}],"version-history":[{"count":3,"href":"https:\/\/www.arnaudom.fr\/wordpress\/wp-json\/wp\/v2\/pages\/5742\/revisions"}],"predecessor-version":[{"id":5746,"href":"https:\/\/www.arnaudom.fr\/wordpress\/wp-json\/wp\/v2\/pages\/5742\/revisions\/5746"}],"wp:attachment":[{"href":"https:\/\/www.arnaudom.fr\/wordpress\/wp-json\/wp\/v2\/media?parent=5742"}],"curies":[{"name":"wp","href":"https:\/\/api.w.org\/{rel}","templated":true}]}}