{"id":4513,"date":"2020-03-04T13:20:26","date_gmt":"2020-03-04T12:20:26","guid":{"rendered":"http:\/\/www.arnaudom.fr\/wordpress\/?page_id=4513"},"modified":"2020-08-17T08:02:02","modified_gmt":"2020-08-17T06:02:02","slug":"eclipse","status":"publish","type":"page","link":"https:\/\/www.arnaudom.fr\/wordpress\/eclipse\/","title":{"rendered":"eclipse"},"content":{"rendered":"\t\t<div data-elementor-type=\"wp-post\" data-elementor-id=\"4513\" class=\"elementor elementor-4513 elementor-bc-flex-widget\">\n\t\t\t\t\t\t<div class=\"elementor-inner\">\n\t\t\t\t<div class=\"elementor-section-wrap\">\n\t\t\t\t\t\t\t\t\t<section class=\"elementor-section elementor-top-section elementor-element elementor-element-6295278 elementor-section-boxed elementor-section-height-default elementor-section-height-default\" data-id=\"6295278\" data-element_type=\"section\">\n\t\t\t\t\t\t<div class=\"elementor-container elementor-column-gap-default\">\n\t\t\t\t\t\t\t<div class=\"elementor-row\">\n\t\t\t\t\t<div class=\"elementor-column elementor-col-100 elementor-top-column elementor-element elementor-element-8fc4b96\" data-id=\"8fc4b96\" data-element_type=\"column\" data-settings=\"{&quot;background_background&quot;:&quot;classic&quot;}\">\n\t\t\t<div class=\"elementor-column-wrap elementor-element-populated\">\n\t\t\t\t\t\t\t<div class=\"elementor-widget-wrap\">\n\t\t\t\t\t\t<div class=\"elementor-element elementor-element-914e0cb elementor-widget elementor-widget-heading\" data-id=\"914e0cb\" data-element_type=\"widget\" data-widget_type=\"heading.default\">\n\t\t\t\t<div class=\"elementor-widget-container\">\n\t\t\t<h1 class=\"elementor-heading-title elementor-size-default\">Eclipse de Lune du 21 janvier 2019<\/h1>\t\t<\/div>\n\t\t\t\t<\/div>\n\t\t\t\t<div class=\"elementor-element elementor-element-c9e3880 elementor-widget elementor-widget-image\" data-id=\"c9e3880\" data-element_type=\"widget\" data-widget_type=\"image.default\">\n\t\t\t\t<div class=\"elementor-widget-container\">\n\t\t\t\t\t\t\t\t<div class=\"elementor-image\">\n\t\t\t\t\t\t\t\t\t\t\t\t<img loading=\"lazy\" decoding=\"async\" width=\"1000\" height=\"667\" src=\"https:\/\/www.arnaudom.fr\/wordpress\/wp-content\/uploads\/2020\/03\/lune210120190631.jpg\" class=\"attachment-full size-full wp-image-4515\" alt=\"\" srcset=\"https:\/\/www.arnaudom.fr\/wordpress\/wp-content\/uploads\/2020\/03\/lune210120190631.jpg 1000w, https:\/\/www.arnaudom.fr\/wordpress\/wp-content\/uploads\/2020\/03\/lune210120190631-300x200.jpg 300w, https:\/\/www.arnaudom.fr\/wordpress\/wp-content\/uploads\/2020\/03\/lune210120190631-768x512.jpg 768w\" sizes=\"auto, (max-width: 1000px) 100vw, 1000px\" \/>\t\t\t\t\t\t\t\t\t\t\t\t\t\t<\/div>\n\t\t\t\t\t\t<\/div>\n\t\t\t\t<\/div>\n\t\t\t\t<div class=\"elementor-element elementor-element-c24c2cb elementor-widget elementor-widget-text-editor\" data-id=\"c24c2cb\" data-element_type=\"widget\" data-widget_type=\"text-editor.default\">\n\t\t\t\t<div class=\"elementor-widget-container\">\n\t\t\t\t\t\t\t\t<div class=\"elementor-text-editor elementor-clearfix\">\n\t\t\t\t<p style=\"text-align: center;\"><strong><span style=\"color: #00cece;\">Canon EOS 20D + Tr\u00e9pied + Objectif zoom Canon 70-200 r\u00e9gl\u00e9 \u00e0 135 mm<br \/>Pose de 6 secondes ouverture 5,6 400 ISO<\/span><\/strong><\/p>\t\t\t\t\t<\/div>\n\t\t\t\t\t\t<\/div>\n\t\t\t\t<\/div>\n\t\t\t\t<div class=\"elementor-element elementor-element-6a793e1 elementor-widget elementor-widget-text-editor\" data-id=\"6a793e1\" data-element_type=\"widget\" data-widget_type=\"text-editor.default\">\n\t\t\t\t<div class=\"elementor-widget-container\">\n\t\t\t\t\t\t\t\t<div class=\"elementor-text-editor elementor-clearfix\">\n\t\t\t\t<p style=\"text-align: center;\"><span style=\"color: #ffffff;\">Photo prise \u00e0 06h31, le ciel n&rsquo;est pas totalement d\u00e9gag\u00e9 et la Lune se ballade entre les nuages qui commencent \u00e0 arriver. Le zoom est r\u00e9gl\u00e9 sur une focale de 135 mm. J&rsquo;ai trait\u00e9 l&rsquo;image pour essayer de faire ressortir les bandes nuageuses \u00e0 travers lesquelles se distingue notre satellite.<\/span><\/p>\t\t\t\t\t<\/div>\n\t\t\t\t\t\t<\/div>\n\t\t\t\t<\/div>\n\t\t\t\t<div class=\"elementor-element elementor-element-62f056e elementor-widget elementor-widget-image\" data-id=\"62f056e\" data-element_type=\"widget\" data-widget_type=\"image.default\">\n\t\t\t\t<div class=\"elementor-widget-container\">\n\t\t\t\t\t\t\t\t<div class=\"elementor-image\">\n\t\t\t\t\t\t\t\t\t\t\t\t<img loading=\"lazy\" decoding=\"async\" width=\"1000\" height=\"667\" src=\"https:\/\/www.arnaudom.fr\/wordpress\/wp-content\/uploads\/2020\/03\/lune210120190635.jpg\" class=\"attachment-full size-full wp-image-4518\" alt=\"\" srcset=\"https:\/\/www.arnaudom.fr\/wordpress\/wp-content\/uploads\/2020\/03\/lune210120190635.jpg 1000w, https:\/\/www.arnaudom.fr\/wordpress\/wp-content\/uploads\/2020\/03\/lune210120190635-300x200.jpg 300w, https:\/\/www.arnaudom.fr\/wordpress\/wp-content\/uploads\/2020\/03\/lune210120190635-768x512.jpg 768w\" sizes=\"auto, (max-width: 1000px) 100vw, 1000px\" \/>\t\t\t\t\t\t\t\t\t\t\t\t\t\t<\/div>\n\t\t\t\t\t\t<\/div>\n\t\t\t\t<\/div>\n\t\t\t\t<div class=\"elementor-element elementor-element-570c7cb elementor-widget elementor-widget-text-editor\" data-id=\"570c7cb\" data-element_type=\"widget\" data-widget_type=\"text-editor.default\">\n\t\t\t\t<div class=\"elementor-widget-container\">\n\t\t\t\t\t\t\t\t<div class=\"elementor-text-editor elementor-clearfix\">\n\t\t\t\t<p style=\"text-align: center;\"><strong><span style=\"color: #00cece;\">Canon EOS 20D + Tr\u00e9pied + Objectif zoom Canon 70-200 r\u00e9gl\u00e9 \u00e0 200 mm<br \/>Pose de 1 seconde ouverture 5,6 400 ISO<\/span><\/strong><\/p>\t\t\t\t\t<\/div>\n\t\t\t\t\t\t<\/div>\n\t\t\t\t<\/div>\n\t\t\t\t<div class=\"elementor-element elementor-element-f42c3b7 elementor-widget elementor-widget-text-editor\" data-id=\"f42c3b7\" data-element_type=\"widget\" data-widget_type=\"text-editor.default\">\n\t\t\t\t<div class=\"elementor-widget-container\">\n\t\t\t\t\t\t\t\t<div class=\"elementor-text-editor elementor-clearfix\">\n\t\t\t\t<p style=\"text-align: center;\"><span style=\"color: #ffffff;\">Cette fois le zoom est r\u00e9gl\u00e9 sur 200 mm pour avoir un plan plus resserr\u00e9. Cette photo est prise \u00e0 06h35, la Lune est alors en dehors des nuages. L\u00e0 aussi j&rsquo;ai jou\u00e9 avec le traitement sur le contraste de l&rsquo;image.<\/span><\/p>\t\t\t\t\t<\/div>\n\t\t\t\t\t\t<\/div>\n\t\t\t\t<\/div>\n\t\t\t\t<div class=\"elementor-element elementor-element-7df8e63 elementor-widget elementor-widget-image\" data-id=\"7df8e63\" data-element_type=\"widget\" data-widget_type=\"image.default\">\n\t\t\t\t<div class=\"elementor-widget-container\">\n\t\t\t\t\t\t\t\t<div class=\"elementor-image\">\n\t\t\t\t\t\t\t\t\t\t\t\t<img loading=\"lazy\" decoding=\"async\" width=\"1000\" height=\"667\" src=\"https:\/\/www.arnaudom.fr\/wordpress\/wp-content\/uploads\/2020\/03\/lune210120190640.jpg\" class=\"attachment-full size-full wp-image-4517\" alt=\"\" srcset=\"https:\/\/www.arnaudom.fr\/wordpress\/wp-content\/uploads\/2020\/03\/lune210120190640.jpg 1000w, https:\/\/www.arnaudom.fr\/wordpress\/wp-content\/uploads\/2020\/03\/lune210120190640-300x200.jpg 300w, https:\/\/www.arnaudom.fr\/wordpress\/wp-content\/uploads\/2020\/03\/lune210120190640-768x512.jpg 768w\" sizes=\"auto, (max-width: 1000px) 100vw, 1000px\" \/>\t\t\t\t\t\t\t\t\t\t\t\t\t\t<\/div>\n\t\t\t\t\t\t<\/div>\n\t\t\t\t<\/div>\n\t\t\t\t<div class=\"elementor-element elementor-element-3a3cd82 elementor-widget elementor-widget-text-editor\" data-id=\"3a3cd82\" data-element_type=\"widget\" data-widget_type=\"text-editor.default\">\n\t\t\t\t<div class=\"elementor-widget-container\">\n\t\t\t\t\t\t\t\t<div class=\"elementor-text-editor elementor-clearfix\">\n\t\t\t\t<p style=\"text-align: center;\"><strong><span style=\"color: #00cece;\">Canon EOS 20D + Tr\u00e9pied + Objectif zoom Canon 70-200 r\u00e9gl\u00e9 \u00e0 200 mm<br \/>Pose de 3,2 secondes ouverture 5,6 400 ISO<\/span><\/strong><\/p>\t\t\t\t\t<\/div>\n\t\t\t\t\t\t<\/div>\n\t\t\t\t<\/div>\n\t\t\t\t<div class=\"elementor-element elementor-element-69ca817 elementor-widget elementor-widget-text-editor\" data-id=\"69ca817\" data-element_type=\"widget\" data-widget_type=\"text-editor.default\">\n\t\t\t\t<div class=\"elementor-widget-container\">\n\t\t\t\t\t\t\t\t<div class=\"elementor-text-editor elementor-clearfix\">\n\t\t\t\t<p style=\"text-align: center;\"><span style=\"color: #ffffff;\">Photo prise \u00e0 06h40, les conditions de prise de vue sont similaires \u00e0 celles de la photo pr\u00e9c\u00e9dente. La Lune commence \u00e0 sortir de la zone de totalit\u00e9 de l&rsquo;\u00e9clipse, ce qui se traduit sur l&rsquo;image par une lumi\u00e8re bleut\u00e9e qui commence \u00e0 appara\u00eetre sur le bord du limbe s\u00e9l\u00e8ne. L&rsquo;arriv\u00e9e rapide des nuages a ensuite clotur\u00e9 la s\u00e9ance de prise de vue. Mais enfin, c&rsquo;\u00e9tait un bon moment d&rsquo;astronomie !<\/span><\/p>\t\t\t\t\t<\/div>\n\t\t\t\t\t\t<\/div>\n\t\t\t\t<\/div>\n\t\t\t\t<div class=\"elementor-element elementor-element-f515423 elementor-align-center elementor-widget elementor-widget-button\" data-id=\"f515423\" data-element_type=\"widget\" data-widget_type=\"button.default\">\n\t\t\t\t<div class=\"elementor-widget-container\">\n\t\t\t\t\t<div class=\"elementor-button-wrapper\">\n\t\t\t<a href=\"http:\/\/www.arnaudom.fr\/wordpress\/lunereflex\" class=\"elementor-button-link elementor-button elementor-size-sm\" role=\"button\">\n\t\t\t\t\t\t<span class=\"elementor-button-content-wrapper\">\n\t\t\t\t\t\t\t<span class=\"elementor-button-icon elementor-align-icon-right\">\n\t\t\t\t\t\t\t\t\t<i class=\"fa fa-camera\" aria-hidden=\"true\"><\/i>\n\t\t\t\t\t\t\t<\/span>\n\t\t\t\t\t\t<span class=\"elementor-button-text\">Retour \u00e0 la galerie<\/span>\n\t\t<\/span>\n\t\t\t\t\t<\/a>\n\t\t<\/div>\n\t\t\t\t<\/div>\n\t\t\t\t<\/div>\n\t\t\t\t\t\t<\/div>\n\t\t\t\t\t<\/div>\n\t\t<\/div>\n\t\t\t\t\t\t\t\t<\/div>\n\t\t\t\t\t<\/div>\n\t\t<\/section>\n\t\t\t\t\t\t\t\t\t<\/div>\n\t\t\t<\/div>\n\t\t\t\t\t<\/div>\n\t\t","protected":false},"excerpt":{"rendered":"<p>Eclipse de Lune du 21 janvier 2019 Canon EOS 20D + Tr\u00e9pied + Objectif zoom Canon 70-200 r\u00e9gl\u00e9 \u00e0 135 mm Pose de 6 secondes ouverture 5,6 400 ISO Photo prise \u00e0 06h31, le ciel n&rsquo;est pas totalement d\u00e9gag\u00e9 et la Lune se ballade entre les nuages qui commencent \u00e0 arriver. Le zoom est r\u00e9gl\u00e9 &hellip;<\/p>\n<p class=\"read-more\"> <a class=\"\" href=\"https:\/\/www.arnaudom.fr\/wordpress\/eclipse\/\"> <span class=\"screen-reader-text\">eclipse<\/span> Lire la suite\u00a0\u00bb<\/a><\/p>\n","protected":false},"author":1,"featured_media":0,"parent":0,"menu_order":0,"comment_status":"closed","ping_status":"closed","template":"","meta":{"site-sidebar-layout":"default","site-content-layout":"default","ast-site-content-layout":"","site-content-style":"default","site-sidebar-style":"default","ast-global-header-display":"","ast-banner-title-visibility":"","ast-main-header-display":"","ast-hfb-above-header-display":"","ast-hfb-below-header-display":"","ast-hfb-mobile-header-display":"","site-post-title":"disabled","ast-breadcrumbs-content":"","ast-featured-img":"","footer-sml-layout":"","theme-transparent-header-meta":"default","adv-header-id-meta":"","stick-header-meta":"","header-above-stick-meta":"","header-main-stick-meta":"","header-below-stick-meta":"","astra-migrate-meta-layouts":"","ast-page-background-enabled":"default","ast-page-background-meta":{"desktop":{"background-color":"","background-image":"","background-repeat":"repeat","background-position":"center center","background-size":"auto","background-attachment":"scroll","background-type":"","background-media":"","overlay-type":"","overlay-color":"","overlay-gradient":""},"tablet":{"background-color":"","background-image":"","background-repeat":"repeat","background-position":"center center","background-size":"auto","background-attachment":"scroll","background-type":"","background-media":"","overlay-type":"","overlay-color":"","overlay-gradient":""},"mobile":{"background-color":"","background-image":"","background-repeat":"repeat","background-position":"center center","background-size":"auto","background-attachment":"scroll","background-type":"","background-media":"","overlay-type":"","overlay-color":"","overlay-gradient":""}},"ast-content-background-meta":{"desktop":{"background-color":"var(--ast-global-color-5)","background-image":"","background-repeat":"repeat","background-position":"center center","background-size":"auto","background-attachment":"scroll","background-type":"","background-media":"","overlay-type":"","overlay-color":"","overlay-gradient":""},"tablet":{"background-color":"var(--ast-global-color-5)","background-image":"","background-repeat":"repeat","background-position":"center center","background-size":"auto","background-attachment":"scroll","background-type":"","background-media":"","overlay-type":"","overlay-color":"","overlay-gradient":""},"mobile":{"background-color":"var(--ast-global-color-5)","background-image":"","background-repeat":"repeat","background-position":"center center","background-size":"auto","background-attachment":"scroll","background-type":"","background-media":"","overlay-type":"","overlay-color":"","overlay-gradient":""}},"footnotes":""},"class_list":["post-4513","page","type-page","status-publish","hentry"],"_links":{"self":[{"href":"https:\/\/www.arnaudom.fr\/wordpress\/wp-json\/wp\/v2\/pages\/4513","targetHints":{"allow":["GET"]}}],"collection":[{"href":"https:\/\/www.arnaudom.fr\/wordpress\/wp-json\/wp\/v2\/pages"}],"about":[{"href":"https:\/\/www.arnaudom.fr\/wordpress\/wp-json\/wp\/v2\/types\/page"}],"author":[{"embeddable":true,"href":"https:\/\/www.arnaudom.fr\/wordpress\/wp-json\/wp\/v2\/users\/1"}],"replies":[{"embeddable":true,"href":"https:\/\/www.arnaudom.fr\/wordpress\/wp-json\/wp\/v2\/comments?post=4513"}],"version-history":[{"count":9,"href":"https:\/\/www.arnaudom.fr\/wordpress\/wp-json\/wp\/v2\/pages\/4513\/revisions"}],"predecessor-version":[{"id":5449,"href":"https:\/\/www.arnaudom.fr\/wordpress\/wp-json\/wp\/v2\/pages\/4513\/revisions\/5449"}],"wp:attachment":[{"href":"https:\/\/www.arnaudom.fr\/wordpress\/wp-json\/wp\/v2\/media?parent=4513"}],"curies":[{"name":"wp","href":"https:\/\/api.w.org\/{rel}","templated":true}]}}

<div data-elementor-type="wp-post" data-elementor-id="4513" class="elementor elementor-4513 elementor-bc-flex-widget">
						<div class="elementor-inner">
				<div class="elementor-section-wrap">
									<section class="elementor-section elementor-top-section elementor-element elementor-element-6295278 elementor-section-boxed elementor-section-height-default elementor-section-height-default" data-id="6295278" data-element_type="section">
						<div class="elementor-container elementor-column-gap-default">
							<div class="elementor-row">
					<div class="elementor-column elementor-col-100 elementor-top-column elementor-element elementor-element-8fc4b96" data-id="8fc4b96" data-element_type="column" data-settings="{&quot;background_background&quot;:&quot;classic&quot;}">
			<div class="elementor-column-wrap elementor-element-populated">
							<div class="elementor-widget-wrap">
						<div class="elementor-element elementor-element-914e0cb elementor-widget elementor-widget-heading" data-id="914e0cb" data-element_type="widget" data-widget_type="heading.default">
				<div class="elementor-widget-container">
			<h1 class="elementor-heading-title elementor-size-default">Eclipse de Lune du 21 janvier 2019</h1>		</div>
				</div>
				<div class="elementor-element elementor-element-c9e3880 elementor-widget elementor-widget-image" data-id="c9e3880" data-element_type="widget" data-widget_type="image.default">
				<div class="elementor-widget-container">
								<div class="elementor-image">
												<img loading="lazy" decoding="async" width="1000" height="667" src="https://www.arnaudom.fr/wordpress/wp-content/uploads/2020/03/lune210120190631.jpg" class="attachment-full size-full wp-image-4515" alt="" srcset="https://www.arnaudom.fr/wordpress/wp-content/uploads/2020/03/lune210120190631.jpg 1000w, https://www.arnaudom.fr/wordpress/wp-content/uploads/2020/03/lune210120190631-300x200.jpg 300w, https://www.arnaudom.fr/wordpress/wp-content/uploads/2020/03/lune210120190631-768x512.jpg 768w" sizes="auto, (max-width: 1000px) 100vw, 1000px" />														</div>
						</div>
				</div>
				<div class="elementor-element elementor-element-c24c2cb elementor-widget elementor-widget-text-editor" data-id="c24c2cb" data-element_type="widget" data-widget_type="text-editor.default">
				<div class="elementor-widget-container">
								<div class="elementor-text-editor elementor-clearfix">
				<p style="text-align: center;"><strong><span style="color: #00cece;">Canon EOS 20D + Trépied + Objectif zoom Canon 70-200 réglé à 135 mm<br />Pose de 6 secondes ouverture 5,6 400 ISO</span></strong></p>					</div>
						</div>
				</div>
				<div class="elementor-element elementor-element-6a793e1 elementor-widget elementor-widget-text-editor" data-id="6a793e1" data-element_type="widget" data-widget_type="text-editor.default">
				<div class="elementor-widget-container">
								<div class="elementor-text-editor elementor-clearfix">
				<p style="text-align: center;"><span style="color: #ffffff;">Photo prise à 06h31, le ciel n&rsquo;est pas totalement dégagé et la Lune se ballade entre les nuages qui commencent à arriver. Le zoom est réglé sur une focale de 135 mm. J&rsquo;ai traité l&rsquo;image pour essayer de faire ressortir les bandes nuageuses à travers lesquelles se distingue notre satellite.</span></p>					</div>
						</div>
				</div>
				<div class="elementor-element elementor-element-62f056e elementor-widget elementor-widget-image" data-id="62f056e" data-element_type="widget" data-widget_type="image.default">
				<div class="elementor-widget-container">
								<div class="elementor-image">
												<img loading="lazy" decoding="async" width="1000" height="667" src="https://www.arnaudom.fr/wordpress/wp-content/uploads/2020/03/lune210120190635.jpg" class="attachment-full size-full wp-image-4518" alt="" srcset="https://www.arnaudom.fr/wordpress/wp-content/uploads/2020/03/lune210120190635.jpg 1000w, https://www.arnaudom.fr/wordpress/wp-content/uploads/2020/03/lune210120190635-300x200.jpg 300w, https://www.arnaudom.fr/wordpress/wp-content/uploads/2020/03/lune210120190635-768x512.jpg 768w" sizes="auto, (max-width: 1000px) 100vw, 1000px" />														</div>
						</div>
				</div>
				<div class="elementor-element elementor-element-570c7cb elementor-widget elementor-widget-text-editor" data-id="570c7cb" data-element_type="widget" data-widget_type="text-editor.default">
				<div class="elementor-widget-container">
								<div class="elementor-text-editor elementor-clearfix">
				<p style="text-align: center;"><strong><span style="color: #00cece;">Canon EOS 20D + Trépied + Objectif zoom Canon 70-200 réglé à 200 mm<br />Pose de 1 seconde ouverture 5,6 400 ISO</span></strong></p>					</div>
						</div>
				</div>
				<div class="elementor-element elementor-element-f42c3b7 elementor-widget elementor-widget-text-editor" data-id="f42c3b7" data-element_type="widget" data-widget_type="text-editor.default">
				<div class="elementor-widget-container">
								<div class="elementor-text-editor elementor-clearfix">
				<p style="text-align: center;"><span style="color: #ffffff;">Cette fois le zoom est réglé sur 200 mm pour avoir un plan plus resserré. Cette photo est prise à 06h35, la Lune est alors en dehors des nuages. Là aussi j&rsquo;ai joué avec le traitement sur le contraste de l&rsquo;image.</span></p>					</div>
						</div>
				</div>
				<div class="elementor-element elementor-element-7df8e63 elementor-widget elementor-widget-image" data-id="7df8e63" data-element_type="widget" data-widget_type="image.default">
				<div class="elementor-widget-container">
								<div class="elementor-image">
												<img loading="lazy" decoding="async" width="1000" height="667" src="https://www.arnaudom.fr/wordpress/wp-content/uploads/2020/03/lune210120190640.jpg" class="attachment-full size-full wp-image-4517" alt="" srcset="https://www.arnaudom.fr/wordpress/wp-content/uploads/2020/03/lune210120190640.jpg 1000w, https://www.arnaudom.fr/wordpress/wp-content/uploads/2020/03/lune210120190640-300x200.jpg 300w, https://www.arnaudom.fr/wordpress/wp-content/uploads/2020/03/lune210120190640-768x512.jpg 768w" sizes="auto, (max-width: 1000px) 100vw, 1000px" />														</div>
						</div>
				</div>
				<div class="elementor-element elementor-element-3a3cd82 elementor-widget elementor-widget-text-editor" data-id="3a3cd82" data-element_type="widget" data-widget_type="text-editor.default">
				<div class="elementor-widget-container">
								<div class="elementor-text-editor elementor-clearfix">
				<p style="text-align: center;"><strong><span style="color: #00cece;">Canon EOS 20D + Trépied + Objectif zoom Canon 70-200 réglé à 200 mm<br />Pose de 3,2 secondes ouverture 5,6 400 ISO</span></strong></p>					</div>
						</div>
				</div>
				<div class="elementor-element elementor-element-69ca817 elementor-widget elementor-widget-text-editor" data-id="69ca817" data-element_type="widget" data-widget_type="text-editor.default">
				<div class="elementor-widget-container">
								<div class="elementor-text-editor elementor-clearfix">
				<p style="text-align: center;"><span style="color: #ffffff;">Photo prise à 06h40, les conditions de prise de vue sont similaires à celles de la photo précédente. La Lune commence à sortir de la zone de totalité de l&rsquo;éclipse, ce qui se traduit sur l&rsquo;image par une lumière bleutée qui commence à apparaître sur le bord du limbe sélène. L&rsquo;arrivée rapide des nuages a ensuite cloturé la séance de prise de vue. Mais enfin, c&rsquo;était un bon moment d&rsquo;astronomie !</span></p>					</div>
						</div>
				</div>
				<div class="elementor-element elementor-element-f515423 elementor-align-center elementor-widget elementor-widget-button" data-id="f515423" data-element_type="widget" data-widget_type="button.default">
				<div class="elementor-widget-container">
					<div class="elementor-button-wrapper">
			<a href="http://www.arnaudom.fr/wordpress/lunereflex" class="elementor-button-link elementor-button elementor-size-sm" role="button">
						<span class="elementor-button-content-wrapper">
							<span class="elementor-button-icon elementor-align-icon-right">
									<i class="fa fa-camera" aria-hidden="true"></i>
							</span>
						<span class="elementor-button-text">Retour à la galerie</span>
		</span>
					</a>
		</div>
				</div>
				</div>
						</div>
					</div>
		</div>
								</div>
					</div>
		</section>
									</div>
			</div>
					</div>

<p>Eclipse de Lune du 21 janvier 2019 Canon EOS 20D + Trépied + Objectif zoom Canon 70-200 réglé à 135 mm Pose de 6 secondes ouverture 5,6 400 ISO Photo prise à 06h31, le ciel n&rsquo;est pas totalement dégagé et la Lune se ballade entre les nuages qui commencent à arriver. Le zoom est réglé &hellip;</p>
<p class="read-more"> <a class="" href="https://www.arnaudom.fr/wordpress/eclipse/"> <span class="screen-reader-text">eclipse</span> Lire la suite »</a></p>
