{"id":3533,"date":"2019-08-23T08:45:59","date_gmt":"2019-08-23T06:45:59","guid":{"rendered":"http:\/\/www.arnaudom.fr\/wordpress\/?page_id=3533"},"modified":"2025-01-07T22:49:54","modified_gmt":"2025-01-07T21:49:54","slug":"gchien","status":"publish","type":"page","link":"https:\/\/www.arnaudom.fr\/wordpress\/gchien\/","title":{"rendered":"gchien"},"content":{"rendered":"\t\t<div data-elementor-type=\"wp-post\" data-elementor-id=\"3533\" class=\"elementor elementor-3533\">\n\t\t\t\t\t\t<div class=\"elementor-inner\">\n\t\t\t\t<div class=\"elementor-section-wrap\">\n\t\t\t\t\t\t\t\t\t<section class=\"elementor-section elementor-top-section elementor-element elementor-element-22c441cc elementor-section-full_width elementor-section-height-default elementor-section-height-default\" data-id=\"22c441cc\" data-element_type=\"section\" data-settings=\"{&quot;background_background&quot;:&quot;classic&quot;}\">\n\t\t\t\t\t\t<div class=\"elementor-container elementor-column-gap-default\">\n\t\t\t\t\t\t\t<div class=\"elementor-row\">\n\t\t\t\t\t<div class=\"elementor-column elementor-col-100 elementor-top-column elementor-element elementor-element-64b5fc56\" data-id=\"64b5fc56\" data-element_type=\"column\" data-settings=\"{&quot;background_background&quot;:&quot;classic&quot;}\">\n\t\t\t<div class=\"elementor-column-wrap elementor-element-populated\">\n\t\t\t\t\t\t\t<div class=\"elementor-widget-wrap\">\n\t\t\t\t\t\t<div class=\"elementor-element elementor-element-712d6b2 elementor-widget elementor-widget-heading\" data-id=\"712d6b2\" data-element_type=\"widget\" data-widget_type=\"heading.default\">\n\t\t\t\t<div class=\"elementor-widget-container\">\n\t\t\t<h1 class=\"elementor-heading-title elementor-size-default\">Observer la constellation du Grand Chien (et autour...)<\/h1>\t\t<\/div>\n\t\t\t\t<\/div>\n\t\t\t\t<div class=\"elementor-element elementor-element-65ba1d20 elementor-widget elementor-widget-spacer\" data-id=\"65ba1d20\" data-element_type=\"widget\" data-widget_type=\"spacer.default\">\n\t\t\t\t<div class=\"elementor-widget-container\">\n\t\t\t\t\t<div class=\"elementor-spacer\">\n\t\t\t<div class=\"elementor-spacer-inner\"><\/div>\n\t\t<\/div>\n\t\t\t\t<\/div>\n\t\t\t\t<\/div>\n\t\t\t\t<section class=\"elementor-section elementor-inner-section elementor-element elementor-element-65e1ff3a elementor-section-content-middle elementor-section-boxed elementor-section-height-default elementor-section-height-default\" data-id=\"65e1ff3a\" data-element_type=\"section\">\n\t\t\t\t\t\t<div class=\"elementor-container elementor-column-gap-default\">\n\t\t\t\t\t\t\t<div class=\"elementor-row\">\n\t\t\t\t\t<div class=\"elementor-column elementor-col-50 elementor-inner-column elementor-element elementor-element-7bed51d5\" data-id=\"7bed51d5\" data-element_type=\"column\" data-settings=\"{&quot;background_background&quot;:&quot;classic&quot;}\">\n\t\t\t<div class=\"elementor-column-wrap elementor-element-populated\">\n\t\t\t\t\t\t\t<div class=\"elementor-widget-wrap\">\n\t\t\t\t\t\t<div class=\"elementor-element elementor-element-23142c9 elementor-widget elementor-widget-text-editor\" data-id=\"23142c9\" data-element_type=\"widget\" data-widget_type=\"text-editor.default\">\n\t\t\t\t<div class=\"elementor-widget-container\">\n\t\t\t\t\t\t\t\t<div class=\"elementor-text-editor elementor-clearfix\">\n\t\t\t\t<a href=\"http:\/\/www.arnaudom.fr\/wordpress\/cartegchien\"><strong>Afficher la carte<\/strong><\/a>\t\t\t\t\t<\/div>\n\t\t\t\t\t\t<\/div>\n\t\t\t\t<\/div>\n\t\t\t\t\t\t<\/div>\n\t\t\t\t\t<\/div>\n\t\t<\/div>\n\t\t\t\t<div class=\"elementor-column elementor-col-50 elementor-inner-column elementor-element elementor-element-23095e89\" data-id=\"23095e89\" data-element_type=\"column\" data-settings=\"{&quot;background_background&quot;:&quot;classic&quot;}\">\n\t\t\t<div class=\"elementor-column-wrap elementor-element-populated\">\n\t\t\t\t\t\t\t<div class=\"elementor-widget-wrap\">\n\t\t\t\t\t\t<div class=\"elementor-element elementor-element-57f09a81 elementor-widget elementor-widget-image\" data-id=\"57f09a81\" data-element_type=\"widget\" data-widget_type=\"image.default\">\n\t\t\t\t<div class=\"elementor-widget-container\">\n\t\t\t\t\t\t\t\t<div class=\"elementor-image\">\n\t\t\t\t\t\t\t\t\t\t\t\t\t<a href=\"http:\/\/www.arnaudom.fr\/wordpress\/cartegchien\">\n\t\t\t\t\t\t\t<img loading=\"lazy\" decoding=\"async\" width=\"150\" height=\"164\" src=\"https:\/\/www.arnaudom.fr\/wordpress\/wp-content\/uploads\/2019\/08\/tcartechien.jpg\" class=\"attachment-large size-large wp-image-3558\" alt=\"\" \/>\t\t\t\t\t\t\t\t<\/a>\n\t\t\t\t\t\t\t\t\t\t\t\t\t\t<\/div>\n\t\t\t\t\t\t<\/div>\n\t\t\t\t<\/div>\n\t\t\t\t\t\t<\/div>\n\t\t\t\t\t<\/div>\n\t\t<\/div>\n\t\t\t\t\t\t\t\t<\/div>\n\t\t\t\t\t<\/div>\n\t\t<\/section>\n\t\t\t\t<div class=\"elementor-element elementor-element-48d71495 elementor-widget elementor-widget-heading\" data-id=\"48d71495\" data-element_type=\"widget\" data-widget_type=\"heading.default\">\n\t\t\t\t<div class=\"elementor-widget-container\">\n\t\t\t<h3 class=\"elementor-heading-title elementor-size-default\">Objets observ\u00e9s :<\/h3>\t\t<\/div>\n\t\t\t\t<\/div>\n\t\t\t\t<div class=\"elementor-element elementor-element-33165ae4 elementor-widget elementor-widget-text-editor\" data-id=\"33165ae4\" data-element_type=\"widget\" data-widget_type=\"text-editor.default\">\n\t\t\t\t<div class=\"elementor-widget-container\">\n\t\t\t\t\t\t\t\t<div class=\"elementor-text-editor elementor-clearfix\">\n\t\t\t\t<p>1 \u00e9toile : Sirius.<\/p><p>1 \u00e9toile double : Xi de la Poupe.<\/p><p>7 amas ouverts : M41, NGC 2360, M50, M47, NGC 2423, M46, M93.<\/p><p>1 n\u00e9buleuse plan\u00e9taire : NGC 2438.<\/p>\t\t\t\t\t<\/div>\n\t\t\t\t\t\t<\/div>\n\t\t\t\t<\/div>\n\t\t\t\t<div class=\"elementor-element elementor-element-35c8ceb4 elementor-widget elementor-widget-heading\" data-id=\"35c8ceb4\" data-element_type=\"widget\" data-widget_type=\"heading.default\">\n\t\t\t\t<div class=\"elementor-widget-container\">\n\t\t\t<h3 class=\"elementor-heading-title elementor-size-default\">Introduction :<\/h3>\t\t<\/div>\n\t\t\t\t<\/div>\n\t\t\t\t<div class=\"elementor-element elementor-element-2b2749fc elementor-widget elementor-widget-text-editor\" data-id=\"2b2749fc\" data-element_type=\"widget\" data-widget_type=\"text-editor.default\">\n\t\t\t\t<div class=\"elementor-widget-container\">\n\t\t\t\t\t\t\t\t<div class=\"elementor-text-editor elementor-clearfix\">\n\t\t\t\t<p>s\u00e9ances d&rsquo;observation effectu\u00e9es en Janvier 2005, vers 23-24h. En effet, en d\u00e9but de soir\u00e9e, Sirius, l&rsquo;\u00e9toile la plus brillante du ciel et qui appartient au Grand Chien, est sous l&rsquo;horizon. On attendra donc que la constellation se l\u00e8ve et soit le plus haut possible dans le ciel, sachant qu&rsquo;elle ne s&rsquo;\u00e9l\u00e8ve jamais tr\u00e8s loin au-dessus de l&rsquo;horizon. En f\u00e9vrier, elle se l\u00e8ve plus t\u00f4t dans la soir\u00e9e, pour ceux qui veulent se coucher plus t\u00f4t&#8230; Parmi les objets observ\u00e9s, 3 seulement (Sirius, M41 et NGC 2360) appartiennent vraiment au Grand Chien, les autres appartenant soit \u00e0 la Licorne (M50) soit \u00e0 la Poupe (Xi, M47, NGC 2423, M46, NGC 2438 et M93). Ces deux derni\u00e8res constellations sont tr\u00e8s difficiles \u00e0 rep\u00e9rer, faute d&rsquo;\u00e9toiles visibles \u00e0 l&rsquo;oeil nu, c&rsquo;est pourquoi on va se servir du Grand Chien pour rep\u00e9rer leurs objets.<\/p>\t\t\t\t\t<\/div>\n\t\t\t\t\t\t<\/div>\n\t\t\t\t<\/div>\n\t\t\t\t<div class=\"elementor-element elementor-element-5dc72410 elementor-widget elementor-widget-text-editor\" data-id=\"5dc72410\" data-element_type=\"widget\" data-widget_type=\"text-editor.default\">\n\t\t\t\t<div class=\"elementor-widget-container\">\n\t\t\t\t\t\t\t\t<div class=\"elementor-text-editor elementor-clearfix\">\n\t\t\t\t<h3><span class=\"gras col5\">Le Grand Chien et M50 :<\/span> (<a href=\"http:\/\/www.arnaudom.fr\/wordpress\/cartegchien\">carte<\/a>)<\/h3>\t\t\t\t\t<\/div>\n\t\t\t\t\t\t<\/div>\n\t\t\t\t<\/div>\n\t\t\t\t<div class=\"elementor-element elementor-element-7a79b716 elementor-widget elementor-widget-text-editor\" data-id=\"7a79b716\" data-element_type=\"widget\" data-widget_type=\"text-editor.default\">\n\t\t\t\t<div class=\"elementor-widget-container\">\n\t\t\t\t\t\t\t\t<div class=\"elementor-text-editor elementor-clearfix\">\n\t\t\t\t<p>partons de Sirius, l&rsquo;\u00e9toile la plus brillante du ciel. Observ\u00e9e \u00e0 l&rsquo;oeil nu et au t\u00e9l\u00e9scope, on voit une \u00e9toile blanche bleue qui brille \u00e9norm\u00e9ment. Si vous avez d\u00e9j\u00e0 observ\u00e9 l&rsquo;\u00e9toile V\u00e9ga en \u00e9t\u00e9, elle lui ressemble beaucoup, mais en beaucoup plus scintillante !<\/p><p>Pour trouver notre premier amas, M41, il suffit d&rsquo;aller chercher en bas \u00e0 droite de Sirius \u00e0 faible grossissement (\u00e0 28x avec le 32 mm). Il se voit aussi aux jumelles. Il est tr\u00e8s facile \u00e0 trouver, il remplit l&rsquo;oculaire \u00e0 45x (avec le 20 mm), et on peut y compter une quarantaine d&rsquo;\u00e9toiles bien visibles, bien d\u00e9tach\u00e9es. C&rsquo;est un amas assez grand, et assez beau \u00e0 regarder.<\/p><p>NGC 2360, \u00e0 l&rsquo;est de Gamma Grand Chien, est un peu moins facile \u00e0 trouver. Le mieux est de partir de Gamma et d&rsquo;aller chercher \u00e0 gauche avec 28x de grossissement. On le voit alors comme une t\u00e2che diffuse et granuleuse, pr\u00e8s d&rsquo;une \u00e9toile brillante. L&rsquo;autre solution pour le trouver plus pr\u00e9cis\u00e9ment, c&rsquo;est d&rsquo;utiliser les cercles de coordonn\u00e9es de la monture, apr\u00e8s avoir r\u00e9alis\u00e9 une mise en station \u00e0 peu pr\u00e8s correcte. En effet, NGC 2360 se trouve \u00e0 + 14 minutes d&rsquo;ascension droite (AD) de Gamma. On centre donc Gamma dans l&rsquo;oculaire, on serre les freins puis on tourne uniquement le flexible des AD dans le bon sens (rappel : sur la monture EQ2, on lit les chiffres du bas sur le cercle des AD). On va doucement, et normalement, \u00e0 28x, l&rsquo;amas devrait appara\u00eetre dans l&rsquo;oculaire. Une fois rep\u00e9r\u00e9 (\u00e7a n&rsquo;est pas forc\u00e9ment \u00e9vident la premi\u00e8re fois car il est beaucoup moins visible que M41, et je pense qu&rsquo;il ne ressort bien que sous un ciel bien noir !), il vaut mieux grossir 45x pour l&rsquo;observer. L&rsquo;amas est alors au centre de l&rsquo;oculaire, il est compos\u00e9 de fines \u00e9toiles serr\u00e9es, on voit dans le m\u00eame champ \u00e0 gauche l&rsquo;\u00e9toile brillante cit\u00e9e plus haut, et en vision d\u00e9cal\u00e9e il se voit encore mieux et semble grossir. Des cha\u00eenes d&rsquo;\u00e9toiles faibles semblent en partir.<\/p><p>Enfin, toujours dans la m\u00eame zone du ciel, on va observer M50, amas ouvert qui se trouve en r\u00e9alit\u00e9 dans la Licorne. Cependant, il est assez facile \u00e0 rep\u00e9rer, car il suffit de prolonger presque une fois la distance Sirius-Th\u00e9ta Grand Chien pour le trouver, \u00e7a n&rsquo;est pas trop difficile \u00e0 28x. On a un amas facile \u00e0 voir, qui peut-\u00eatre grossi 45x. Il n&rsquo;est pas tr\u00e8s spectaculaire, on voit un regroupement d&rsquo;une quinzaine d&rsquo;\u00e9toiles bien d\u00e9tach\u00e9es au premier abord. On peut observer son centre \u00e0 90x (avec le 10 mm), ce qui permet d&rsquo;y percevoir quelques faibles \u00e9toiles en plus. Bref, c&rsquo;est un amas facile \u00e0 voir mais assez quelconque par rapport aux deux pr\u00e9c\u00e9dents.<\/p>\t\t\t\t\t<\/div>\n\t\t\t\t\t\t<\/div>\n\t\t\t\t<\/div>\n\t\t\t\t<div class=\"elementor-element elementor-element-624941ac elementor-widget elementor-widget-text-editor\" data-id=\"624941ac\" data-element_type=\"widget\" data-widget_type=\"text-editor.default\">\n\t\t\t\t<div class=\"elementor-widget-container\">\n\t\t\t\t\t\t\t\t<div class=\"elementor-text-editor elementor-clearfix\">\n\t\t\t\t<h3><span class=\"gras col5\">La Poupe :<\/span> (<a href=\"http:\/\/www.arnaudom.fr\/wordpress\/cartegchien\">carte<\/a>)<\/h3>\t\t\t\t\t<\/div>\n\t\t\t\t\t\t<\/div>\n\t\t\t\t<\/div>\n\t\t\t\t<div class=\"elementor-element elementor-element-7374de34 elementor-widget elementor-widget-text-editor\" data-id=\"7374de34\" data-element_type=\"widget\" data-widget_type=\"text-editor.default\">\n\t\t\t\t<div class=\"elementor-widget-container\">\n\t\t\t\t\t\t\t\t<div class=\"elementor-text-editor elementor-clearfix\">\n\t\t\t\t<p>les 6 objets restants appartiennent en r\u00e9alit\u00e9 tous \u00e0 la constellation de la Poupe. Sous un bon ciel noir, le duo M46-M47 peut se rep\u00e9rer \u00e0 l&rsquo;oeil nu comme une t\u00e2che floue. Le mieux est de pointer une paire de jumelles sur la zone en question, et on voit bien dans le m\u00eame oculaire de jumelles M47 \u00e0 droite et une n\u00e9buleuse grise \u00e0 gauche, qui est en r\u00e9alit\u00e9 M46. Pointons M47, qui peut-\u00eatre grossi 45x, et qui appara\u00eet comme un bel amas brillant, peu dense, dans lequel on peut compter une trentaine d&rsquo;\u00e9toiles, dont une dizaine tr\u00e8s brillantes. En partant de ce sympathique objet, on peut tout d&rsquo;abord rep\u00e9rer un amas beaucoup plus petit qui est NGC 2423, et qui se trouve au-dessus \u00e0 gauche (donc en bas \u00e0 droite dans l&rsquo;oculaire) de M47. Il semble reli\u00e9 \u00e0 lui par une cha\u00eene d&rsquo;\u00e9toiles. Etant vraiment petit, NGC 2423 se per\u00e7oit comme un ensemble n\u00e9buleux, sur lequel on devine quelques faibles \u00e9toiles. Je l&rsquo;ai observ\u00e9 \u00e0 90x mais difficile d&rsquo;y voir plus de d\u00e9tails.<\/p>\n<p>Revenons plut\u00f4t, avec un grossissement de 28x ou de 45x, sur M47, et allons chercher juste \u00e0 c\u00f4t\u00e9, \u00e0 droite dans l&rsquo;oculaire, pour trouver le tr\u00e8s beau M46. C&rsquo;est un amas de forme circulaire, compos\u00e9 d&rsquo;\u00e9toiles fines et bien d\u00e9tach\u00e9es. Il est magnifique \u00e0 45x, il semble tr\u00e8s dense, on voit facilement une vingtaine d&rsquo;\u00e9toiles mais on en devine une centaine. Attention cependant, il est magnifique sous un ciel bien noir, une fois que le Grand Chien s&rsquo;est \u00e9lev\u00e9 au-dessus de l&rsquo;horizon, mais sous un ciel clair (quand la Lune est pr\u00e9sente par exemple) ou embrum\u00e9, il peut \u00eatre difficile \u00e0 voir ! Dans de bonnes conditions, il est vraiment tr\u00e8s beau. De plus, il rec\u00e8le un cadeau-surprise : dans M46, non loin du centre, se trouve une petite n\u00e9buleuse plan\u00e9taire, NGC 2438. Si le ciel est bon, vous pouvez tenter de l&rsquo;apercevoir. Cependant, ceci demande un peu de patience et de concentration. A 45x, en promenant son regard pr\u00e8s du centre de M46, on per\u00e7oit par instant, en vision d\u00e9cal\u00e9e, une petite bulle \u00ab\u00a0laiteuse\u00a0\u00bb, grise, qui appara\u00eet furtivement. Il faut rester un petit moment l&rsquo;oeil \u00e0 l&rsquo;oculaire pour se laisser le temps de percevoir quelque chose, et promener le regard dans le champ car la n\u00e9buleuse apparait en vision d\u00e9cal\u00e9e. Si vous pensez l&rsquo;avoir apercue (et \u00e7a n&rsquo;est pas tr\u00e8s facile !), vous pouvez grossir le centre de l&rsquo;amas 90x, ce qui devrait faciliter un peu l&rsquo;observation. NGC 2438 produit un effet \u00ab\u00a0blink\u00a0\u00bb : la n\u00e9buleuse disparait quand on la fixe directement et r\u00e9appara\u00eet quand on regarde \u00e0 c\u00f4t\u00e9. Cet effet permet de bien la rep\u00e9rer \u00e0 90x. Bref, percevoir NGC 2438 est un petit d\u00e9fi int\u00e9ressant pour un astronome d\u00e9butant !<\/p>\n<p>Pour finir, on va chercher l&rsquo;\u00e9toile Xi de la Poupe (en violet sur la carte, \u00e0 gauche des \u00ab\u00a0pattes\u00a0\u00bb du Grand Chien). Les \u00e9toiles dessin\u00e9es sur la carte, ainsi que Xi, sont bien visibles \u00e0 l&rsquo;oeil nu, on les rep\u00e8re sans trop de probl\u00e8me. Pointez cette \u00e9toile et on voit alors dans l&rsquo;oculaire, d\u00e9s 28x, une \u00e9toile double color\u00e9e largement \u00e9cart\u00e9e (je me demande d&rsquo;ailleurs si c&rsquo;est une vraie double). C&rsquo;est bien celle que l&rsquo;on cherche, le premier int\u00e9r\u00eat de cette \u00e9toile \u00e9tant qu&rsquo;elle nous offre un beau petit spectacle, \u00e0 savoir deux \u00e9toiles de couleur diff\u00e9rente, l&rsquo;une jaune et l&rsquo;autre verte selon moi. Le second int\u00e9r\u00eat de cette \u00e9toile est qu&rsquo;elle permet de rep\u00e9rer tr\u00e8s facilement le dernier objet de notre observation, l&rsquo;amas M93. En effet, il suffit de partir d&rsquo;elle (\u00e0 28x) et de remonter (dans l&rsquo;oculaire donc, on descend), on compte deux petites \u00e9toiles blanches tr\u00e8s l\u00e9g\u00e8rement sur la droite en montant et elles nous am\u00e8nent directement \u00e0 M93. L&rsquo;amas peut alors \u00eatre observ\u00e9 \u00e0 45x, mais aussi \u00e0 90x, grossissement avec lequel il tient encore dans le champ de l&rsquo;oculaire. Il est bien visible et compos\u00e9 d&rsquo;une vingtaine d&rsquo;\u00e9toiles bien d\u00e9tach\u00e9es. Il a un peu la forme d&rsquo;un papillon. Pas tr\u00e8s spectaculaire, mais j&rsquo;aime bien !<\/p>\t\t\t\t\t<\/div>\n\t\t\t\t\t\t<\/div>\n\t\t\t\t<\/div>\n\t\t\t\t\t\t<\/div>\n\t\t\t\t\t<\/div>\n\t\t<\/div>\n\t\t\t\t\t\t\t\t<\/div>\n\t\t\t\t\t<\/div>\n\t\t<\/section>\n\t\t\t\t\t\t\t\t\t<\/div>\n\t\t\t<\/div>\n\t\t\t\t\t<\/div>\n\t\t","protected":false},"excerpt":{"rendered":"<p>Observer la constellation du Grand Chien (et autour&#8230;) Afficher la carte Objets observ\u00e9s : 1 \u00e9toile : Sirius. 1 \u00e9toile double : Xi de la Poupe. 7 amas ouverts : M41, NGC 2360, M50, M47, NGC 2423, M46, M93. 1 n\u00e9buleuse plan\u00e9taire : NGC 2438. Introduction : s\u00e9ances d&rsquo;observation effectu\u00e9es en Janvier 2005, vers 23-24h. &hellip;<\/p>\n<p class=\"read-more\"> <a class=\"\" href=\"https:\/\/www.arnaudom.fr\/wordpress\/gchien\/\"> <span class=\"screen-reader-text\">gchien<\/span> Lire la suite\u00a0\u00bb<\/a><\/p>\n","protected":false},"author":1,"featured_media":0,"parent":0,"menu_order":0,"comment_status":"closed","ping_status":"closed","template":"","meta":{"site-sidebar-layout":"default","site-content-layout":"default","ast-site-content-layout":"","site-content-style":"default","site-sidebar-style":"default","ast-global-header-display":"","ast-banner-title-visibility":"","ast-main-header-display":"","ast-hfb-above-header-display":"","ast-hfb-below-header-display":"","ast-hfb-mobile-header-display":"","site-post-title":"disabled","ast-breadcrumbs-content":"","ast-featured-img":"","footer-sml-layout":"","theme-transparent-header-meta":"default","adv-header-id-meta":"","stick-header-meta":"","header-above-stick-meta":"","header-main-stick-meta":"","header-below-stick-meta":"","astra-migrate-meta-layouts":"","ast-page-background-enabled":"default","ast-page-background-meta":{"desktop":{"background-color":"","background-image":"","background-repeat":"repeat","background-position":"center center","background-size":"auto","background-attachment":"scroll","background-type":"","background-media":"","overlay-type":"","overlay-color":"","overlay-gradient":""},"tablet":{"background-color":"","background-image":"","background-repeat":"repeat","background-position":"center center","background-size":"auto","background-attachment":"scroll","background-type":"","background-media":"","overlay-type":"","overlay-color":"","overlay-gradient":""},"mobile":{"background-color":"","background-image":"","background-repeat":"repeat","background-position":"center center","background-size":"auto","background-attachment":"scroll","background-type":"","background-media":"","overlay-type":"","overlay-color":"","overlay-gradient":""}},"ast-content-background-meta":{"desktop":{"background-color":"var(--ast-global-color-5)","background-image":"","background-repeat":"repeat","background-position":"center center","background-size":"auto","background-attachment":"scroll","background-type":"","background-media":"","overlay-type":"","overlay-color":"","overlay-gradient":""},"tablet":{"background-color":"var(--ast-global-color-5)","background-image":"","background-repeat":"repeat","background-position":"center center","background-size":"auto","background-attachment":"scroll","background-type":"","background-media":"","overlay-type":"","overlay-color":"","overlay-gradient":""},"mobile":{"background-color":"var(--ast-global-color-5)","background-image":"","background-repeat":"repeat","background-position":"center center","background-size":"auto","background-attachment":"scroll","background-type":"","background-media":"","overlay-type":"","overlay-color":"","overlay-gradient":""}},"footnotes":""},"class_list":["post-3533","page","type-page","status-publish","hentry"],"_links":{"self":[{"href":"https:\/\/www.arnaudom.fr\/wordpress\/wp-json\/wp\/v2\/pages\/3533","targetHints":{"allow":["GET"]}}],"collection":[{"href":"https:\/\/www.arnaudom.fr\/wordpress\/wp-json\/wp\/v2\/pages"}],"about":[{"href":"https:\/\/www.arnaudom.fr\/wordpress\/wp-json\/wp\/v2\/types\/page"}],"author":[{"embeddable":true,"href":"https:\/\/www.arnaudom.fr\/wordpress\/wp-json\/wp\/v2\/users\/1"}],"replies":[{"embeddable":true,"href":"https:\/\/www.arnaudom.fr\/wordpress\/wp-json\/wp\/v2\/comments?post=3533"}],"version-history":[{"count":11,"href":"https:\/\/www.arnaudom.fr\/wordpress\/wp-json\/wp\/v2\/pages\/3533\/revisions"}],"predecessor-version":[{"id":14753,"href":"https:\/\/www.arnaudom.fr\/wordpress\/wp-json\/wp\/v2\/pages\/3533\/revisions\/14753"}],"wp:attachment":[{"href":"https:\/\/www.arnaudom.fr\/wordpress\/wp-json\/wp\/v2\/media?parent=3533"}],"curies":[{"name":"wp","href":"https:\/\/api.w.org\/{rel}","templated":true}]}}