{"id":3306,"date":"2019-08-18T17:11:47","date_gmt":"2019-08-18T15:11:47","guid":{"rendered":"http:\/\/www.arnaudom.fr\/wordpress\/?page_id=3306"},"modified":"2020-08-16T10:16:35","modified_gmt":"2020-08-16T08:16:35","slug":"aigle","status":"publish","type":"page","link":"https:\/\/www.arnaudom.fr\/wordpress\/aigle\/","title":{"rendered":"aigle"},"content":{"rendered":"\t\t<div data-elementor-type=\"wp-post\" data-elementor-id=\"3306\" class=\"elementor elementor-3306\">\n\t\t\t\t\t\t<div class=\"elementor-inner\">\n\t\t\t\t<div class=\"elementor-section-wrap\">\n\t\t\t\t\t\t\t\t\t<section class=\"elementor-section elementor-top-section elementor-element elementor-element-76dec6a5 elementor-section-full_width elementor-section-height-default elementor-section-height-default\" data-id=\"76dec6a5\" data-element_type=\"section\" data-settings=\"{&quot;background_background&quot;:&quot;classic&quot;}\">\n\t\t\t\t\t\t<div class=\"elementor-container elementor-column-gap-default\">\n\t\t\t\t\t\t\t<div class=\"elementor-row\">\n\t\t\t\t\t<div class=\"elementor-column elementor-col-100 elementor-top-column elementor-element elementor-element-3354484c\" data-id=\"3354484c\" data-element_type=\"column\" data-settings=\"{&quot;background_background&quot;:&quot;classic&quot;}\">\n\t\t\t<div class=\"elementor-column-wrap elementor-element-populated\">\n\t\t\t\t\t\t\t<div class=\"elementor-widget-wrap\">\n\t\t\t\t\t\t<div class=\"elementor-element elementor-element-1da64e88 elementor-widget elementor-widget-heading\" data-id=\"1da64e88\" data-element_type=\"widget\" data-widget_type=\"heading.default\">\n\t\t\t\t<div class=\"elementor-widget-container\">\n\t\t\t<h1 class=\"elementor-heading-title elementor-size-default\">Observer autour de la constellation de l'Aigle<\/h1>\t\t<\/div>\n\t\t\t\t<\/div>\n\t\t\t\t<div class=\"elementor-element elementor-element-447db3c8 elementor-widget elementor-widget-spacer\" data-id=\"447db3c8\" data-element_type=\"widget\" data-widget_type=\"spacer.default\">\n\t\t\t\t<div class=\"elementor-widget-container\">\n\t\t\t\t\t<div class=\"elementor-spacer\">\n\t\t\t<div class=\"elementor-spacer-inner\"><\/div>\n\t\t<\/div>\n\t\t\t\t<\/div>\n\t\t\t\t<\/div>\n\t\t\t\t<section class=\"elementor-section elementor-inner-section elementor-element elementor-element-358f09e elementor-section-content-middle elementor-section-boxed elementor-section-height-default elementor-section-height-default\" data-id=\"358f09e\" data-element_type=\"section\">\n\t\t\t\t\t\t<div class=\"elementor-container elementor-column-gap-default\">\n\t\t\t\t\t\t\t<div class=\"elementor-row\">\n\t\t\t\t\t<div class=\"elementor-column elementor-col-50 elementor-inner-column elementor-element elementor-element-74582414\" data-id=\"74582414\" data-element_type=\"column\" data-settings=\"{&quot;background_background&quot;:&quot;classic&quot;}\">\n\t\t\t<div class=\"elementor-column-wrap elementor-element-populated\">\n\t\t\t\t\t\t\t<div class=\"elementor-widget-wrap\">\n\t\t\t\t\t\t<div class=\"elementor-element elementor-element-5b349faa elementor-widget elementor-widget-text-editor\" data-id=\"5b349faa\" data-element_type=\"widget\" data-widget_type=\"text-editor.default\">\n\t\t\t\t<div class=\"elementor-widget-container\">\n\t\t\t\t\t\t\t\t<div class=\"elementor-text-editor elementor-clearfix\">\n\t\t\t\t<a href=\"http:\/\/www.arnaudom.fr\/wordpress\/carteaigle\"><strong>Afficher la carte<\/strong><\/a>\t\t\t\t\t<\/div>\n\t\t\t\t\t\t<\/div>\n\t\t\t\t<\/div>\n\t\t\t\t\t\t<\/div>\n\t\t\t\t\t<\/div>\n\t\t<\/div>\n\t\t\t\t<div class=\"elementor-column elementor-col-50 elementor-inner-column elementor-element elementor-element-3ca2a471\" data-id=\"3ca2a471\" data-element_type=\"column\" data-settings=\"{&quot;background_background&quot;:&quot;classic&quot;}\">\n\t\t\t<div class=\"elementor-column-wrap elementor-element-populated\">\n\t\t\t\t\t\t\t<div class=\"elementor-widget-wrap\">\n\t\t\t\t\t\t<div class=\"elementor-element elementor-element-68d40a4d elementor-widget elementor-widget-image\" data-id=\"68d40a4d\" data-element_type=\"widget\" data-widget_type=\"image.default\">\n\t\t\t\t<div class=\"elementor-widget-container\">\n\t\t\t\t\t\t\t\t<div class=\"elementor-image\">\n\t\t\t\t\t\t\t\t\t\t\t\t\t<a href=\"http:\/\/www.arnaudom.fr\/wordpress\/carteaigle\">\n\t\t\t\t\t\t\t<img loading=\"lazy\" decoding=\"async\" width=\"150\" height=\"116\" src=\"https:\/\/www.arnaudom.fr\/wordpress\/wp-content\/uploads\/2019\/08\/tcarteaigle.jpg\" class=\"attachment-large size-large wp-image-3320\" alt=\"\" \/>\t\t\t\t\t\t\t\t<\/a>\n\t\t\t\t\t\t\t\t\t\t\t\t\t\t<\/div>\n\t\t\t\t\t\t<\/div>\n\t\t\t\t<\/div>\n\t\t\t\t\t\t<\/div>\n\t\t\t\t\t<\/div>\n\t\t<\/div>\n\t\t\t\t\t\t\t\t<\/div>\n\t\t\t\t\t<\/div>\n\t\t<\/section>\n\t\t\t\t<div class=\"elementor-element elementor-element-6641ca7 elementor-widget elementor-widget-heading\" data-id=\"6641ca7\" data-element_type=\"widget\" data-widget_type=\"heading.default\">\n\t\t\t\t<div class=\"elementor-widget-container\">\n\t\t\t<h3 class=\"elementor-heading-title elementor-size-default\">Objets observ\u00e9s :<\/h3>\t\t<\/div>\n\t\t\t\t<\/div>\n\t\t\t\t<div class=\"elementor-element elementor-element-10e4e65a elementor-widget elementor-widget-text-editor\" data-id=\"10e4e65a\" data-element_type=\"widget\" data-widget_type=\"text-editor.default\">\n\t\t\t\t<div class=\"elementor-widget-container\">\n\t\t\t\t\t\t\t\t<div class=\"elementor-text-editor elementor-clearfix\">\n\t\t\t\t<p>1 \u00e9toile simple : Alta\u00efr.<\/p><p>1 \u00e9toile double : Gamma du Dauphin.<\/p><p>2 amas ouverts : l&rsquo;amas de Brocchi (amas du cintre) et M11 (amas du canard sauvage).<\/p><p>1 amas globulaire : M71.<\/p><p>1 n\u00e9buleuse plan\u00e9taire : M27 (n\u00e9buleuse Dumbbell).<\/p>\t\t\t\t\t<\/div>\n\t\t\t\t\t\t<\/div>\n\t\t\t\t<\/div>\n\t\t\t\t<div class=\"elementor-element elementor-element-3393b870 elementor-widget elementor-widget-heading\" data-id=\"3393b870\" data-element_type=\"widget\" data-widget_type=\"heading.default\">\n\t\t\t\t<div class=\"elementor-widget-container\">\n\t\t\t<h3 class=\"elementor-heading-title elementor-size-default\">Introduction :<\/h3>\t\t<\/div>\n\t\t\t\t<\/div>\n\t\t\t\t<div class=\"elementor-element elementor-element-327b651d elementor-widget elementor-widget-text-editor\" data-id=\"327b651d\" data-element_type=\"widget\" data-widget_type=\"text-editor.default\">\n\t\t\t\t<div class=\"elementor-widget-container\">\n\t\t\t\t\t\t\t\t<div class=\"elementor-text-editor elementor-clearfix\">\n\t\t\t\t<p>observations effectu\u00e9es en juillet et en ao\u00fbt 2004. La constellation de l&rsquo;Aigle est facile \u00e0 rep\u00e9rer gr\u00e2ce \u00e0 la brillante \u00e9toile Alta\u00efr, qui forme le triangle de l&rsquo;\u00e9t\u00e9 avec Deneb et V\u00e9ga (voir sch\u00e9ma ci-dessous). Les \u00e9toiles les plus \u00e9videntes \u00e0 trouver sont Alta\u00efr et les deux \u00e9toiles qui l&rsquo;entourent, Gamma et B\u00e9ta. La constellation en elle-m\u00eame ne contient pas d&rsquo;objets observables avec un instrument d&rsquo;amateur, mais autour d&rsquo;elle se trouvent une s\u00e9rie d&rsquo;objets tr\u00e8s divers et tous remarquables dans leur cat\u00e9gorie , ce qui fait de cette r\u00e9gion du ciel une zone d&rsquo;observation \u00e0 ne pas manquer ! On va trouver une tr\u00e8s belle \u00e9toile double color\u00e9e, Gamma du Dauphin, deux amas ouverts tr\u00e8s diff\u00e9rents, l&rsquo;amas de Brocchi qui est tr\u00e8s \u00e9tendu et form\u00e9 de quelques \u00e9toiles brillantes, et l&rsquo;amas M11, petit mais constitu\u00e9 de milliers d&rsquo;\u00e9toiles minuscules, l&rsquo;amas globulaire M71 et la magnifique n\u00e9buleuse plan\u00e9taire M27. Ces objets m\u00e9ritent une soir\u00e9e \u00e0 eux seuls !<\/p>\t\t\t\t\t<\/div>\n\t\t\t\t\t\t<\/div>\n\t\t\t\t<\/div>\n\t\t\t\t<div class=\"elementor-element elementor-element-351cb55 elementor-widget elementor-widget-image\" data-id=\"351cb55\" data-element_type=\"widget\" data-widget_type=\"image.default\">\n\t\t\t\t<div class=\"elementor-widget-container\">\n\t\t\t\t\t\t\t\t<div class=\"elementor-image\">\n\t\t\t\t\t\t\t\t\t\t\t\t<img loading=\"lazy\" decoding=\"async\" width=\"507\" height=\"238\" src=\"https:\/\/www.arnaudom.fr\/wordpress\/wp-content\/uploads\/2019\/08\/Tete.gif\" class=\"attachment-large size-large wp-image-3240\" alt=\"\" \/>\t\t\t\t\t\t\t\t\t\t\t\t\t\t<\/div>\n\t\t\t\t\t\t<\/div>\n\t\t\t\t<\/div>\n\t\t\t\t<div class=\"elementor-element elementor-element-2bfd4ac8 elementor-widget elementor-widget-text-editor\" data-id=\"2bfd4ac8\" data-element_type=\"widget\" data-widget_type=\"text-editor.default\">\n\t\t\t\t<div class=\"elementor-widget-container\">\n\t\t\t\t\t\t\t\t<div class=\"elementor-text-editor elementor-clearfix\">\n\t\t\t\t<h3><span class=\"gras col5\">L&rsquo; Aigle et le Dauphin :<\/span> (<a href=\"http:\/\/www.arnaudom.fr\/wordpress\/carteaigle\">carte<\/a>)<\/h3>\t\t\t\t\t<\/div>\n\t\t\t\t\t\t<\/div>\n\t\t\t\t<\/div>\n\t\t\t\t<div class=\"elementor-element elementor-element-4944ec7e elementor-widget elementor-widget-text-editor\" data-id=\"4944ec7e\" data-element_type=\"widget\" data-widget_type=\"text-editor.default\">\n\t\t\t\t<div class=\"elementor-widget-container\">\n\t\t\t\t\t\t\t\t<div class=\"elementor-text-editor elementor-clearfix\">\n\t\t\t\t<p>Pour commencer, on peut jeter un oeil \u00e0 Alta\u00efr, qui est une \u00e9toile blanche-bleue brillante, qui est tr\u00e8s semblable \u00e0 V\u00e9ga et Deneb. On peut observer les trois \u00e9toiles, elles se ressemblent comme deux gouttes d&rsquo;eau ! Ceci fait, on vient d&rsquo;observer le seul objet qui appartient r\u00e9ellement \u00e0 la constellation de l&rsquo;Aigle.<\/p><p>Maintenant, on va chercher l&rsquo;amas ouvert M11. Pour cela, il faut rep\u00e9rer l&rsquo;\u00e9toile Lambda de l&rsquo;Aigle qui se trouve au bout de la constellation (celle-ci est assez \u00e9tendue, il faut prendre le temps de bien rep\u00e9rer la bonne \u00e9toile). D\u00e9s qu&rsquo;on l&rsquo;a, on a fait le plus dur. En pointant celle-ci au t\u00e9lescope, on voit dans le chercheur une s\u00e9rie d&rsquo;\u00e9toiles formant un U, dont les branches ne sont pas sym\u00e9triques. En cherchant au bout de la branche du U la plus longue, on tombe sur une petite t\u00e2che floue : on a trouv\u00e9 M11 ! A noter que cet amas n&rsquo;est pas rattach\u00e9 \u00e0 la constellation de l&rsquo;Aigle, mais \u00e0 celle dite de l&rsquo;Ecu de Sobieski.<\/p><p>A un grossissement de 45x (oculaire de 20 mm), l&rsquo;amas est tout petit : on dirait un amas globulaire ou une n\u00e9buleuse. Or, grossi 90x (10 mm), on s&rsquo;aper\u00e7oit qu&rsquo;il s&rsquo;agit bien d&rsquo;un amas ouvert : on observe alors une multitude de minuscules \u00e9toiles, toutes bien d\u00e9tach\u00e9es. Une \u00e9toile brillante occupe le centre de l&rsquo;amas. Il peut \u00eatre grossi encore 150x (6 mm) et m\u00eame \u00e0 180x (Barlow x2 + 10 mm), il reste visible, rempli de petites \u00e9toiles tr\u00e8s nombreuses. C&rsquo;est vraiment un superbe objet !<\/p><p>Apr\u00e8s ce magnifique amas, il va falloir trouver de l&rsquo;autre c\u00f4t\u00e9 de l&rsquo;Aigle la constellation du Dauphin. Bien que peu \u00e9tendue et constitu\u00e9e d&rsquo;\u00e9toiles moyennement brillantes, le Dauphin se rep\u00e8re facilement non loin d&rsquo;Alta\u00efr, gr\u00e2ce au losange caract\u00e9ristique qui repr\u00e9sente le corps de l&rsquo;animal, prolong\u00e9 par une ou deux \u00e9toiles qui en constituent la queue. En fait, cette constellation ressemble vraiment \u00e0 un Dauphin.<\/p><p>On pointe maintenant Gamma du Dauphin, le nez de l&rsquo;animal, et on va pouvoir observer une \u00e9toile double color\u00e9e. L&rsquo;\u00e9toile est d\u00e9doubl\u00e9e d\u00e9s 90x (10 mm). L&rsquo;\u00e9toile principale appara\u00eet nettement jaune, tandis que la couleur de l&rsquo;autre est un peu plus difficile \u00e0 voir. Elle m&rsquo;a sembl\u00e9 bleue ou verte p\u00e2le. Vous pouvez en voir une photo dans la rubrique Images.<\/p>\t\t\t\t\t<\/div>\n\t\t\t\t\t\t<\/div>\n\t\t\t\t<\/div>\n\t\t\t\t<div class=\"elementor-element elementor-element-589953d elementor-widget elementor-widget-text-editor\" data-id=\"589953d\" data-element_type=\"widget\" data-widget_type=\"text-editor.default\">\n\t\t\t\t<div class=\"elementor-widget-container\">\n\t\t\t\t\t\t\t\t<div class=\"elementor-text-editor elementor-clearfix\">\n\t\t\t\t<h3><span class=\"gras col5\">La Fl\u00e8che : <\/span>(<a href=\"http:\/\/www.arnaudom.fr\/wordpress\/carteaigle\">carte<\/a>)<\/h3>\t\t\t\t\t<\/div>\n\t\t\t\t\t\t<\/div>\n\t\t\t\t<\/div>\n\t\t\t\t<div class=\"elementor-element elementor-element-16eeb38 elementor-widget elementor-widget-text-editor\" data-id=\"16eeb38\" data-element_type=\"widget\" data-widget_type=\"text-editor.default\">\n\t\t\t\t<div class=\"elementor-widget-container\">\n\t\t\t\t\t\t\t\t<div class=\"elementor-text-editor elementor-clearfix\">\n\t\t\t\t<p>pour la suite de notre observation, on a besoin de rep\u00e9rer la petite constellation de la Fl\u00e8che. Elle est minuscule, mais va nous permettre de trouver nos trois derniers objets. Quand on regarde le triangle de l&rsquo;\u00e9t\u00e9, on peut tracer une ligne allant de V\u00e9ga de la Lyre \u00e0 Alta\u00efr, et la Fl\u00e8che se trouve \u00e0 gauche de cette ligne, pr\u00e8s de l&rsquo;Aigle. On peut dire aussi qu&rsquo;elle se trouve presque \u00e0 mi-chemin entre Alta\u00efr et Albir\u00e9o, l&rsquo;\u00e9toile qui constitue la t\u00eate du Cygne. Elle n&rsquo;est pas tr\u00e8s facile \u00e0 voir la premi\u00e8re fois, mais d\u00e9s qu&rsquo;on a r\u00e9ussi \u00e0 la rep\u00e9rer, on le retrouve beaucoup plus facilement par la suite !<\/p><p>Tout d&rsquo;abord, on pointe le t\u00e9lescope entre Gamma (la pointe de la Fl\u00e8che) et Delta (ces deux \u00e9toiles dessinant le corps de la Fl\u00e8che), et entre ces deux \u00e9toiles on va tomber sur l&rsquo;amas globulaire M71. Je l&rsquo;ai rep\u00e9r\u00e9 \u00e0 28x (32 mm) et 45x (20 mm), il m&rsquo;a sembl\u00e9 assez petit et peu lumineux. A 90x (10 mm), et encore pire \u00e0 150x (6 mm), on ne le voit pratiquement plus. Je me suis content\u00e9 de l&rsquo;observer \u00e0 45x, en vision d\u00e9cal\u00e9e. Il m&rsquo;a fait penser \u00e0 M56, l&rsquo;amas globulaire de la Lyre. Bref, je ne l&rsquo;ai pas trouv\u00e9 tr\u00e8s int\u00e9ressant !<\/p><p>Beaucoup plus spectaculaire est l&rsquo;amas de Brocchi : c&rsquo;est un amas ouvert \u00e9tendu, et en fait, le plus simple pour le rep\u00e9rer, mais aussi pour l&rsquo;observer, c&rsquo;est d&rsquo;utiliser une paire de jumelles ! On peut partir de Gamma de la Fl\u00e8che, et on se d\u00e9place vers l&rsquo;ouest, en d\u00e9passant la queue de la Fl\u00e8che. Dans cette zone, on va trouver un amas qui dessine &#8230; un cintre ! On le surnomme d&rsquo;ailleurs l&rsquo;amas du cintre, ou l&rsquo;amas du portemanteau ! Il y a en fait 5 \u00e9toiles parfaitement align\u00e9es et r\u00e9guli\u00e8rement espac\u00e9es, qui forment le corps du cintre, et 4 ou 5 \u00e9toiles qui en dessinent le crochet ! On peut \u00e9videmment utiliser le t\u00e9lescope pour l&rsquo;observer, mais \u00e0 condition d&rsquo;utiliser un faible grossissement. A 28x (32 mm), il rentre tout juste dans l&rsquo;oculaire !<\/p><p>Pour finir, on va se diriger vers la n\u00e9buleuse plan\u00e9taire M27. On peut la rep\u00e9rer en partant toujours du m\u00eame point, \u00e0 savoir Gamma de la Fl\u00e8che, et en cherchant un peu au nord et \u00e0 l&rsquo;est (en haut \u00e0 gauche &#8230;). Elle se trouve juste \u00e0 c\u00f4t\u00e9 d&rsquo;une \u00e9toile brillante qui est 14 Petit Renard (j&rsquo;ai bien lu le livre, hein &#8230;). En effet, M27 se trouve en r\u00e9alit\u00e9 dans la constellation du Petit Renard, mais jusque l\u00e0 j&rsquo;ai \u00e9t\u00e9 bien incapable de rep\u00e9rer cette petite et faible constellation dans le ciel !<\/p><p>Une autre m\u00e9thode pour trouver M27 (c&rsquo;est d&rsquo;ailleurs comme cela que je l&rsquo;ai trouv\u00e9e la premi\u00e8re fois) est d&rsquo;utiliser les coordonn\u00e9es de la monture. Evidemment, cela demande une mise en station (un tout petit peu &#8230;) pr\u00e9cise. On pointe Gamma de la Fl\u00e8che et on la centre dans l&rsquo;oculaire \u00e0 28x (32 mm). On observe une \u00e9toile de couleur jaune. On se d\u00e9place ensuite de + 3\u00b0 en d\u00e9clinaison. En fait, il suffit de rep\u00e9rer qu&rsquo;on tourne l&rsquo;axe des d\u00e9clinaisons dans le bon sens, on colle l&rsquo;oeil \u00e0 l&rsquo;oculaire et on tourne lentement le flexible. Si tout va bien, une grande et belle n\u00e9buleuse grise appara\u00eet dans l&rsquo;oculaire. Magnifique !<\/p><p>La n\u00e9buleuse est assez \u00e9tendue (pour une n\u00e9buleuse plan\u00e9taire), on peut l&rsquo;observer \u00e0 diff\u00e9rents grossissements : 28x (32mm), 45x (20 mm) et 90x (10 mm). L&rsquo;\u00e9toile brillante est hors du champ \u00e0 90x. L&rsquo;observation est agr\u00e9able \u00e0 45x, on per\u00e7oit bien en vision d\u00e9cal\u00e9e la forme de \u00ab\u00a0cacahu\u00e8te\u00a0\u00bb de la n\u00e9buleuse, c&rsquo;est-\u00e0-dire son centre resserr\u00e9, qui lui vaut ses surnoms de \u00ab\u00a0trognon de pomme\u00a0\u00bb ou de Dumbbell (halt\u00e8re en anglais &#8230; bon, j&rsquo;avoue, je viens de regarder dans le dictionnaire &#8230;). Bref, M27 est l&rsquo;une des plus belles n\u00e9buleuses plan\u00e9taires du ciel et en plus l&rsquo;une des plus faciles \u00e0 trouver et \u00e0 observer ! Que demander de plus ?<\/p>\t\t\t\t\t<\/div>\n\t\t\t\t\t\t<\/div>\n\t\t\t\t<\/div>\n\t\t\t\t\t\t<\/div>\n\t\t\t\t\t<\/div>\n\t\t<\/div>\n\t\t\t\t\t\t\t\t<\/div>\n\t\t\t\t\t<\/div>\n\t\t<\/section>\n\t\t\t\t\t\t\t\t\t<\/div>\n\t\t\t<\/div>\n\t\t\t\t\t<\/div>\n\t\t","protected":false},"excerpt":{"rendered":"<p>Observer autour de la constellation de l&rsquo;Aigle Afficher la carte Objets observ\u00e9s : 1 \u00e9toile simple : Alta\u00efr. 1 \u00e9toile double : Gamma du Dauphin. 2 amas ouverts : l&rsquo;amas de Brocchi (amas du cintre) et M11 (amas du canard sauvage). 1 amas globulaire : M71. 1 n\u00e9buleuse plan\u00e9taire : M27 (n\u00e9buleuse Dumbbell). Introduction : &hellip;<\/p>\n<p class=\"read-more\"> <a class=\"\" href=\"https:\/\/www.arnaudom.fr\/wordpress\/aigle\/\"> <span class=\"screen-reader-text\">aigle<\/span> Lire la suite\u00a0\u00bb<\/a><\/p>\n","protected":false},"author":1,"featured_media":0,"parent":0,"menu_order":0,"comment_status":"closed","ping_status":"closed","template":"","meta":{"site-sidebar-layout":"default","site-content-layout":"default","ast-site-content-layout":"","site-content-style":"default","site-sidebar-style":"default","ast-global-header-display":"","ast-banner-title-visibility":"","ast-main-header-display":"","ast-hfb-above-header-display":"","ast-hfb-below-header-display":"","ast-hfb-mobile-header-display":"","site-post-title":"disabled","ast-breadcrumbs-content":"","ast-featured-img":"","footer-sml-layout":"","theme-transparent-header-meta":"default","adv-header-id-meta":"","stick-header-meta":"","header-above-stick-meta":"","header-main-stick-meta":"","header-below-stick-meta":"","astra-migrate-meta-layouts":"","ast-page-background-enabled":"default","ast-page-background-meta":{"desktop":{"background-color":"","background-image":"","background-repeat":"repeat","background-position":"center center","background-size":"auto","background-attachment":"scroll","background-type":"","background-media":"","overlay-type":"","overlay-color":"","overlay-gradient":""},"tablet":{"background-color":"","background-image":"","background-repeat":"repeat","background-position":"center center","background-size":"auto","background-attachment":"scroll","background-type":"","background-media":"","overlay-type":"","overlay-color":"","overlay-gradient":""},"mobile":{"background-color":"","background-image":"","background-repeat":"repeat","background-position":"center center","background-size":"auto","background-attachment":"scroll","background-type":"","background-media":"","overlay-type":"","overlay-color":"","overlay-gradient":""}},"ast-content-background-meta":{"desktop":{"background-color":"var(--ast-global-color-5)","background-image":"","background-repeat":"repeat","background-position":"center center","background-size":"auto","background-attachment":"scroll","background-type":"","background-media":"","overlay-type":"","overlay-color":"","overlay-gradient":""},"tablet":{"background-color":"var(--ast-global-color-5)","background-image":"","background-repeat":"repeat","background-position":"center center","background-size":"auto","background-attachment":"scroll","background-type":"","background-media":"","overlay-type":"","overlay-color":"","overlay-gradient":""},"mobile":{"background-color":"var(--ast-global-color-5)","background-image":"","background-repeat":"repeat","background-position":"center center","background-size":"auto","background-attachment":"scroll","background-type":"","background-media":"","overlay-type":"","overlay-color":"","overlay-gradient":""}},"footnotes":""},"class_list":["post-3306","page","type-page","status-publish","hentry"],"_links":{"self":[{"href":"https:\/\/www.arnaudom.fr\/wordpress\/wp-json\/wp\/v2\/pages\/3306","targetHints":{"allow":["GET"]}}],"collection":[{"href":"https:\/\/www.arnaudom.fr\/wordpress\/wp-json\/wp\/v2\/pages"}],"about":[{"href":"https:\/\/www.arnaudom.fr\/wordpress\/wp-json\/wp\/v2\/types\/page"}],"author":[{"embeddable":true,"href":"https:\/\/www.arnaudom.fr\/wordpress\/wp-json\/wp\/v2\/users\/1"}],"replies":[{"embeddable":true,"href":"https:\/\/www.arnaudom.fr\/wordpress\/wp-json\/wp\/v2\/comments?post=3306"}],"version-history":[{"count":10,"href":"https:\/\/www.arnaudom.fr\/wordpress\/wp-json\/wp\/v2\/pages\/3306\/revisions"}],"predecessor-version":[{"id":5136,"href":"https:\/\/www.arnaudom.fr\/wordpress\/wp-json\/wp\/v2\/pages\/3306\/revisions\/5136"}],"wp:attachment":[{"href":"https:\/\/www.arnaudom.fr\/wordpress\/wp-json\/wp\/v2\/media?parent=3306"}],"curies":[{"name":"wp","href":"https:\/\/api.w.org\/{rel}","templated":true}]}}