{"id":3223,"date":"2019-08-17T10:31:29","date_gmt":"2019-08-17T08:31:29","guid":{"rendered":"http:\/\/www.arnaudom.fr\/wordpress\/?page_id=3223"},"modified":"2020-08-15T07:04:21","modified_gmt":"2020-08-15T05:04:21","slug":"lyre","status":"publish","type":"page","link":"https:\/\/www.arnaudom.fr\/wordpress\/lyre\/","title":{"rendered":"lyre"},"content":{"rendered":"\t\t<div data-elementor-type=\"wp-post\" data-elementor-id=\"3223\" class=\"elementor elementor-3223\">\n\t\t\t\t\t\t<div class=\"elementor-inner\">\n\t\t\t\t<div class=\"elementor-section-wrap\">\n\t\t\t\t\t\t\t\t\t<section class=\"elementor-section elementor-top-section elementor-element elementor-element-4d95afa7 elementor-section-full_width elementor-section-height-default elementor-section-height-default\" data-id=\"4d95afa7\" data-element_type=\"section\" data-settings=\"{&quot;background_background&quot;:&quot;classic&quot;}\">\n\t\t\t\t\t\t<div class=\"elementor-container elementor-column-gap-default\">\n\t\t\t\t\t\t\t<div class=\"elementor-row\">\n\t\t\t\t\t<div class=\"elementor-column elementor-col-100 elementor-top-column elementor-element elementor-element-51f80d7c\" data-id=\"51f80d7c\" data-element_type=\"column\" data-settings=\"{&quot;background_background&quot;:&quot;classic&quot;}\">\n\t\t\t<div class=\"elementor-column-wrap elementor-element-populated\">\n\t\t\t\t\t\t\t<div class=\"elementor-widget-wrap\">\n\t\t\t\t\t\t<div class=\"elementor-element elementor-element-5baeab62 elementor-widget elementor-widget-heading\" data-id=\"5baeab62\" data-element_type=\"widget\" data-widget_type=\"heading.default\">\n\t\t\t\t<div class=\"elementor-widget-container\">\n\t\t\t<h1 class=\"elementor-heading-title elementor-size-default\">Observer la constellation de la Lyre<\/h1>\t\t<\/div>\n\t\t\t\t<\/div>\n\t\t\t\t<div class=\"elementor-element elementor-element-19d42bd elementor-widget elementor-widget-spacer\" data-id=\"19d42bd\" data-element_type=\"widget\" data-widget_type=\"spacer.default\">\n\t\t\t\t<div class=\"elementor-widget-container\">\n\t\t\t\t\t<div class=\"elementor-spacer\">\n\t\t\t<div class=\"elementor-spacer-inner\"><\/div>\n\t\t<\/div>\n\t\t\t\t<\/div>\n\t\t\t\t<\/div>\n\t\t\t\t<section class=\"elementor-section elementor-inner-section elementor-element elementor-element-11aa3a76 elementor-section-content-middle elementor-section-boxed elementor-section-height-default elementor-section-height-default\" data-id=\"11aa3a76\" data-element_type=\"section\">\n\t\t\t\t\t\t<div class=\"elementor-container elementor-column-gap-default\">\n\t\t\t\t\t\t\t<div class=\"elementor-row\">\n\t\t\t\t\t<div class=\"elementor-column elementor-col-50 elementor-inner-column elementor-element elementor-element-7bf55773\" data-id=\"7bf55773\" data-element_type=\"column\" data-settings=\"{&quot;background_background&quot;:&quot;classic&quot;}\">\n\t\t\t<div class=\"elementor-column-wrap elementor-element-populated\">\n\t\t\t\t\t\t\t<div class=\"elementor-widget-wrap\">\n\t\t\t\t\t\t<div class=\"elementor-element elementor-element-18f70ecd elementor-widget elementor-widget-text-editor\" data-id=\"18f70ecd\" data-element_type=\"widget\" data-widget_type=\"text-editor.default\">\n\t\t\t\t<div class=\"elementor-widget-container\">\n\t\t\t\t\t\t\t\t<div class=\"elementor-text-editor elementor-clearfix\">\n\t\t\t\t<a href=\"http:\/\/www.arnaudom.fr\/wordpress\/cartelyre\"><strong>Afficher la carte<\/strong><\/a>\t\t\t\t\t<\/div>\n\t\t\t\t\t\t<\/div>\n\t\t\t\t<\/div>\n\t\t\t\t\t\t<\/div>\n\t\t\t\t\t<\/div>\n\t\t<\/div>\n\t\t\t\t<div class=\"elementor-column elementor-col-50 elementor-inner-column elementor-element elementor-element-45902b79\" data-id=\"45902b79\" data-element_type=\"column\" data-settings=\"{&quot;background_background&quot;:&quot;classic&quot;}\">\n\t\t\t<div class=\"elementor-column-wrap elementor-element-populated\">\n\t\t\t\t\t\t\t<div class=\"elementor-widget-wrap\">\n\t\t\t\t\t\t<div class=\"elementor-element elementor-element-49b4d43a elementor-widget elementor-widget-image\" data-id=\"49b4d43a\" data-element_type=\"widget\" data-widget_type=\"image.default\">\n\t\t\t\t<div class=\"elementor-widget-container\">\n\t\t\t\t\t\t\t\t<div class=\"elementor-image\">\n\t\t\t\t\t\t\t\t\t\t\t\t\t<a href=\"http:\/\/www.arnaudom.fr\/wordpress\/cartelyre\">\n\t\t\t\t\t\t\t<img loading=\"lazy\" decoding=\"async\" width=\"150\" height=\"130\" src=\"https:\/\/www.arnaudom.fr\/wordpress\/wp-content\/uploads\/2019\/08\/tcartelyre.jpg\" class=\"attachment-large size-large wp-image-3236\" alt=\"\" \/>\t\t\t\t\t\t\t\t<\/a>\n\t\t\t\t\t\t\t\t\t\t\t\t\t\t<\/div>\n\t\t\t\t\t\t<\/div>\n\t\t\t\t<\/div>\n\t\t\t\t\t\t<\/div>\n\t\t\t\t\t<\/div>\n\t\t<\/div>\n\t\t\t\t\t\t\t\t<\/div>\n\t\t\t\t\t<\/div>\n\t\t<\/section>\n\t\t\t\t<div class=\"elementor-element elementor-element-162281d7 elementor-widget elementor-widget-heading\" data-id=\"162281d7\" data-element_type=\"widget\" data-widget_type=\"heading.default\">\n\t\t\t\t<div class=\"elementor-widget-container\">\n\t\t\t<h3 class=\"elementor-heading-title elementor-size-default\">Objets observ\u00e9s :<\/h3>\t\t<\/div>\n\t\t\t\t<\/div>\n\t\t\t\t<div class=\"elementor-element elementor-element-64ad1ba1 elementor-widget elementor-widget-text-editor\" data-id=\"64ad1ba1\" data-element_type=\"widget\" data-widget_type=\"text-editor.default\">\n\t\t\t\t<div class=\"elementor-widget-container\">\n\t\t\t\t\t\t\t\t<div class=\"elementor-text-editor elementor-clearfix\">\n\t\t\t\t<p>1 \u00e9toile simple : V\u00e9ga.<\/p><p>4 \u00e9toiles doubles : B\u00e9ta, Delta, Dz\u00e9ta et Epsilon de la Lyre (quadruple).<\/p><p>1 amas globulaire : M56.<\/p><p>1 n\u00e9buleuse plan\u00e9taire : M57 (n\u00e9buleuse annulaire de la Lyre).<\/p>\t\t\t\t\t<\/div>\n\t\t\t\t\t\t<\/div>\n\t\t\t\t<\/div>\n\t\t\t\t<div class=\"elementor-element elementor-element-4b4ad063 elementor-widget elementor-widget-heading\" data-id=\"4b4ad063\" data-element_type=\"widget\" data-widget_type=\"heading.default\">\n\t\t\t\t<div class=\"elementor-widget-container\">\n\t\t\t<h3 class=\"elementor-heading-title elementor-size-default\">Introduction :<\/h3>\t\t<\/div>\n\t\t\t\t<\/div>\n\t\t\t\t<div class=\"elementor-element elementor-element-3a89cd7 elementor-widget elementor-widget-text-editor\" data-id=\"3a89cd7\" data-element_type=\"widget\" data-widget_type=\"text-editor.default\">\n\t\t\t\t<div class=\"elementor-widget-container\">\n\t\t\t\t\t\t\t\t<div class=\"elementor-text-editor elementor-clearfix\">\n\t\t\t\t<p>observation effectu\u00e9e en juillet 2004. La constellation se rep\u00e8re gr\u00e2ce \u00e0 l&rsquo;\u00e9toile V\u00e9ga, qui est l&rsquo;\u00e9toile la plus brillante de l&rsquo;\u00e9t\u00e9 et qui se trouve au z\u00e9nith \u00e0 cette p\u00e9riode de l&rsquo;ann\u00e9e. Il faut rep\u00e9rer ensuite les 4 \u00e9toiles en-dessous de V\u00e9ga, qui forment un parall\u00e9logramme. Les autres \u00e9toiles de la constellation sont moins visibles. V\u00e9ga forme avec l&rsquo;\u00e9toile Deneb (de la constellation du Cygne) et Alta\u00efr (de l&rsquo;Aigle) le triangle de l&rsquo;\u00e9t\u00e9, qui est un triangle form\u00e9 par ces trois \u00e9toiles qui sont les plus brillantes de l&rsquo;\u00e9t\u00e9. .<\/p>\t\t\t\t\t<\/div>\n\t\t\t\t\t\t<\/div>\n\t\t\t\t<\/div>\n\t\t\t\t<div class=\"elementor-element elementor-element-a23cf1d elementor-widget elementor-widget-image\" data-id=\"a23cf1d\" data-element_type=\"widget\" data-widget_type=\"image.default\">\n\t\t\t\t<div class=\"elementor-widget-container\">\n\t\t\t\t\t\t\t\t<div class=\"elementor-image\">\n\t\t\t\t\t\t\t\t\t\t\t\t<img loading=\"lazy\" decoding=\"async\" width=\"507\" height=\"238\" src=\"https:\/\/www.arnaudom.fr\/wordpress\/wp-content\/uploads\/2019\/08\/Tete.gif\" class=\"attachment-large size-large wp-image-3240\" alt=\"\" \/>\t\t\t\t\t\t\t\t\t\t\t\t\t\t<\/div>\n\t\t\t\t\t\t<\/div>\n\t\t\t\t<\/div>\n\t\t\t\t<div class=\"elementor-element elementor-element-dbe22f3 elementor-widget elementor-widget-text-editor\" data-id=\"dbe22f3\" data-element_type=\"widget\" data-widget_type=\"text-editor.default\">\n\t\t\t\t<div class=\"elementor-widget-container\">\n\t\t\t\t\t\t\t\t<div class=\"elementor-text-editor elementor-clearfix\">\n\t\t\t\t<p>Rep\u00e9rons aussi ce triangle car il va nous servir par la suite. En fait, l&rsquo;observation de la Lyre est surtout int\u00e9ressante pour sa n\u00e9buleuse plan\u00e9taire M57, tr\u00e8s facile \u00e0 trouver et \u00e9tonnante \u00e0 observer, qui vaut \u00e0 elle seule le d\u00e9placement ! Par contre, les autres objets sont beaucoup moins spectaculaires : il y a des \u00e9toiles doubles et M56, un amas globulaire peu lumineux<\/p>\t\t\t\t\t<\/div>\n\t\t\t\t\t\t<\/div>\n\t\t\t\t<\/div>\n\t\t\t\t<div class=\"elementor-element elementor-element-74126b2 elementor-widget elementor-widget-text-editor\" data-id=\"74126b2\" data-element_type=\"widget\" data-widget_type=\"text-editor.default\">\n\t\t\t\t<div class=\"elementor-widget-container\">\n\t\t\t\t\t\t\t\t<div class=\"elementor-text-editor elementor-clearfix\">\n\t\t\t\t<h3><span class=\"gras col5\">Etoiles doubles :<\/span> (<a href=\"http:\/\/www.arnaudom.fr\/wordpress\/cartelyre\">carte<\/a>)<\/h3>\t\t\t\t\t<\/div>\n\t\t\t\t\t\t<\/div>\n\t\t\t\t<\/div>\n\t\t\t\t<div class=\"elementor-element elementor-element-16cdba97 elementor-widget elementor-widget-text-editor\" data-id=\"16cdba97\" data-element_type=\"widget\" data-widget_type=\"text-editor.default\">\n\t\t\t\t<div class=\"elementor-widget-container\">\n\t\t\t\t\t\t\t\t<div class=\"elementor-text-editor elementor-clearfix\">\n\t\t\t\t<p>commen\u00e7ons donc par observer l&rsquo;\u00e9toile la plus brillante de l&rsquo;\u00e9t\u00e9 : V\u00e9ga ! On observe une belle \u00e9toile blanche bleue. A partir de l\u00e0, on va observer les \u00e9toiles qui forment le parall\u00e9logramme de la Lyre. Certaines sont doubles (ou semblent doubles car \u00e0 proximit\u00e9 d&rsquo;une autre \u00e9toile tr\u00e8s rapproch\u00e9e). On observe d&rsquo;abord Dz\u00e9ta, le sommet \u00ab\u00a0en haut \u00e0 droite\u00a0\u00bb du parall\u00e9logramme, reli\u00e9 \u00e0 V\u00e9ga sur la <a href=\"http:\/\/www.arnaudom.fr\/wordpress\/cartelyre\">carte<\/a>. Avec le 20 mm (grossissement de 45x), on observe que cette \u00e9toile est double, on voit deux \u00e9toiles jaunes . Le sommet en \u00ab\u00a0haut \u00e0 gauche\u00a0\u00bb du parall\u00e9logramme est l&rsquo;\u00e9toile Delta, qui est double \u00e9galement. Enfin, le sommet \u00ab\u00a0en bas \u00e0 droite\u00a0\u00bb est l&rsquo;\u00e9toile B\u00e9ta, qui est une \u00e9toile double avec un compagnon p\u00e2le mais visible. A noter que B\u00e9ta est \u00e9galement une \u00e9toile variable, c&rsquo;est-\u00e0-dire que son \u00e9clat varie d&rsquo;une magnitude 3,4 \u00e0 4,3 sur une p\u00e9riode de 13 jours environ. Mais je n&rsquo;ai pas fait d&rsquo;observation \u00e0 ce sujet-l\u00e0 !<\/p><p>Pour finir, on remonte sur V\u00e9ga pour observer pr\u00e8s de celle-ci notre derni\u00e8re \u00e9toile double : Epsilon. Celle-ci est tr\u00e8s facile \u00e0 voir, car avec de simples jumelles, elle est d\u00e9j\u00e0 d\u00e9doubl\u00e9e. Cependant, l&rsquo;int\u00e9r\u00eat est que cette \u00e9toile n&rsquo;est pas seulement double, mais quadruple ! En effet, chacune des deux composantes de Epsilon est elle-m\u00eame une \u00e9toile double. Par contre, l&rsquo;observation des 4 \u00e9toiles est beaucoup plus difficile ! J&rsquo;ai d\u00fb employer un grossissement de 300x (6mm + Barlow x2) pour percevoir l&rsquo;une des composantes d\u00e9doubl\u00e9es et pour \u00ab\u00a0deviner\u00a0\u00bb le caract\u00e8re double de l&rsquo;autre. Peut-\u00eatre faudrait-il que je refasse une observation avec un tr\u00e8s bon ciel, ou que je v\u00e9rifie la collimation du t\u00e9l\u00e9scope (ou les deux &#8230;), en tout cas r\u00e9soudre Epsilon en 4 \u00e9toiles avec mon t\u00e9l\u00e9scope ne m&rsquo;a pas sembl\u00e9 si facile que \u00e7a . Les 4 \u00e9toiles semblent toutes identiques, blanches et de m\u00eame taille. <span class=\"gras\"><br \/><b>Remarque :<\/b><\/span> j&rsquo;ai observ\u00e9 \u00e0 nouveau Epsilon, et les 4 \u00e9toiles \u00e9taient visibles avec seulement 180x de grossissement (10mm + Barlow x2). Comme quoi l&rsquo;importance de la turbulence joue beaucoup dans la r\u00e9ussite de cette observation !<\/p>\t\t\t\t\t<\/div>\n\t\t\t\t\t\t<\/div>\n\t\t\t\t<\/div>\n\t\t\t\t<div class=\"elementor-element elementor-element-23c52576 elementor-widget elementor-widget-text-editor\" data-id=\"23c52576\" data-element_type=\"widget\" data-widget_type=\"text-editor.default\">\n\t\t\t\t<div class=\"elementor-widget-container\">\n\t\t\t\t\t\t\t\t<div class=\"elementor-text-editor elementor-clearfix\">\n\t\t\t\t<h3><span class=\"gras col5\">M56 et M57 : <\/span>(<a href=\"http:\/\/www.arnaudom.fr\/wordpress\/cartelyre\">carte<\/a>)<\/h3>\t\t\t\t\t<\/div>\n\t\t\t\t\t\t<\/div>\n\t\t\t\t<\/div>\n\t\t\t\t<div class=\"elementor-element elementor-element-5ac855a1 elementor-widget elementor-widget-text-editor\" data-id=\"5ac855a1\" data-element_type=\"widget\" data-widget_type=\"text-editor.default\">\n\t\t\t\t<div class=\"elementor-widget-container\">\n\t\t\t\t\t\t\t\t<div class=\"elementor-text-editor elementor-clearfix\">\n\t\t\t\t<p>passons aux deux objets de Messier de la Lyre. Pour rep\u00e9rer M57, la n\u00e9buleuse plan\u00e9taire de la Lyre, c&rsquo;est tr\u00e8s simple : il suffit de pointer pile au milieu de B\u00e9ta et Gamma de la Lyre, qui forment le petit c\u00f4t\u00e9 du parall\u00e9logramme oppos\u00e9 \u00e0 V\u00e9ga. A 45x (au 20 mm), on aper\u00e7oit un petit disque gris qui ne scintille pas. Attention , la premi\u00e8re fois qu&rsquo;on la voit, on peut la confondre avec une \u00e9toile ! Comme souvent, une fois qu&rsquo;on a vu un objet une premi\u00e8re fois, on le rep\u00e8re sans probl\u00e8me par la suite. Maintenant, il ne faut pas h\u00e9siter \u00e0 augmenter le grossissement. A 90x (10 mm), on aper\u00e7oit maintenant une belle n\u00e9buleuse ronde et grise, et on voit sans trop de probl\u00e8me qu&rsquo;elle forme un anneau, tr\u00e8s net en vision d\u00e9cal\u00e9e, mais aussi visible en vision directe, surtout si le ciel est bon. A 150x (6 mm), la n\u00e9buleuse est toujours bien visible, sans perte de luminosit\u00e9. \u00ab\u00a0L&rsquo;anneau de fum\u00e9e\u00a0\u00bb est par instant tr\u00e8s visible en vision directe. C&rsquo;est vraiment un spectacle \u00e9tonnant !<\/p><p>Pour finir, on va chercher l&rsquo;amas globulaire M56. Son rep\u00e9rage et son observation sont par contre beaucoup moins \u00e9vident que pour M57 ! Pour le rep\u00e9rer, on se sert de V\u00e9ga mais aussi d&rsquo;Albir\u00e9o, qui est la magnifique \u00e9toile double de la constellation du Cygne, qui se trouve \u00ab\u00a0en-dessous\u00a0\u00bb de V\u00e9ga (pour plus de d\u00e9tails, voir l&rsquo;observation du <a href=\"http:\/\/www.arnaudom.fr\/wordpress\/cygne\">Cygne<\/a>). Pour trouver Albir\u00e9o, rep\u00e9rez bien le triangle de l&rsquo;\u00e9t\u00e9 (<a href=\"http:\/\/www.arnaudom.fr\/wordpress\/cartelyre\">carte<\/a>) : Albir\u00e9o se voit, \u00e0 l&rsquo;oeil nu, au centre du triangle. Il suffit d&rsquo;ailleurs de jeter un oeil au t\u00e9l\u00e9scope sur elle, m\u00eame avec un faible grossissement, pour avoir la confirmation qu&rsquo;il s&rsquo;agit bien d&rsquo;elle. On observe sans probl\u00e8me une belle \u00e9toile double color\u00e9e bleue et jaune. Bien, alors maintenant, M56 se trouve au deux tiers du segment form\u00e9 par V\u00e9ga et Albir\u00e9o : en balayant la zone au 32 mm (28x), on finit par le trouver au milieu d&rsquo;un champ d&rsquo;\u00e9toiles. Il est assez petit et peu lumineux, mieux vaut avoir vu quelques amas globulaires avant pour le remarquer. Je l&rsquo;ai observ\u00e9 plusieurs fois, mais un soir, avec un ciel de qualit\u00e9 moyenne, je n&rsquo;ai pas r\u00e9ussi \u00e0 le trouver. Il est toujours visible au 20, 10 et 6 mm mais perd beaucoup de luminosit\u00e9 avec le grossissement. Cependant, le grossissement est n\u00e9cessaire pour essayer de distinguer quelques d\u00e9tails. Je l&rsquo;ai observ\u00e9 avec le 6 mm (150x), mieux vaut utiliser la vision d\u00e9cal\u00e9e. Aucune \u00e9toile de l&rsquo;amas n&rsquo;a pu \u00eatre distingu\u00e9e, et peu de d\u00e9tails sont visibles.<\/p>\t\t\t\t\t<\/div>\n\t\t\t\t\t\t<\/div>\n\t\t\t\t<\/div>\n\t\t\t\t\t\t<\/div>\n\t\t\t\t\t<\/div>\n\t\t<\/div>\n\t\t\t\t\t\t\t\t<\/div>\n\t\t\t\t\t<\/div>\n\t\t<\/section>\n\t\t\t\t\t\t\t\t\t<\/div>\n\t\t\t<\/div>\n\t\t\t\t\t<\/div>\n\t\t","protected":false},"excerpt":{"rendered":"<p>Observer la constellation de la Lyre Afficher la carte Objets observ\u00e9s : 1 \u00e9toile simple : V\u00e9ga. 4 \u00e9toiles doubles : B\u00e9ta, Delta, Dz\u00e9ta et Epsilon de la Lyre (quadruple). 1 amas globulaire : M56. 1 n\u00e9buleuse plan\u00e9taire : M57 (n\u00e9buleuse annulaire de la Lyre). Introduction : observation effectu\u00e9e en juillet 2004. La constellation se &hellip;<\/p>\n<p class=\"read-more\"> <a class=\"\" href=\"https:\/\/www.arnaudom.fr\/wordpress\/lyre\/\"> <span class=\"screen-reader-text\">lyre<\/span> Lire la suite\u00a0\u00bb<\/a><\/p>\n","protected":false},"author":1,"featured_media":0,"parent":0,"menu_order":0,"comment_status":"closed","ping_status":"closed","template":"","meta":{"site-sidebar-layout":"default","site-content-layout":"default","ast-site-content-layout":"","site-content-style":"default","site-sidebar-style":"default","ast-global-header-display":"","ast-banner-title-visibility":"","ast-main-header-display":"","ast-hfb-above-header-display":"","ast-hfb-below-header-display":"","ast-hfb-mobile-header-display":"","site-post-title":"disabled","ast-breadcrumbs-content":"","ast-featured-img":"","footer-sml-layout":"","theme-transparent-header-meta":"default","adv-header-id-meta":"","stick-header-meta":"","header-above-stick-meta":"","header-main-stick-meta":"","header-below-stick-meta":"","astra-migrate-meta-layouts":"","ast-page-background-enabled":"default","ast-page-background-meta":{"desktop":{"background-color":"","background-image":"","background-repeat":"repeat","background-position":"center center","background-size":"auto","background-attachment":"scroll","background-type":"","background-media":"","overlay-type":"","overlay-color":"","overlay-gradient":""},"tablet":{"background-color":"","background-image":"","background-repeat":"repeat","background-position":"center center","background-size":"auto","background-attachment":"scroll","background-type":"","background-media":"","overlay-type":"","overlay-color":"","overlay-gradient":""},"mobile":{"background-color":"","background-image":"","background-repeat":"repeat","background-position":"center center","background-size":"auto","background-attachment":"scroll","background-type":"","background-media":"","overlay-type":"","overlay-color":"","overlay-gradient":""}},"ast-content-background-meta":{"desktop":{"background-color":"var(--ast-global-color-5)","background-image":"","background-repeat":"repeat","background-position":"center center","background-size":"auto","background-attachment":"scroll","background-type":"","background-media":"","overlay-type":"","overlay-color":"","overlay-gradient":""},"tablet":{"background-color":"var(--ast-global-color-5)","background-image":"","background-repeat":"repeat","background-position":"center center","background-size":"auto","background-attachment":"scroll","background-type":"","background-media":"","overlay-type":"","overlay-color":"","overlay-gradient":""},"mobile":{"background-color":"var(--ast-global-color-5)","background-image":"","background-repeat":"repeat","background-position":"center center","background-size":"auto","background-attachment":"scroll","background-type":"","background-media":"","overlay-type":"","overlay-color":"","overlay-gradient":""}},"footnotes":""},"class_list":["post-3223","page","type-page","status-publish","hentry"],"_links":{"self":[{"href":"https:\/\/www.arnaudom.fr\/wordpress\/wp-json\/wp\/v2\/pages\/3223","targetHints":{"allow":["GET"]}}],"collection":[{"href":"https:\/\/www.arnaudom.fr\/wordpress\/wp-json\/wp\/v2\/pages"}],"about":[{"href":"https:\/\/www.arnaudom.fr\/wordpress\/wp-json\/wp\/v2\/types\/page"}],"author":[{"embeddable":true,"href":"https:\/\/www.arnaudom.fr\/wordpress\/wp-json\/wp\/v2\/users\/1"}],"replies":[{"embeddable":true,"href":"https:\/\/www.arnaudom.fr\/wordpress\/wp-json\/wp\/v2\/comments?post=3223"}],"version-history":[{"count":7,"href":"https:\/\/www.arnaudom.fr\/wordpress\/wp-json\/wp\/v2\/pages\/3223\/revisions"}],"predecessor-version":[{"id":4990,"href":"https:\/\/www.arnaudom.fr\/wordpress\/wp-json\/wp\/v2\/pages\/3223\/revisions\/4990"}],"wp:attachment":[{"href":"https:\/\/www.arnaudom.fr\/wordpress\/wp-json\/wp\/v2\/media?parent=3223"}],"curies":[{"name":"wp","href":"https:\/\/api.w.org\/{rel}","templated":true}]}}