{"id":2973,"date":"2019-08-13T12:36:19","date_gmt":"2019-08-13T10:36:19","guid":{"rendered":"http:\/\/www.arnaudom.fr\/wordpress\/?page_id=2973"},"modified":"2020-08-14T14:53:26","modified_gmt":"2020-08-14T12:53:26","slug":"marso","status":"publish","type":"page","link":"https:\/\/www.arnaudom.fr\/wordpress\/marso\/","title":{"rendered":"marso"},"content":{"rendered":"\t\t<div data-elementor-type=\"wp-post\" data-elementor-id=\"2973\" class=\"elementor elementor-2973\">\n\t\t\t\t\t\t<div class=\"elementor-inner\">\n\t\t\t\t<div class=\"elementor-section-wrap\">\n\t\t\t\t\t\t\t\t\t<section class=\"elementor-section elementor-top-section elementor-element elementor-element-14945cfc elementor-section-full_width elementor-section-height-default elementor-section-height-default\" data-id=\"14945cfc\" data-element_type=\"section\" data-settings=\"{&quot;background_background&quot;:&quot;classic&quot;}\">\n\t\t\t\t\t\t<div class=\"elementor-container elementor-column-gap-default\">\n\t\t\t\t\t\t\t<div class=\"elementor-row\">\n\t\t\t\t\t<div class=\"elementor-column elementor-col-100 elementor-top-column elementor-element elementor-element-7ec3f719\" data-id=\"7ec3f719\" data-element_type=\"column\" data-settings=\"{&quot;background_background&quot;:&quot;classic&quot;}\">\n\t\t\t<div class=\"elementor-column-wrap elementor-element-populated\">\n\t\t\t\t\t\t\t<div class=\"elementor-widget-wrap\">\n\t\t\t\t\t\t<div class=\"elementor-element elementor-element-45e32448 elementor-widget elementor-widget-heading\" data-id=\"45e32448\" data-element_type=\"widget\" data-widget_type=\"heading.default\">\n\t\t\t\t<div class=\"elementor-widget-container\">\n\t\t\t<h1 class=\"elementor-heading-title elementor-size-default\">Observation de Mars<\/h1>\t\t<\/div>\n\t\t\t\t<\/div>\n\t\t\t\t<div class=\"elementor-element elementor-element-cf982b7 elementor-widget elementor-widget-text-editor\" data-id=\"cf982b7\" data-element_type=\"widget\" data-widget_type=\"text-editor.default\">\n\t\t\t\t<div class=\"elementor-widget-container\">\n\t\t\t\t\t\t\t\t<div class=\"elementor-text-editor elementor-clearfix\">\n\t\t\t\t<p><strong><span class=\"gras\">Remarque :<\/span> <\/strong>cette page d\u00e9crit ma modeste exp\u00e9rience personnelle d&rsquo;observation de la plan\u00e8te Mars, que je n&rsquo;ai observ\u00e9e que durant l&rsquo;automne 2005.<\/p>\t\t\t\t\t<\/div>\n\t\t\t\t\t\t<\/div>\n\t\t\t\t<\/div>\n\t\t\t\t<div class=\"elementor-element elementor-element-6d0c0f2e elementor-widget elementor-widget-heading\" data-id=\"6d0c0f2e\" data-element_type=\"widget\" data-widget_type=\"heading.default\">\n\t\t\t\t<div class=\"elementor-widget-container\">\n\t\t\t<h2 class=\"elementor-heading-title elementor-size-default\">P\u00e9riodes favorables d'observation :<\/h2>\t\t<\/div>\n\t\t\t\t<\/div>\n\t\t\t\t<div class=\"elementor-element elementor-element-44b944ea elementor-widget elementor-widget-text-editor\" data-id=\"44b944ea\" data-element_type=\"widget\" data-widget_type=\"text-editor.default\">\n\t\t\t\t<div class=\"elementor-widget-container\">\n\t\t\t\t\t\t\t\t<div class=\"elementor-text-editor elementor-clearfix\">\n\t\t\t\t<p>Mars, comme Jupiter et Saturne par exemple, n&rsquo;est bien visible qu&rsquo;au moment de son opposition, c&rsquo;est-\u00e0-dire quand elle est au plus proche de la Terre. Cette p\u00e9riode ne se produit que tous les deux ans environ, il ne faut donc pas la manquer car en dehors de cette p\u00e9riode, elle est vraiment trop petite pour pr\u00e9senter un quelconque int\u00e9r\u00eat. Elle est int\u00e9ressante \u00e0 observer durant une p\u00e9riode allant de 2 mois avant l&rsquo;opposition \u00e0 2 mois apr\u00e8s.<\/p>\t\t\t\t\t<\/div>\n\t\t\t\t\t\t<\/div>\n\t\t\t\t<\/div>\n\t\t\t\t\t\t<\/div>\n\t\t\t\t\t<\/div>\n\t\t<\/div>\n\t\t\t\t\t\t\t\t<\/div>\n\t\t\t\t\t<\/div>\n\t\t<\/section>\n\t\t\t\t<section class=\"elementor-section elementor-top-section elementor-element elementor-element-2ae61784 elementor-section-full_width elementor-section-height-default elementor-section-height-default\" data-id=\"2ae61784\" data-element_type=\"section\" data-settings=\"{&quot;background_background&quot;:&quot;classic&quot;}\">\n\t\t\t\t\t\t<div class=\"elementor-container elementor-column-gap-default\">\n\t\t\t\t\t\t\t<div class=\"elementor-row\">\n\t\t\t\t\t<div class=\"elementor-column elementor-col-100 elementor-top-column elementor-element elementor-element-514c0a40\" data-id=\"514c0a40\" data-element_type=\"column\" data-settings=\"{&quot;background_background&quot;:&quot;classic&quot;}\">\n\t\t\t<div class=\"elementor-column-wrap elementor-element-populated\">\n\t\t\t\t\t\t\t<div class=\"elementor-widget-wrap\">\n\t\t\t\t\t\t<div class=\"elementor-element elementor-element-31fe31be elementor-widget elementor-widget-heading\" data-id=\"31fe31be\" data-element_type=\"widget\" data-widget_type=\"heading.default\">\n\t\t\t\t<div class=\"elementor-widget-container\">\n\t\t\t<h2 class=\"elementor-heading-title elementor-size-default\">Observer dans les meilleures conditions:<\/h2>\t\t<\/div>\n\t\t\t\t<\/div>\n\t\t\t\t<div class=\"elementor-element elementor-element-2147a60b elementor-widget elementor-widget-text-editor\" data-id=\"2147a60b\" data-element_type=\"widget\" data-widget_type=\"text-editor.default\">\n\t\t\t\t<div class=\"elementor-widget-container\">\n\t\t\t\t\t\t\t\t<div class=\"elementor-text-editor elementor-clearfix\">\n\t\t\t\t<p>Mars est <strong><span class=\"gras\">difficile<\/span><\/strong> \u00e0 observer, notamment avec un petit t\u00e9l\u00e9scope comme le 130\/900. Elle est en effet assez petite et demande donc un fort grossissement, ce qui n\u00e9cessite de bonnes conditions de turbulence. De plus, elle est brillante et peu contrast\u00e9e, il faut donc de la patience et de l&rsquo;entrainement pour y d\u00e9celer des d\u00e9tails.<\/p><p>Donc quelques conseils tr\u00e8s basiques :<\/p><p>&#8211; inutile d&rsquo;esp\u00e9rer voir un quelconque d\u00e9tail de la plan\u00e8te Mars au 130\/900 si on l&rsquo;observe en dehors des 3-4 mois qui entourent son opposition<\/p><p>&#8211; attendre qu&rsquo;elle soit le plus haute possible (et un ciel le plus d\u00e9gag\u00e9 et le plus calme possible) afin d&rsquo;\u00e9viter au maximum la turbulence<\/p><p>&#8211; bien laisser le t\u00e9lescope se mettre en temp\u00e9rature suffisamment longtemps<\/p><p>&#8211; ne pas h\u00e9siter \u00e0 grossir au moins 150x au 130\/900, ce qui n\u00e9cessite un oculaire de 6 mm ou l&rsquo;utilisation d&rsquo;une barlow x2 avec le 10 mm par exemple (dans ce cas-l\u00e0 le grossissement obtenu sera de 180x). Personnellement j&rsquo;utilise mon oculaire de 5,7 mm (grossissement de 158x) ou ma barlow x2 avec mon oculaire de 8,6 mm (grossissement de 208x)<\/p><p>&#8211; enfin, prendre son temps pour observer : \u00e9viter de coller l&rsquo;oeil \u00e0 l&rsquo;oculaire pendant 3 secondes et de dire \u00ab\u00a0c&rsquo;est nul, on voit rien !\u00a0\u00bb. On reste l&rsquo;oeil \u00e0 oculaire plusieurs dizaines de secondes, et on arrive \u00e0 distinguer \u00e0 la surface de Mars des zones plus sombres et l\u00e9g\u00e8rement contrast\u00e9es. L\u00e0 aussi, plus on s&rsquo;entrainera \u00e0 observer et plus on parviendra \u00e0 distinguer des d\u00e9tails.<\/p>\t\t\t\t\t<\/div>\n\t\t\t\t\t\t<\/div>\n\t\t\t\t<\/div>\n\t\t\t\t<div class=\"elementor-element elementor-element-d1b1bc4 elementor-widget elementor-widget-heading\" data-id=\"d1b1bc4\" data-element_type=\"widget\" data-widget_type=\"heading.default\">\n\t\t\t\t<div class=\"elementor-widget-container\">\n\t\t\t<h2 class=\"elementor-heading-title elementor-size-default\">Que peut-on observer ?<\/h2>\t\t<\/div>\n\t\t\t\t<\/div>\n\t\t\t\t<div class=\"elementor-element elementor-element-9b79ccb elementor-widget elementor-widget-text-editor\" data-id=\"9b79ccb\" data-element_type=\"widget\" data-widget_type=\"text-editor.default\">\n\t\t\t\t<div class=\"elementor-widget-container\">\n\t\t\t\t\t\t\t\t<div class=\"elementor-text-editor elementor-clearfix\">\n\t\t\t\t<p>&#8211; Tout d&rsquo;abord, quand Mars est encore \u00e0 plusieurs semaines de son opposition, elle pr\u00e9sente comme la Lune une phase gibbeuse, c&rsquo;est-\u00e0-dire qu&rsquo;une partie de la plan\u00e8te reste plong\u00e9e dans l&rsquo;obscurit\u00e9. A mesure qu&rsquo;elle approche de l&rsquo;opposition, sa surface devient enti\u00e8rement \u00e9clair\u00e9e et elle pr\u00e9sente alors une forme sph\u00e9rique<\/p>\t\t\t\t\t<\/div>\n\t\t\t\t\t\t<\/div>\n\t\t\t\t<\/div>\n\t\t\t\t<div class=\"elementor-element elementor-element-85fd59b elementor-widget elementor-widget-image\" data-id=\"85fd59b\" data-element_type=\"widget\" data-widget_type=\"image.default\">\n\t\t\t\t<div class=\"elementor-widget-container\">\n\t\t\t\t\t\t\t\t<div class=\"elementor-image\">\n\t\t\t\t\t\t\t\t\t\t\t\t<img loading=\"lazy\" decoding=\"async\" width=\"145\" height=\"127\" src=\"https:\/\/www.arnaudom.fr\/wordpress\/wp-content\/uploads\/2019\/08\/Mars001.jpg\" class=\"attachment-large size-large wp-image-2975\" alt=\"\" \/>\t\t\t\t\t\t\t\t\t\t\t\t\t\t<\/div>\n\t\t\t\t\t\t<\/div>\n\t\t\t\t<\/div>\n\t\t\t\t<div class=\"elementor-element elementor-element-16945dd elementor-widget elementor-widget-text-editor\" data-id=\"16945dd\" data-element_type=\"widget\" data-widget_type=\"text-editor.default\">\n\t\t\t\t<div class=\"elementor-widget-container\">\n\t\t\t\t\t\t\t\t<div class=\"elementor-text-editor elementor-clearfix\">\n\t\t\t\t<p style=\"text-align: center;\"><strong><span class=\"gras\" style=\"color: #000000;\">Mars dans sa phase gibbeuse<br \/><\/span><\/strong><strong><span style=\"color: #000000;\">(image r\u00e9alis\u00e9e au 130\/900)<\/span><\/strong><\/p>\t\t\t\t\t<\/div>\n\t\t\t\t\t\t<\/div>\n\t\t\t\t<\/div>\n\t\t\t\t<div class=\"elementor-element elementor-element-2a3d5af elementor-widget elementor-widget-text-editor\" data-id=\"2a3d5af\" data-element_type=\"widget\" data-widget_type=\"text-editor.default\">\n\t\t\t\t<div class=\"elementor-widget-container\">\n\t\t\t\t\t\t\t\t<div class=\"elementor-text-editor elementor-clearfix\">\n\t\t\t\t<p>&#8211; la surface de la plan\u00e8te est nettement orang\u00e9e, et on peut y distinguer les calottes polaires sous forme de point blanc situ\u00e9 aux p\u00f4les de la plan\u00e8te. Cependant leur visibilit\u00e9 d\u00e9pend de l&rsquo;inclinaison de la plan\u00e8te. En novembre 2005, seule la calotte polaire Sud est visible, sous forme d&rsquo;un tout petit point blanc situ\u00e9 au p\u00f4le. Lors des prochaines oppositions, les deux calottes devraient \u00eatre visibles<\/p><p>&#8211; enfin, les tr\u00e8s grandes formations martiennes sont perceptibles \u00e0 sa surface sous forme de zones sombres. L\u00e0 encore, elles restent peu contrast\u00e9es et il faut un peu de patience pour parvenir \u00e0 les percevoir. La formation la plus visible de Mars est Syrtis Major.<\/p><p>Voil\u00e0, en conclusion Mars est une plan\u00e8te qui ne se laisse pas apprivoiser tr\u00e8s facilement, mais comme souvent en astronomie, patience et entrainement vous permettront de progresser dans son observation !<\/p>\t\t\t\t\t<\/div>\n\t\t\t\t\t\t<\/div>\n\t\t\t\t<\/div>\n\t\t\t\t\t\t<\/div>\n\t\t\t\t\t<\/div>\n\t\t<\/div>\n\t\t\t\t\t\t\t\t<\/div>\n\t\t\t\t\t<\/div>\n\t\t<\/section>\n\t\t\t\t\t\t\t\t\t<\/div>\n\t\t\t<\/div>\n\t\t\t\t\t<\/div>\n\t\t","protected":false},"excerpt":{"rendered":"<p>Observation de Mars Remarque : cette page d\u00e9crit ma modeste exp\u00e9rience personnelle d&rsquo;observation de la plan\u00e8te Mars, que je n&rsquo;ai observ\u00e9e que durant l&rsquo;automne 2005. P\u00e9riodes favorables d&rsquo;observation : Mars, comme Jupiter et Saturne par exemple, n&rsquo;est bien visible qu&rsquo;au moment de son opposition, c&rsquo;est-\u00e0-dire quand elle est au plus proche de la Terre. Cette &hellip;<\/p>\n<p class=\"read-more\"> <a class=\"\" href=\"https:\/\/www.arnaudom.fr\/wordpress\/marso\/\"> <span class=\"screen-reader-text\">marso<\/span> Lire la suite\u00a0\u00bb<\/a><\/p>\n","protected":false},"author":1,"featured_media":0,"parent":0,"menu_order":0,"comment_status":"closed","ping_status":"closed","template":"","meta":{"site-sidebar-layout":"default","site-content-layout":"default","ast-site-content-layout":"","site-content-style":"default","site-sidebar-style":"default","ast-global-header-display":"","ast-banner-title-visibility":"","ast-main-header-display":"","ast-hfb-above-header-display":"","ast-hfb-below-header-display":"","ast-hfb-mobile-header-display":"","site-post-title":"disabled","ast-breadcrumbs-content":"","ast-featured-img":"","footer-sml-layout":"","theme-transparent-header-meta":"default","adv-header-id-meta":"","stick-header-meta":"","header-above-stick-meta":"","header-main-stick-meta":"","header-below-stick-meta":"","astra-migrate-meta-layouts":"","ast-page-background-enabled":"default","ast-page-background-meta":{"desktop":{"background-color":"","background-image":"","background-repeat":"repeat","background-position":"center center","background-size":"auto","background-attachment":"scroll","background-type":"","background-media":"","overlay-type":"","overlay-color":"","overlay-gradient":""},"tablet":{"background-color":"","background-image":"","background-repeat":"repeat","background-position":"center center","background-size":"auto","background-attachment":"scroll","background-type":"","background-media":"","overlay-type":"","overlay-color":"","overlay-gradient":""},"mobile":{"background-color":"","background-image":"","background-repeat":"repeat","background-position":"center center","background-size":"auto","background-attachment":"scroll","background-type":"","background-media":"","overlay-type":"","overlay-color":"","overlay-gradient":""}},"ast-content-background-meta":{"desktop":{"background-color":"var(--ast-global-color-5)","background-image":"","background-repeat":"repeat","background-position":"center center","background-size":"auto","background-attachment":"scroll","background-type":"","background-media":"","overlay-type":"","overlay-color":"","overlay-gradient":""},"tablet":{"background-color":"var(--ast-global-color-5)","background-image":"","background-repeat":"repeat","background-position":"center center","background-size":"auto","background-attachment":"scroll","background-type":"","background-media":"","overlay-type":"","overlay-color":"","overlay-gradient":""},"mobile":{"background-color":"var(--ast-global-color-5)","background-image":"","background-repeat":"repeat","background-position":"center center","background-size":"auto","background-attachment":"scroll","background-type":"","background-media":"","overlay-type":"","overlay-color":"","overlay-gradient":""}},"footnotes":""},"class_list":["post-2973","page","type-page","status-publish","hentry"],"_links":{"self":[{"href":"https:\/\/www.arnaudom.fr\/wordpress\/wp-json\/wp\/v2\/pages\/2973","targetHints":{"allow":["GET"]}}],"collection":[{"href":"https:\/\/www.arnaudom.fr\/wordpress\/wp-json\/wp\/v2\/pages"}],"about":[{"href":"https:\/\/www.arnaudom.fr\/wordpress\/wp-json\/wp\/v2\/types\/page"}],"author":[{"embeddable":true,"href":"https:\/\/www.arnaudom.fr\/wordpress\/wp-json\/wp\/v2\/users\/1"}],"replies":[{"embeddable":true,"href":"https:\/\/www.arnaudom.fr\/wordpress\/wp-json\/wp\/v2\/comments?post=2973"}],"version-history":[{"count":8,"href":"https:\/\/www.arnaudom.fr\/wordpress\/wp-json\/wp\/v2\/pages\/2973\/revisions"}],"predecessor-version":[{"id":4928,"href":"https:\/\/www.arnaudom.fr\/wordpress\/wp-json\/wp\/v2\/pages\/2973\/revisions\/4928"}],"wp:attachment":[{"href":"https:\/\/www.arnaudom.fr\/wordpress\/wp-json\/wp\/v2\/media?parent=2973"}],"curies":[{"name":"wp","href":"https:\/\/api.w.org\/{rel}","templated":true}]}}