{"id":2894,"date":"2019-08-11T02:39:36","date_gmt":"2019-08-11T00:39:36","guid":{"rendered":"http:\/\/www.arnaudom.fr\/wordpress\/?page_id=2894"},"modified":"2021-02-17T09:03:00","modified_gmt":"2021-02-17T08:03:00","slug":"general","status":"publish","type":"page","link":"https:\/\/www.arnaudom.fr\/wordpress\/general\/","title":{"rendered":"general"},"content":{"rendered":"\t\t<div data-elementor-type=\"wp-post\" data-elementor-id=\"2894\" class=\"elementor elementor-2894\">\n\t\t\t\t\t\t<div class=\"elementor-inner\">\n\t\t\t\t<div class=\"elementor-section-wrap\">\n\t\t\t\t\t\t\t\t\t<section class=\"elementor-section elementor-top-section elementor-element elementor-element-5a3f1c1c elementor-section-full_width elementor-section-height-default elementor-section-height-default\" data-id=\"5a3f1c1c\" data-element_type=\"section\" data-settings=\"{&quot;background_background&quot;:&quot;classic&quot;}\">\n\t\t\t\t\t\t<div class=\"elementor-container elementor-column-gap-default\">\n\t\t\t\t\t\t\t<div class=\"elementor-row\">\n\t\t\t\t\t<div class=\"elementor-column elementor-col-100 elementor-top-column elementor-element elementor-element-cd9cb80\" data-id=\"cd9cb80\" data-element_type=\"column\" data-settings=\"{&quot;background_background&quot;:&quot;classic&quot;}\">\n\t\t\t<div class=\"elementor-column-wrap elementor-element-populated\">\n\t\t\t\t\t\t\t<div class=\"elementor-widget-wrap\">\n\t\t\t\t\t\t<div class=\"elementor-element elementor-element-18606e84 elementor-widget elementor-widget-heading\" data-id=\"18606e84\" data-element_type=\"widget\" data-widget_type=\"heading.default\">\n\t\t\t\t<div class=\"elementor-widget-container\">\n\t\t\t<h1 class=\"elementor-heading-title elementor-size-default\">Principe g\u00e9n\u00e9ral des observations<\/h1>\t\t<\/div>\n\t\t\t\t<\/div>\n\t\t\t\t<div class=\"elementor-element elementor-element-f2066a3 elementor-widget elementor-widget-text-editor\" data-id=\"f2066a3\" data-element_type=\"widget\" data-widget_type=\"text-editor.default\">\n\t\t\t\t<div class=\"elementor-widget-container\">\n\t\t\t\t\t\t\t\t<div class=\"elementor-text-editor elementor-clearfix\">\n\t\t\t\t<p>Il y a sur le site deux types d&rsquo;observations :<\/p><p>&#8211; <img decoding=\"async\" src=\"http:\/\/www.arnaudom.fr\/Img\/o130.gif\" alt=\"ic\u00f4ne 130\/900\" \/> cette ic\u00f4ne signale les observations effectu\u00e9es au 130\/900, plut\u00f4t destin\u00e9es aux d\u00e9butants.<\/p><p>La plupart des objets choisis pour ces observations sont classiques et leur r\u00e9p\u00e9rage se fait essentiellement par des m\u00e9thodes visuelles. Pour plus de d\u00e9tail, lire <a href=\"#130900\">Principe des observations au 130\/900<\/a>.<\/p><p>&#8211; <img decoding=\"async\" src=\"http:\/\/www.arnaudom.fr\/Img\/o200.jpg\" alt=\"ic\u00f4ne 200\/800\" \/> cette ic\u00f4ne signale les observations effectu\u00e9es au 200\/800, plut\u00f4t destin\u00e9es aux astronomes plus confirm\u00e9s.<\/p><p>Les objets classiques sont observ\u00e9s, mais compl\u00e9t\u00e9s par des objets moins connus, la plupart en provenance du catalogue NGC, et dont certains n\u00e9cessitent l&rsquo;apport du 200 pour \u00eatre int\u00e9ressants. Le rep\u00e9rage de ces objets se fera ensentiellement aux coordonn\u00e9es, \u00e0 l&rsquo;aide de la monture Sky View Pro, ou par pointage automatique avec la monture EQ6.<br \/>Pour plus de d\u00e9tails, lire <a href=\"#200800\">Principe des observations au 200\/800<\/a>.<\/p>\t\t\t\t\t<\/div>\n\t\t\t\t\t\t<\/div>\n\t\t\t\t<\/div>\n\t\t\t\t<div class=\"elementor-element elementor-element-4ba7c7d elementor-widget elementor-widget-menu-anchor\" data-id=\"4ba7c7d\" data-element_type=\"widget\" data-widget_type=\"menu-anchor.default\">\n\t\t\t\t<div class=\"elementor-widget-container\">\n\t\t\t\t\t<div id=\"130900\" class=\"elementor-menu-anchor\"><\/div>\n\t\t\t\t<\/div>\n\t\t\t\t<\/div>\n\t\t\t\t<div class=\"elementor-element elementor-element-2a4bd3be elementor-widget elementor-widget-heading\" data-id=\"2a4bd3be\" data-element_type=\"widget\" data-widget_type=\"heading.default\">\n\t\t\t\t<div class=\"elementor-widget-container\">\n\t\t\t<h2 class=\"elementor-heading-title elementor-size-default\">Principe des observations au 130\/900 :<\/h2>\t\t<\/div>\n\t\t\t\t<\/div>\n\t\t\t\t<div class=\"elementor-element elementor-element-2ab8bb0f elementor-widget elementor-widget-text-editor\" data-id=\"2ab8bb0f\" data-element_type=\"widget\" data-widget_type=\"text-editor.default\">\n\t\t\t\t<div class=\"elementor-widget-container\">\n\t\t\t\t\t\t\t\t<div class=\"elementor-text-editor elementor-clearfix\">\n\t\t\t\t<p>Les observations que je vais d\u00e9crire sont des observations que j&rsquo;ai effectu\u00e9es personnellement, en g\u00e9n\u00e9ral par rep\u00e9rage visuel des objets ou, dans quelques cas particuliers, en utilisant leur coordonn\u00e9es.<\/p><p>Concernant les coordonn\u00e9es des objets (c&rsquo;est-\u00e0-dire leur ascension droite et leur d\u00e9clinaison), j&rsquo;essaie de m&rsquo;en servir le moins souvent possible, et ce pour deux raisons. Tout d&rsquo;abord, pour ne pas d\u00e9router les d\u00e9butants qui pourrait trouver cela trop compliqu\u00e9. Je r\u00e9alise la plupart de mes observations sans jamais m&rsquo;occuper des cercles de coordonn\u00e9es. La seconde raison, c&rsquo;est que les cercles de la monture EQ2 de mon t\u00e9l\u00e9scope ne sont pas suffisament pr\u00e9cis (comme c&rsquo;est le cas sur la plupart des instruments de d\u00e9butants) pour permettre le r\u00e9p\u00e9rage d&rsquo;objet (sachant qu&rsquo;en plus cela n\u00e9cessite \u00e9galement une mise en station pr\u00e9cise). Mais dans certains cas particuliers, quand l&rsquo;objet est relativement proche d&rsquo;une \u00e9toile visible au chercheur, la m\u00e9thode de pointage par d\u00e9calage par rapport \u00e0 cette \u00e9toile fonctionne bien. Voir <a href=\"http:\/\/www.arnaudom.fr\/general.php#pointage\">Exemple de pointage \u00e0 l&rsquo;aide des coordonn\u00e9es<\/a>.<\/p><p>Evidemment, pour un rep\u00e9rage visuel, il est n\u00e9cessaire d&rsquo;utiliser une carte du ciel et d&rsquo;apprendre \u00e0 rep\u00e9rer les constellations. De m\u00eame, l&rsquo;utilisation d&rsquo;une paire de jumelles est fortement conseill\u00e9e, car leur aide est pr\u00e9cieuse dans le rep\u00e9rage des objets, mais aussi pour leur observation tout court. De grands amas ouverts (comme M44 dans le Cancer ou les Pl\u00e9iades dans le Taureau) et des n\u00e9buleuses (M42 dans Orion et M8 et M20 dans le Sagittaire) sont magnifiques aux jumelles (pour certains, je les trouve parfois m\u00eame plus beau qu&rsquo;au t\u00e9l\u00e9scope \u00e0 cause du champ plus \u00e9tendu des jumelles &#8230;)<\/p><p>Une mise en station du t\u00e9l\u00e9scope rudimentaire suffit pour observer ces objets (pointer l&rsquo;axe polaire de la monture vers le nord \u00e0 peu pr\u00e8s &#8230;), l&rsquo;avantage d&rsquo;une mise en station (un peu) plus pr\u00e9cise \u00e9tant, d&rsquo;une part, de pouvoir utiliser le moteur du t\u00e9l\u00e9scope pour suivre ces objets de longues minutes sans avoir d&rsquo;autres r\u00e9glages \u00e0 effectuer ou, si on n&rsquo;a pas de moteur, de n&rsquo;avoir pratiquement que le flexible des ascension droite \u00e0 tourner pour suivre l&rsquo;objet, et, d&rsquo;autre part, de pointer un objet \u00e0 l&rsquo;aide de ses coordonn\u00e9es \u00e0 partir d&rsquo;une \u00e9toile de r\u00e9f\u00e9rence. C&rsquo;est surtout un gain important de confort (ce qui est souvent non n\u00e9gligeable \u00e0 3 heures du matin &#8230;), mais on peut tr\u00e8s bien observer sans faire de mise en station pr\u00e9cise, les d\u00e9butants ne devraient pas forc\u00e9ment trop s&rsquo;alarmer de ce probl\u00e8me&#8230;<\/p><p>Pour rep\u00e9rer les objets du ciel profond, j&rsquo;utilise mon oculaire de 32 mm (grossissement de 28x) car il offre un plus grand champ que des oculaires plus grossissants, et il est aussi plus lumineux. Il faut savoir que plus on grossit un objet, moins celui-ci est lumineux. Un amas globulaire peut-\u00eatre visible au 32mm comme une belle boule floue, puis se retrouver au 6 mm (grossissement de 150x) pratiquement invisible&#8230; Donc toujours utiliser l&rsquo;oculaire donnant le plus faible grossissement pour rep\u00e9rer les objets !<\/p><p id=\"pointage\" class=\"gras\"><strong>Exemple de pointage \u00e0 l&rsquo;aide des coordonn\u00e9es :<\/strong><\/p><p>pour rep\u00e9rer un objet avec ses coordonn\u00e9es, il faut tout d&rsquo;abord essayer de faire une mise en station un peu pr\u00e9cise du t\u00e9l\u00e9scope. Ensuite, j&rsquo;utilise l&rsquo;oculaire de 32 mm (celui donnant le plus petit grossissement, ici 28x). Enfin, il faut savoir lire les coordonn\u00e9es sur les deux cercles (\u00e7a n&rsquo;est pas tr\u00e8s compliqu\u00e9 !).<\/p><p>Le cercle gradu\u00e9 de 90 \u00e0 90 est le cercle des D\u00e9clinaisons (DEC), qui est gradu\u00e9 en degr\u00e9s (il repr\u00e9sente les coordonn\u00e9es de -90\u00b0 \u00e0 + 90\u00b0). Normalement, \u00e0 + 90\u00b0, on pointe le p\u00f4le Nord. Sur le 130\/900, le cercle est fixe, mais il peut-\u00eatre mobile sur certains t\u00e9l\u00e9scopes.<\/p><p>Le cercle gradu\u00e9 de 0 \u00e0 24 est le cercle des Ascensions Droites (AD), qui est gradu\u00e9 en heures et de 10 minutes en 10 minutes. Le cercle est mobile et d&rsquo;autre part, sur le 130\/900, il poss\u00e8de une \u00e9chelle en haut et une en bas. L&rsquo;\u00e9chelle du bas correspond \u00e0 l&rsquo;h\u00e9misph\u00e8re Nord.<\/p><p>Bien, alors maintenant, nous allons prendre un exemple. Nous allons pointer la magnifique n\u00e9buleuse M27, dite n\u00e9buleuse Dumbell, qui se trouve dans la constellation du Petit Renard. C&rsquo;est avec cette m\u00e9thode que je l&rsquo;ai observ\u00e9e la premi\u00e8re fois, car ne parvenant pas \u00e0 voir cette faible constellation \u00e0 l&rsquo;oeil nu et \u00e0 faire un rep\u00e9rage visuel de M27.<\/p><p>M27 se trouve pr\u00e8s de l&rsquo;\u00e9toile Gamma de la constellation de la Fl\u00e8che (qui elle est bien visible \u00e0 l&rsquo;oeil nu sous un ciel correct. C&rsquo;est le bout de la fl\u00e8che). Elle se trouve \u00e0 + 1 min en AD de Gamma et \u00e0 + 3\u00b0 en DEC. Il faut juste savoir qu&rsquo;un d\u00e9calage de 1 ou 2 minutes en AD et de moins de 2\u00b0 en DEC est suffisamment faible pour que l&rsquo;objet reste dans le champ de l&rsquo;oculaire de 32 mm. Ainsi, comme le d\u00e9calage n&rsquo;est que de 1 minute en AD, je consid\u00e8re que M27 a pratiquement la m\u00eame AD que Gamma. Du coup, je vais d\u00e9placer le t\u00e9l\u00e9scope en utilisant uniquement le cercle DEC. Cette m\u00e9thode fonctionne bien malgr\u00e9 l&rsquo;impr\u00e9cision de la monture, avec une mise en station correcte et un objet proche d&rsquo;une \u00e9toile de r\u00e9f\u00e9rence, <span class=\"col3\"><span style=\"color: #ce13dd;\">surtout quand comme ici, l&rsquo;objet \u00e0 pointer a pratiquement la m\u00eame AD ou la m\u00eame DEC que l&rsquo;\u00e9toile de r\u00e9f\u00e9rence<\/span>.<\/span><\/p><p>Bref, Gamma de la Fl\u00e8che \u00e9tant visible \u00e0 l&rsquo;oeil nu :<\/p><p>&#8211; on la centre dans le chercheur, puis dans l&rsquo;oculaire de 32 mm. L&rsquo;\u00e9toile est de couleur jaune<\/p><p>&#8211; maintenant, on tourne uniquement le flexible des DEC, de + 3\u00b0. Il est inutile de lire les coordonn\u00e9es sur le cercle, on se contente juste de rep\u00e9rer qu&rsquo;on tourne bien dans le bon sens, c&rsquo;est-\u00e0-dire en augmentant la d\u00e9clinaison<\/p><p>&#8211; on garde l&rsquo;oeil \u00e0 l&rsquo;oculaire et on tourne doucement et, si tout va bien, une belle et grande n\u00e9buleuse grise appara\u00eet dans le champ de l&rsquo;oculaire. On a trouv\u00e9 M27 ! Magnifique, non ?<\/p>\t\t\t\t\t<\/div>\n\t\t\t\t\t\t<\/div>\n\t\t\t\t<\/div>\n\t\t\t\t<div class=\"elementor-element elementor-element-cf89885 elementor-widget elementor-widget-menu-anchor\" data-id=\"cf89885\" data-element_type=\"widget\" data-widget_type=\"menu-anchor.default\">\n\t\t\t\t<div class=\"elementor-widget-container\">\n\t\t\t\t\t<div id=\"200800\" class=\"elementor-menu-anchor\"><\/div>\n\t\t\t\t<\/div>\n\t\t\t\t<\/div>\n\t\t\t\t<div class=\"elementor-element elementor-element-a94e7f2 elementor-widget elementor-widget-heading\" data-id=\"a94e7f2\" data-element_type=\"widget\" data-widget_type=\"heading.default\">\n\t\t\t\t<div class=\"elementor-widget-container\">\n\t\t\t<h2 class=\"elementor-heading-title elementor-size-default\">Principe des observations au 200\/800 :<\/h2>\t\t<\/div>\n\t\t\t\t<\/div>\n\t\t\t\t<div class=\"elementor-element elementor-element-71e1bb1 elementor-widget elementor-widget-text-editor\" data-id=\"71e1bb1\" data-element_type=\"widget\" data-widget_type=\"text-editor.default\">\n\t\t\t\t<div class=\"elementor-widget-container\">\n\t\t\t\t\t\t\t\t<div class=\"elementor-text-editor elementor-clearfix\">\n\t\t\t\t<p>pour les observations au 200\/800, je vais d\u00e9crire l&rsquo;observation d&rsquo;objets classiques, donc en particulier les objets Messier, mais \u00e9galement d&rsquo;objets du catalogue NGC, moins classiques, ce qui veut dire que certains seront peut-\u00eatre moins faciles \u00e0 voir avec un plus petit diam\u00e8tre.<\/p><p>D&rsquo;autre part, pour le rep\u00e9rage des objets, je me contenterai d&rsquo;indiquer leurs coordonn\u00e9es (ascension droite et d\u00e9clinaison), et \u00e9ventuellement quelques indications compl\u00e9mentaires, car pour certaines observations,\u00a0 j&rsquo;ai utilis\u00e9 la monture Sky View Pro qui poss\u00e8de des cercles de coordonn\u00e9es relativement efficaces pour pointer ces objets, et pour d&rsquo;autres j&rsquo;ai point\u00e9 les objets automatiquement avec l&rsquo;EQ6. <\/p><p>Pour le pointage par coordonn\u00e9es,\u00a0 je prends comme pr\u00e9-requis que d&rsquo;une part, on utilise une monture correctement mise en station qui permet l&rsquo;utilisation des coordonn\u00e9es, et que d&rsquo;autre part, on maitrise la technique du pointage par coordonn\u00e9es. Donc, avant l&rsquo;observation, je mets la monture en station avec le viseur polaire. Ensuite, je calibre les cercles de coordonn\u00e9es en utilisant l&rsquo;une des \u00e9toiles-jalon indiqu\u00e9es en d\u00e9but d&rsquo;observation. Ce sont des \u00e9toiles faciles \u00e0 voir \u00e0 l&rsquo;oeil nu, ce qui veut dire qu&rsquo;il faut d&rsquo;abord rep\u00e9rer la constellation en question et identifier ces \u00e9toiles, pour pouvoir ensuite les pointer et r\u00e9gler les cercles de coordonn\u00e9es sur l&rsquo;une d&rsquo;elles. Enfin, on pourra pointer chacun des objets en se servant des coordonn\u00e9es indiqu\u00e9es.<\/p><p>Pour le pointage des objets avec l&rsquo;EQ6, il faut naturellement commencer par param\u00e9trer correctement le Goto.<\/p>\t\t\t\t\t<\/div>\n\t\t\t\t\t\t<\/div>\n\t\t\t\t<\/div>\n\t\t\t\t\t\t<\/div>\n\t\t\t\t\t<\/div>\n\t\t<\/div>\n\t\t\t\t\t\t\t\t<\/div>\n\t\t\t\t\t<\/div>\n\t\t<\/section>\n\t\t\t\t\t\t\t\t\t<\/div>\n\t\t\t<\/div>\n\t\t\t\t\t<\/div>\n\t\t","protected":false},"excerpt":{"rendered":"<p>Principe g\u00e9n\u00e9ral des observations Il y a sur le site deux types d&rsquo;observations : &#8211; cette ic\u00f4ne signale les observations effectu\u00e9es au 130\/900, plut\u00f4t destin\u00e9es aux d\u00e9butants. La plupart des objets choisis pour ces observations sont classiques et leur r\u00e9p\u00e9rage se fait essentiellement par des m\u00e9thodes visuelles. Pour plus de d\u00e9tail, lire Principe des observations &hellip;<\/p>\n<p class=\"read-more\"> <a class=\"\" href=\"https:\/\/www.arnaudom.fr\/wordpress\/general\/\"> <span class=\"screen-reader-text\">general<\/span> Lire la suite\u00a0\u00bb<\/a><\/p>\n","protected":false},"author":1,"featured_media":0,"parent":0,"menu_order":0,"comment_status":"closed","ping_status":"closed","template":"","meta":{"site-sidebar-layout":"default","site-content-layout":"default","ast-site-content-layout":"","site-content-style":"default","site-sidebar-style":"default","ast-global-header-display":"","ast-banner-title-visibility":"","ast-main-header-display":"","ast-hfb-above-header-display":"","ast-hfb-below-header-display":"","ast-hfb-mobile-header-display":"","site-post-title":"disabled","ast-breadcrumbs-content":"","ast-featured-img":"","footer-sml-layout":"","theme-transparent-header-meta":"default","adv-header-id-meta":"","stick-header-meta":"","header-above-stick-meta":"","header-main-stick-meta":"","header-below-stick-meta":"","astra-migrate-meta-layouts":"","ast-page-background-enabled":"default","ast-page-background-meta":{"desktop":{"background-color":"","background-image":"","background-repeat":"repeat","background-position":"center center","background-size":"auto","background-attachment":"scroll","background-type":"","background-media":"","overlay-type":"","overlay-color":"","overlay-gradient":""},"tablet":{"background-color":"","background-image":"","background-repeat":"repeat","background-position":"center center","background-size":"auto","background-attachment":"scroll","background-type":"","background-media":"","overlay-type":"","overlay-color":"","overlay-gradient":""},"mobile":{"background-color":"","background-image":"","background-repeat":"repeat","background-position":"center center","background-size":"auto","background-attachment":"scroll","background-type":"","background-media":"","overlay-type":"","overlay-color":"","overlay-gradient":""}},"ast-content-background-meta":{"desktop":{"background-color":"var(--ast-global-color-5)","background-image":"","background-repeat":"repeat","background-position":"center center","background-size":"auto","background-attachment":"scroll","background-type":"","background-media":"","overlay-type":"","overlay-color":"","overlay-gradient":""},"tablet":{"background-color":"var(--ast-global-color-5)","background-image":"","background-repeat":"repeat","background-position":"center center","background-size":"auto","background-attachment":"scroll","background-type":"","background-media":"","overlay-type":"","overlay-color":"","overlay-gradient":""},"mobile":{"background-color":"var(--ast-global-color-5)","background-image":"","background-repeat":"repeat","background-position":"center center","background-size":"auto","background-attachment":"scroll","background-type":"","background-media":"","overlay-type":"","overlay-color":"","overlay-gradient":""}},"footnotes":""},"class_list":["post-2894","page","type-page","status-publish","hentry"],"_links":{"self":[{"href":"https:\/\/www.arnaudom.fr\/wordpress\/wp-json\/wp\/v2\/pages\/2894","targetHints":{"allow":["GET"]}}],"collection":[{"href":"https:\/\/www.arnaudom.fr\/wordpress\/wp-json\/wp\/v2\/pages"}],"about":[{"href":"https:\/\/www.arnaudom.fr\/wordpress\/wp-json\/wp\/v2\/types\/page"}],"author":[{"embeddable":true,"href":"https:\/\/www.arnaudom.fr\/wordpress\/wp-json\/wp\/v2\/users\/1"}],"replies":[{"embeddable":true,"href":"https:\/\/www.arnaudom.fr\/wordpress\/wp-json\/wp\/v2\/comments?post=2894"}],"version-history":[{"count":7,"href":"https:\/\/www.arnaudom.fr\/wordpress\/wp-json\/wp\/v2\/pages\/2894\/revisions"}],"predecessor-version":[{"id":6930,"href":"https:\/\/www.arnaudom.fr\/wordpress\/wp-json\/wp\/v2\/pages\/2894\/revisions\/6930"}],"wp:attachment":[{"href":"https:\/\/www.arnaudom.fr\/wordpress\/wp-json\/wp\/v2\/media?parent=2894"}],"curies":[{"name":"wp","href":"https:\/\/api.w.org\/{rel}","templated":true}]}}