{"id":2755,"date":"2019-08-10T00:34:10","date_gmt":"2019-08-09T22:34:10","guid":{"rendered":"http:\/\/www.arnaudom.fr\/wordpress\/?page_id=2755"},"modified":"2020-08-06T09:26:40","modified_gmt":"2020-08-06T07:26:40","slug":"eqmodsfil","status":"publish","type":"page","link":"https:\/\/www.arnaudom.fr\/wordpress\/eqmodsfil\/","title":{"rendered":"eqmodsfil"},"content":{"rendered":"\t\t<div data-elementor-type=\"wp-post\" data-elementor-id=\"2755\" class=\"elementor elementor-2755\">\n\t\t\t\t\t\t<div class=\"elementor-inner\">\n\t\t\t\t<div class=\"elementor-section-wrap\">\n\t\t\t\t\t\t\t\t\t<section class=\"elementor-section elementor-top-section elementor-element elementor-element-4c0dd4ff elementor-section-full_width elementor-section-height-default elementor-section-height-default\" data-id=\"4c0dd4ff\" data-element_type=\"section\" data-settings=\"{&quot;background_background&quot;:&quot;classic&quot;}\">\n\t\t\t\t\t\t<div class=\"elementor-container elementor-column-gap-default\">\n\t\t\t\t\t\t\t<div class=\"elementor-row\">\n\t\t\t\t\t<div class=\"elementor-column elementor-col-100 elementor-top-column elementor-element elementor-element-6b7e89f9\" data-id=\"6b7e89f9\" data-element_type=\"column\" data-settings=\"{&quot;background_background&quot;:&quot;classic&quot;}\">\n\t\t\t<div class=\"elementor-column-wrap elementor-element-populated\">\n\t\t\t\t\t\t\t<div class=\"elementor-widget-wrap\">\n\t\t\t\t\t\t<div class=\"elementor-element elementor-element-1752c21f elementor-widget elementor-widget-heading\" data-id=\"1752c21f\" data-element_type=\"widget\" data-widget_type=\"heading.default\">\n\t\t\t\t<div class=\"elementor-widget-container\">\n\t\t\t<h1 class=\"elementor-heading-title elementor-size-default\">EQMOD sans fil<\/h1>\t\t<\/div>\n\t\t\t\t<\/div>\n\t\t\t\t<div class=\"elementor-element elementor-element-6c6f2492 elementor-widget elementor-widget-text-editor\" data-id=\"6c6f2492\" data-element_type=\"widget\" data-widget_type=\"text-editor.default\">\n\t\t\t\t<div class=\"elementor-widget-container\">\n\t\t\t\t\t\t\t\t<div class=\"elementor-text-editor elementor-clearfix\">\n\t\t\t\t<p class=\"ita\"><em>Ecrit le 28\/02\/14.<\/em><\/p><p>Le site Pierre-Astro propose depuis plusieurs mois maintenant l&rsquo;interface EQTooth qui permet de piloter une monture (EQ6, HEQ5, NEQ5 ou NEQ3) par l&rsquo;interm\u00e9daire d&rsquo;EQMOD sans fil.<\/p>\t\t\t\t\t<\/div>\n\t\t\t\t\t\t<\/div>\n\t\t\t\t<\/div>\n\t\t\t\t<div class=\"elementor-element elementor-element-6a31720 elementor-widget elementor-widget-image\" data-id=\"6a31720\" data-element_type=\"widget\" data-widget_type=\"image.default\">\n\t\t\t\t<div class=\"elementor-widget-container\">\n\t\t\t\t\t\t\t\t<div class=\"elementor-image\">\n\t\t\t\t\t\t\t\t\t\t\t\t<img loading=\"lazy\" decoding=\"async\" width=\"335\" height=\"209\" src=\"https:\/\/www.arnaudom.fr\/wordpress\/wp-content\/uploads\/2019\/08\/eqtooth.png\" class=\"attachment-large size-large wp-image-2757\" alt=\"\" srcset=\"https:\/\/www.arnaudom.fr\/wordpress\/wp-content\/uploads\/2019\/08\/eqtooth.png 335w, https:\/\/www.arnaudom.fr\/wordpress\/wp-content\/uploads\/2019\/08\/eqtooth-300x187.png 300w\" sizes=\"auto, (max-width: 335px) 100vw, 335px\" \/>\t\t\t\t\t\t\t\t\t\t\t\t\t\t<\/div>\n\t\t\t\t\t\t<\/div>\n\t\t\t\t<\/div>\n\t\t\t\t<div class=\"elementor-element elementor-element-253213e elementor-widget elementor-widget-text-editor\" data-id=\"253213e\" data-element_type=\"widget\" data-widget_type=\"text-editor.default\">\n\t\t\t\t<div class=\"elementor-widget-container\">\n\t\t\t\t\t\t\t\t<div class=\"elementor-text-editor elementor-clearfix\">\n\t\t\t\t<p>Ceci peut para\u00eetre un gadget pour qui fait seulement du visuel, mais quand on pratique l&rsquo;astrophotographie en itin\u00e9rant, le nombre de fils \u00e0 brancher devient vite tr\u00e8s important ! Dans mon cas, il me faut brancher 3 c\u00e2bles d&rsquo;alimentation (monture, PC, APN), 4 c\u00e2bles USB (c\u00e2ble EQMOD, liaison APN-PC, c\u00e2ble longue pose pour le 350D, liaison cam\u00e9ra de guidage-PC) auxquels s&rsquo;ajoute encore le c\u00e2ble de liaison entre la cam\u00e9ra et le port ST4 de la monture et enfin le joystick pour le pilotage d&rsquo;EQMOD<img decoding=\"async\" src=\"http:\/\/www.arnaudom.fr\/Img\/smpleure.gif\" alt=\"clin d'oeil\" \/>!<\/p><p>Autant dire qu&rsquo;apr\u00e8s quelques temps de pratique, toute solution qui permet de supprimer quelques fils \u00e0 brancher est la bienvenue ! L&rsquo;interface se pr\u00e9sente sous forme d&rsquo;un tout petit bo\u00eetier qui se scratche sur la monture et qui se branche \u00e0 la prise \u00e0 la place de la raquette, et d&rsquo;un dongle USB-Bluethooth (en option) \u00e0 brancher \u00e0 un port USB de l&rsquo;ordinateur. En quelques minutes, l&rsquo;installation est termin\u00e9e, et tout fonctionne parfaitement !<\/p><p>Du coup j&rsquo;en ai profit\u00e9 pour investir \u00e9galement dans une petite manette de jeu sans fil, ce qui me permet donc l&rsquo;\u00e9conomie de deux fils \u00e0 brancher (pas n\u00e9gligeable quand on installe tout au milieu d&rsquo;un champ dans la nuit et le froid <img decoding=\"async\" src=\"http:\/\/www.arnaudom.fr\/Img\/smclin.gif\" alt=\"clin d'oeil\" \/>&#8230; ), limite les risques d&rsquo;arrachement de fils et permet \u00e9galement d&rsquo;\u00eatre plus libre de ses mouvements car on peut circuler autour du t\u00e9l\u00e9scope sans \u00eatre limit\u00e9 par le fil du joystick (la manette de jeu reste dans la poche).<\/p>\t\t\t\t\t<\/div>\n\t\t\t\t\t\t<\/div>\n\t\t\t\t<\/div>\n\t\t\t\t<div class=\"elementor-element elementor-element-631f428 elementor-widget elementor-widget-image\" data-id=\"631f428\" data-element_type=\"widget\" data-widget_type=\"image.default\">\n\t\t\t\t<div class=\"elementor-widget-container\">\n\t\t\t\t\t\t\t\t<div class=\"elementor-image\">\n\t\t\t\t\t\t\t\t\t\t\t\t<img loading=\"lazy\" decoding=\"async\" width=\"300\" height=\"300\" src=\"https:\/\/www.arnaudom.fr\/wordpress\/wp-content\/uploads\/2019\/08\/manettesansfil.jpg\" class=\"attachment-large size-large wp-image-2758\" alt=\"\" srcset=\"https:\/\/www.arnaudom.fr\/wordpress\/wp-content\/uploads\/2019\/08\/manettesansfil.jpg 300w, https:\/\/www.arnaudom.fr\/wordpress\/wp-content\/uploads\/2019\/08\/manettesansfil-150x150.jpg 150w\" sizes=\"auto, (max-width: 300px) 100vw, 300px\" \/>\t\t\t\t\t\t\t\t\t\t\t\t\t\t<\/div>\n\t\t\t\t\t\t<\/div>\n\t\t\t\t<\/div>\n\t\t\t\t<div class=\"elementor-element elementor-element-e81f0e2 elementor-widget elementor-widget-text-editor\" data-id=\"e81f0e2\" data-element_type=\"widget\" data-widget_type=\"text-editor.default\">\n\t\t\t\t<div class=\"elementor-widget-container\">\n\t\t\t\t\t\t\t\t<div class=\"elementor-text-editor elementor-clearfix\">\n\t\t\t\t<p>En astronomie amateur, tout ce qui peut faire gagner en confort et en pratique est toujours important, ceux qui pratiquent assid\u00fbment voient parfaitement de quoi je parle !<\/p>\t\t\t\t\t<\/div>\n\t\t\t\t\t\t<\/div>\n\t\t\t\t<\/div>\n\t\t\t\t\t\t<\/div>\n\t\t\t\t\t<\/div>\n\t\t<\/div>\n\t\t\t\t\t\t\t\t<\/div>\n\t\t\t\t\t<\/div>\n\t\t<\/section>\n\t\t\t\t\t\t\t\t\t<\/div>\n\t\t\t<\/div>\n\t\t\t\t\t<\/div>\n\t\t","protected":false},"excerpt":{"rendered":"<p>EQMOD sans fil Ecrit le 28\/02\/14. Le site Pierre-Astro propose depuis plusieurs mois maintenant l&rsquo;interface EQTooth qui permet de piloter une monture (EQ6, HEQ5, NEQ5 ou NEQ3) par l&rsquo;interm\u00e9daire d&rsquo;EQMOD sans fil. Ceci peut para\u00eetre un gadget pour qui fait seulement du visuel, mais quand on pratique l&rsquo;astrophotographie en itin\u00e9rant, le nombre de fils \u00e0 &hellip;<\/p>\n<p class=\"read-more\"> <a class=\"\" href=\"https:\/\/www.arnaudom.fr\/wordpress\/eqmodsfil\/\"> <span class=\"screen-reader-text\">eqmodsfil<\/span> Lire la suite\u00a0\u00bb<\/a><\/p>\n","protected":false},"author":1,"featured_media":0,"parent":0,"menu_order":0,"comment_status":"closed","ping_status":"closed","template":"","meta":{"site-sidebar-layout":"default","site-content-layout":"default","ast-site-content-layout":"","site-content-style":"default","site-sidebar-style":"default","ast-global-header-display":"","ast-banner-title-visibility":"","ast-main-header-display":"","ast-hfb-above-header-display":"","ast-hfb-below-header-display":"","ast-hfb-mobile-header-display":"","site-post-title":"disabled","ast-breadcrumbs-content":"","ast-featured-img":"","footer-sml-layout":"","theme-transparent-header-meta":"default","adv-header-id-meta":"","stick-header-meta":"","header-above-stick-meta":"","header-main-stick-meta":"","header-below-stick-meta":"","astra-migrate-meta-layouts":"","ast-page-background-enabled":"default","ast-page-background-meta":{"desktop":{"background-color":"","background-image":"","background-repeat":"repeat","background-position":"center center","background-size":"auto","background-attachment":"scroll","background-type":"","background-media":"","overlay-type":"","overlay-color":"","overlay-gradient":""},"tablet":{"background-color":"","background-image":"","background-repeat":"repeat","background-position":"center center","background-size":"auto","background-attachment":"scroll","background-type":"","background-media":"","overlay-type":"","overlay-color":"","overlay-gradient":""},"mobile":{"background-color":"","background-image":"","background-repeat":"repeat","background-position":"center center","background-size":"auto","background-attachment":"scroll","background-type":"","background-media":"","overlay-type":"","overlay-color":"","overlay-gradient":""}},"ast-content-background-meta":{"desktop":{"background-color":"var(--ast-global-color-5)","background-image":"","background-repeat":"repeat","background-position":"center center","background-size":"auto","background-attachment":"scroll","background-type":"","background-media":"","overlay-type":"","overlay-color":"","overlay-gradient":""},"tablet":{"background-color":"var(--ast-global-color-5)","background-image":"","background-repeat":"repeat","background-position":"center center","background-size":"auto","background-attachment":"scroll","background-type":"","background-media":"","overlay-type":"","overlay-color":"","overlay-gradient":""},"mobile":{"background-color":"var(--ast-global-color-5)","background-image":"","background-repeat":"repeat","background-position":"center center","background-size":"auto","background-attachment":"scroll","background-type":"","background-media":"","overlay-type":"","overlay-color":"","overlay-gradient":""}},"footnotes":""},"class_list":["post-2755","page","type-page","status-publish","hentry"],"_links":{"self":[{"href":"https:\/\/www.arnaudom.fr\/wordpress\/wp-json\/wp\/v2\/pages\/2755","targetHints":{"allow":["GET"]}}],"collection":[{"href":"https:\/\/www.arnaudom.fr\/wordpress\/wp-json\/wp\/v2\/pages"}],"about":[{"href":"https:\/\/www.arnaudom.fr\/wordpress\/wp-json\/wp\/v2\/types\/page"}],"author":[{"embeddable":true,"href":"https:\/\/www.arnaudom.fr\/wordpress\/wp-json\/wp\/v2\/users\/1"}],"replies":[{"embeddable":true,"href":"https:\/\/www.arnaudom.fr\/wordpress\/wp-json\/wp\/v2\/comments?post=2755"}],"version-history":[{"count":6,"href":"https:\/\/www.arnaudom.fr\/wordpress\/wp-json\/wp\/v2\/pages\/2755\/revisions"}],"predecessor-version":[{"id":4886,"href":"https:\/\/www.arnaudom.fr\/wordpress\/wp-json\/wp\/v2\/pages\/2755\/revisions\/4886"}],"wp:attachment":[{"href":"https:\/\/www.arnaudom.fr\/wordpress\/wp-json\/wp\/v2\/media?parent=2755"}],"curies":[{"name":"wp","href":"https:\/\/api.w.org\/{rel}","templated":true}]}}