{"id":2648,"date":"2019-08-09T09:24:49","date_gmt":"2019-08-09T07:24:49","guid":{"rendered":"http:\/\/www.arnaudom.fr\/wordpress\/?page_id=2648"},"modified":"2021-02-17T08:47:52","modified_gmt":"2021-02-17T07:47:52","slug":"eq6goto","status":"publish","type":"page","link":"https:\/\/www.arnaudom.fr\/wordpress\/eq6goto\/","title":{"rendered":"eq6goto"},"content":{"rendered":"\t\t<div data-elementor-type=\"wp-post\" data-elementor-id=\"2648\" class=\"elementor elementor-2648\">\n\t\t\t\t\t\t<div class=\"elementor-inner\">\n\t\t\t\t<div class=\"elementor-section-wrap\">\n\t\t\t\t\t\t\t\t\t<section class=\"elementor-section elementor-top-section elementor-element elementor-element-761c9140 elementor-section-full_width elementor-section-height-default elementor-section-height-default\" data-id=\"761c9140\" data-element_type=\"section\" data-settings=\"{&quot;background_background&quot;:&quot;classic&quot;}\">\n\t\t\t\t\t\t<div class=\"elementor-container elementor-column-gap-default\">\n\t\t\t\t\t\t\t<div class=\"elementor-row\">\n\t\t\t\t\t<div class=\"elementor-column elementor-col-100 elementor-top-column elementor-element elementor-element-122b8897\" data-id=\"122b8897\" data-element_type=\"column\" data-settings=\"{&quot;background_background&quot;:&quot;classic&quot;}\">\n\t\t\t<div class=\"elementor-column-wrap elementor-element-populated\">\n\t\t\t\t\t\t\t<div class=\"elementor-widget-wrap\">\n\t\t\t\t\t\t<div class=\"elementor-element elementor-element-4928b1eb elementor-widget elementor-widget-heading\" data-id=\"4928b1eb\" data-element_type=\"widget\" data-widget_type=\"heading.default\">\n\t\t\t\t<div class=\"elementor-widget-container\">\n\t\t\t<h1 class=\"elementor-heading-title elementor-size-default\">Initialisation du Goto<\/h1>\t\t<\/div>\n\t\t\t\t<\/div>\n\t\t\t\t<div class=\"elementor-element elementor-element-5addcb8 elementor-widget elementor-widget-text-editor\" data-id=\"5addcb8\" data-element_type=\"widget\" data-widget_type=\"text-editor.default\">\n\t\t\t\t<div class=\"elementor-widget-container\">\n\t\t\t\t\t\t\t\t<div class=\"elementor-text-editor elementor-clearfix\">\n\t\t\t\t<p><em>Ecrit le 28\/05\/12.<\/em><\/p>\t\t\t\t\t<\/div>\n\t\t\t\t\t\t<\/div>\n\t\t\t\t<\/div>\n\t\t\t\t<div class=\"elementor-element elementor-element-5da09f7c elementor-widget elementor-widget-heading\" data-id=\"5da09f7c\" data-element_type=\"widget\" data-widget_type=\"heading.default\">\n\t\t\t\t<div class=\"elementor-widget-container\">\n\t\t\t<h2 class=\"elementor-heading-title elementor-size-default\">Pr\u00e9liminaires :<\/h2>\t\t<\/div>\n\t\t\t\t<\/div>\n\t\t\t\t<div class=\"elementor-element elementor-element-22257c7e elementor-widget elementor-widget-text-editor\" data-id=\"22257c7e\" data-element_type=\"widget\" data-widget_type=\"text-editor.default\">\n\t\t\t\t<div class=\"elementor-widget-container\">\n\t\t\t\t\t\t\t\t<div class=\"elementor-text-editor elementor-clearfix\">\n\t\t\t\t<p>une fois la raquette param\u00e9tr\u00e9e correctement (voir la page <a href=\"http:\/\/www.arnaudom.fr\/wordpress\/eq6mer\/\">Mise en route d&rsquo;une monture EQ6 Goto<\/a>), elle vous propose, \u00e0 l&rsquo;aide du message <strong><span class=\"gras\">Begin alignment ?<\/span><\/strong>, de lancer la proc\u00e9dure d&rsquo;alignement du Goto.<\/p>\t\t\t\t\t<\/div>\n\t\t\t\t\t\t<\/div>\n\t\t\t\t<\/div>\n\t\t\t\t<div class=\"elementor-element elementor-element-a73d0bf elementor-widget elementor-widget-image\" data-id=\"a73d0bf\" data-element_type=\"widget\" data-widget_type=\"image.default\">\n\t\t\t\t<div class=\"elementor-widget-container\">\n\t\t\t\t\t\t\t\t<div class=\"elementor-image\">\n\t\t\t\t\t\t\t\t\t\t\t\t<img loading=\"lazy\" decoding=\"async\" width=\"251\" height=\"200\" src=\"https:\/\/www.arnaudom.fr\/wordpress\/wp-content\/uploads\/2019\/08\/eq614.jpg\" class=\"attachment-large size-large wp-image-2624\" alt=\"\" \/>\t\t\t\t\t\t\t\t\t\t\t\t\t\t<\/div>\n\t\t\t\t\t\t<\/div>\n\t\t\t\t<\/div>\n\t\t\t\t<div class=\"elementor-element elementor-element-b174d02 elementor-widget elementor-widget-text-editor\" data-id=\"b174d02\" data-element_type=\"widget\" data-widget_type=\"text-editor.default\">\n\t\t\t\t<div class=\"elementor-widget-container\">\n\t\t\t\t\t\t\t\t<div class=\"elementor-text-editor elementor-clearfix\">\n\t\t\t\t<p>Il existe 3 proc\u00e9dures d&rsquo;alignement (sur 1, 2 ou 3 \u00e9toiles) qui fonctionnent toutes sur le m\u00eame principe, il est \u00e0 noter que la m\u00e9thode avec 3 \u00e9toiles (<span class=\"gras\">\u00ab\u00a0<strong>3-Star alignment<\/strong>\u00ab\u00a0<\/span>) est celle qui est recommand\u00e9e par la notice pour obtenir la pr\u00e9cision la plus grande (notamment si on a l&rsquo;intention de se promener aux quatre coins du ciel &#8230;<img decoding=\"async\" src=\"http:\/\/www.arnaudom.fr\/Img\/smclin.gif\" alt=\"clin d'oeil\" \/> ).<\/p><p>Cependant si l&rsquo;on souhaite simplement faire une s\u00e9ance de photographie, on peut se contenter de faire l&rsquo;alignement sur une \u00e9toile proche de l&rsquo;objet choisi sachant qu&rsquo;on va juste se servir du Goto pour pointer le dit objet et ne plus en bouger ensuite&#8230;<\/p><p>Enfin la proc\u00e9dure d&rsquo;alignement sur 3 \u00e9toiles semble permettre de compenser des erreurs de mise en station, cependant je vous recommande malgr\u00e9 tout de faire la meilleure mise en station possible (voir \u00e0 ce sujet la page <a href=\"http:\/\/www.arnaudom.fr\/wordpress\/eq6mes\/\">Mise en station \u00e0 l&rsquo;aide de la raquette<\/a>) ce qui normalement vous garantira la r\u00e9ussite de votre alignement de mani\u00e8re certaine.<\/p>\t\t\t\t\t<\/div>\n\t\t\t\t\t\t<\/div>\n\t\t\t\t<\/div>\n\t\t\t\t<div class=\"elementor-element elementor-element-a2eb257 elementor-widget elementor-widget-heading\" data-id=\"a2eb257\" data-element_type=\"widget\" data-widget_type=\"heading.default\">\n\t\t\t\t<div class=\"elementor-widget-container\">\n\t\t\t<h2 class=\"elementor-heading-title elementor-size-default\">Proc\u00e9dure d'alignement :<\/h2>\t\t<\/div>\n\t\t\t\t<\/div>\n\t\t\t\t<div class=\"elementor-element elementor-element-20eed7a elementor-widget elementor-widget-text-editor\" data-id=\"20eed7a\" data-element_type=\"widget\" data-widget_type=\"text-editor.default\">\n\t\t\t\t<div class=\"elementor-widget-container\">\n\t\t\t\t\t\t\t\t<div class=\"elementor-text-editor elementor-clearfix\">\n\t\t\t\t<p>1. Tout d&rsquo;abord on r\u00e9pond <strong><span class=\"gras\">Yes<\/span><\/strong> \u00e0 la question <strong><span class=\"gras\">Begin alignment ?<\/span><\/strong> en appuyant sur la touche <strong><span class=\"gras\">1<\/span><\/strong>, puis la raquette affiche le nom d&rsquo;une premi\u00e8re \u00e9toile. Il s&rsquo;agit normalement d&rsquo;une \u00e9toile bien connue, et visible sans probl\u00e8me \u00e0 l&rsquo;oeil nu \u00e0 la date de l&rsquo;observation (par exemple, pour avoir fait un alignement il y a quelques jours, la raquette a s\u00e9lectionn\u00e9 pour cela V\u00e9ga, Arcturus et Pollux).<\/p>\t\t\t\t\t<\/div>\n\t\t\t\t\t\t<\/div>\n\t\t\t\t<\/div>\n\t\t\t\t<div class=\"elementor-element elementor-element-6b114a6 elementor-widget elementor-widget-image\" data-id=\"6b114a6\" data-element_type=\"widget\" data-widget_type=\"image.default\">\n\t\t\t\t<div class=\"elementor-widget-container\">\n\t\t\t\t\t\t\t\t<div class=\"elementor-image\">\n\t\t\t\t\t\t\t\t\t\t\t\t<img loading=\"lazy\" decoding=\"async\" width=\"250\" height=\"208\" src=\"https:\/\/www.arnaudom.fr\/wordpress\/wp-content\/uploads\/2019\/08\/eq620.jpg\" class=\"attachment-large size-large wp-image-2630\" alt=\"\" \/>\t\t\t\t\t\t\t\t\t\t\t\t\t\t<\/div>\n\t\t\t\t\t\t<\/div>\n\t\t\t\t<\/div>\n\t\t\t\t<div class=\"elementor-element elementor-element-3d2cbcc elementor-widget elementor-widget-text-editor\" data-id=\"3d2cbcc\" data-element_type=\"widget\" data-widget_type=\"text-editor.default\">\n\t\t\t\t<div class=\"elementor-widget-container\">\n\t\t\t\t\t\t\t\t<div class=\"elementor-text-editor elementor-clearfix\">\n\t\t\t\t<p><strong><span class=\"gras\">Premi\u00e8re remarque :<\/span><\/strong> la raquette choisit une liste d&rsquo;\u00e9toiles et affiche leur nom propre. Ce qui veut dire que, bien que certains disent que l&rsquo;utilisation du Goto dispense de l&rsquo;apprentissage des constellations, il est n\u00e9cessaire d&rsquo;avoir tout de m\u00eame une connaissance basique des principales \u00e9toiles du ciel si on veut savoir o\u00f9 elles se trouvent..<\/p><p><strong><span class=\"gras\">Seconde remarque :<\/span><\/strong> il se peut que l&rsquo;\u00e9toile choisie par la raquette ne soit pas visible au moment de l&rsquo;alignement (parce qu&rsquo;elle est cach\u00e9e par un b\u00e2timent, une montagne, un arbre par exemple &#8230;). Dans ce cas-l\u00e0 on peut, \u00e0 l&rsquo;aide des fl\u00e8ches de d\u00e9filement, faire afficher une autre \u00e9toile.<\/p><p><strong><span class=\"gras\">Troisi\u00e8me remarque :<\/span><\/strong> il m&rsquo;est arriv\u00e9 (notamment l&rsquo;automne, qui est la saison durant laquelle je me suis aper\u00e7u que j&rsquo;observais le moins dans l&rsquo;ann\u00e9e, je ne sais pas pourquoi ?&#8230;) de ne pas conna\u00eetre le nom de certaines \u00e9toiles affich\u00e9es. Je me suis imprim\u00e9 alors (\u00e0 l&rsquo;aide d&rsquo;un logiciel de plan\u00e9tarium quelconque) les principales constellations de la saison avec le nom propre de chaque \u00e9toile affich\u00e9e \u00e0 c\u00f4t\u00e9, ce qui m&rsquo;a rendu plusieurs fois service pour l&rsquo;alignement du Goto.<\/p><p>2. Une fois choisie l&rsquo;\u00e9toile, on appuie sur <strong><span class=\"gras\">Enter<\/span><\/strong> et la monture se met alors en route (\u00ab\u00a0<span class=\"gras\"><strong>Slewing&#8230;\u00a0\u00bb<\/strong><\/span>) en direction de l&rsquo;astre en question.<\/p>\t\t\t\t\t<\/div>\n\t\t\t\t\t\t<\/div>\n\t\t\t\t<\/div>\n\t\t\t\t<div class=\"elementor-element elementor-element-207e7ff elementor-widget elementor-widget-image\" data-id=\"207e7ff\" data-element_type=\"widget\" data-widget_type=\"image.default\">\n\t\t\t\t<div class=\"elementor-widget-container\">\n\t\t\t\t\t\t\t\t<div class=\"elementor-image\">\n\t\t\t\t\t\t\t\t\t\t\t\t<img loading=\"lazy\" decoding=\"async\" width=\"250\" height=\"210\" src=\"https:\/\/www.arnaudom.fr\/wordpress\/wp-content\/uploads\/2019\/08\/eq621.jpg\" class=\"attachment-large size-large wp-image-2631\" alt=\"\" \/>\t\t\t\t\t\t\t\t\t\t\t\t\t\t<\/div>\n\t\t\t\t\t\t<\/div>\n\t\t\t\t<\/div>\n\t\t\t\t<div class=\"elementor-element elementor-element-bd9652b elementor-widget elementor-widget-text-editor\" data-id=\"bd9652b\" data-element_type=\"widget\" data-widget_type=\"text-editor.default\">\n\t\t\t\t<div class=\"elementor-widget-container\">\n\t\t\t\t\t\t\t\t<div class=\"elementor-text-editor elementor-clearfix\">\n\t\t\t\t<p>Il se peut que le t\u00e9lescope vise relativement loin de l&rsquo;\u00e9toile, c&rsquo;est normal&#8230; En g\u00e9n\u00e9ral pour moi, la premi\u00e8re \u00e9toile n&rsquo;est m\u00eame pas dans le champ du chercheur. On utilise alors les fl\u00e8ches de direction de la raquette pour centrer l&rsquo;\u00e9toile dans le chercheur, puis ensuite la centrer dans l&rsquo;oculaire.<\/p>\t\t\t\t\t<\/div>\n\t\t\t\t\t\t<\/div>\n\t\t\t\t<\/div>\n\t\t\t\t<div class=\"elementor-element elementor-element-5396b9a elementor-widget elementor-widget-image\" data-id=\"5396b9a\" data-element_type=\"widget\" data-widget_type=\"image.default\">\n\t\t\t\t<div class=\"elementor-widget-container\">\n\t\t\t\t\t\t\t\t<div class=\"elementor-image\">\n\t\t\t\t\t\t\t\t\t\t\t\t<img loading=\"lazy\" decoding=\"async\" width=\"250\" height=\"221\" src=\"https:\/\/www.arnaudom.fr\/wordpress\/wp-content\/uploads\/2019\/08\/eq622.jpg\" class=\"attachment-large size-large wp-image-2632\" alt=\"\" \/>\t\t\t\t\t\t\t\t\t\t\t\t\t\t<\/div>\n\t\t\t\t\t\t<\/div>\n\t\t\t\t<\/div>\n\t\t\t\t<div class=\"elementor-element elementor-element-d1c7aa8 elementor-widget elementor-widget-text-editor\" data-id=\"d1c7aa8\" data-element_type=\"widget\" data-widget_type=\"text-editor.default\">\n\t\t\t\t<div class=\"elementor-widget-container\">\n\t\t\t\t\t\t\t\t<div class=\"elementor-text-editor elementor-clearfix\">\n\t\t\t\t<p>Pour faire cela rapidement, il est conseill\u00e9 de changer la vitesse de d\u00e9placement de la monture (en utilisant la touche <strong><span class=\"gras\">Rate<\/span><\/strong>) pour la remplacer par une vitesse plus rapide (genre <strong><span class=\"gras\">Rate 6<\/span><\/strong> par exemple).<\/p><p><strong><span class=\"gras\">Remarque :<\/span><\/strong> pour faire un centrage le plus pr\u00e9cis possible, j&rsquo;utilise d&rsquo;abord un oculaire grand champ, je centre l&rsquo;\u00e9toile puis \u00e9ventuellement je le remplace par un oculaire avec un champ beaucoup plus r\u00e9duit (genre un Pl\u00f6ssl 10 mm \u00e0 25 \u20ac qui ressemble \u00e0 un trou de serrure&#8230;<img decoding=\"async\" src=\"http:\/\/www.arnaudom.fr\/Img\/smrire.gif\" alt=\"clin d'oeil\" \/> ) ce qui permet de centrer encore mieux l&rsquo;\u00e9toile.<\/p><p>3. Le centrage de l&rsquo;\u00e9toile \u00e9tant effectu\u00e9, on appuie sur <strong><span class=\"gras\">Enter<\/span><\/strong> et la raquette propose alors une seconde \u00e9toile. On refait donc la m\u00eame chose : on appuie sur <strong><span class=\"gras\">Enter<\/span><\/strong>, la monture pivote en direction de cette seconde \u00e9toile, normalement la pr\u00e9cision du pointage est d\u00e9j\u00e0 bien meilleure que pour la premi\u00e8re \u00e9toile (souvent cette seconde \u00e9toile se retrouve dans le champ de l&rsquo;oculaire grand champ), on la centre bien dans l&rsquo;oculaire et on appuie sur <strong><span class=\"gras\">Enter<\/span><\/strong>.<\/p><p>4. On refait une derni\u00e8re fois la m\u00eame chose avec une troisi\u00e8me \u00e9toile que l&rsquo;on centre de la m\u00eame mani\u00e8re et, une fois ceci fait, on doit voir s&rsquo;afficher le message <strong><span class=\"gras\">Alignment Successful<\/span><\/strong> : le Goto est param\u00e9tr\u00e9 correctement.<\/p>\t\t\t\t\t<\/div>\n\t\t\t\t\t\t<\/div>\n\t\t\t\t<\/div>\n\t\t\t\t<div class=\"elementor-element elementor-element-0565cf7 elementor-widget elementor-widget-image\" data-id=\"0565cf7\" data-element_type=\"widget\" data-widget_type=\"image.default\">\n\t\t\t\t<div class=\"elementor-widget-container\">\n\t\t\t\t\t\t\t\t<div class=\"elementor-image\">\n\t\t\t\t\t\t\t\t\t\t\t\t<img loading=\"lazy\" decoding=\"async\" width=\"250\" height=\"219\" src=\"https:\/\/www.arnaudom.fr\/wordpress\/wp-content\/uploads\/2019\/08\/eq623.jpg\" class=\"attachment-large size-large wp-image-2633\" alt=\"\" \/>\t\t\t\t\t\t\t\t\t\t\t\t\t\t<\/div>\n\t\t\t\t\t\t<\/div>\n\t\t\t\t<\/div>\n\t\t\t\t<div class=\"elementor-element elementor-element-2617771 elementor-widget elementor-widget-text-editor\" data-id=\"2617771\" data-element_type=\"widget\" data-widget_type=\"text-editor.default\">\n\t\t\t\t<div class=\"elementor-widget-container\">\n\t\t\t\t\t\t\t\t<div class=\"elementor-text-editor elementor-clearfix\">\n\t\t\t\t<p>On peut maintenant partir en ballade dans la voute \u00e9toil\u00e9e, normalement avec un oculaire grand champ n&rsquo;importe quel objet s\u00e9lectionn\u00e9 se retrouve dans le champ sans trop de souci.<\/p>\t\t\t\t\t<\/div>\n\t\t\t\t\t\t<\/div>\n\t\t\t\t<\/div>\n\t\t\t\t<div class=\"elementor-element elementor-element-9b9f0c2 elementor-widget elementor-widget-heading\" data-id=\"9b9f0c2\" data-element_type=\"widget\" data-widget_type=\"heading.default\">\n\t\t\t\t<div class=\"elementor-widget-container\">\n\t\t\t<h2 class=\"elementor-heading-title elementor-size-default\">Que faire en cas d'\u00e9chec :<\/h2>\t\t<\/div>\n\t\t\t\t<\/div>\n\t\t\t\t<div class=\"elementor-element elementor-element-92aeb80 elementor-widget elementor-widget-text-editor\" data-id=\"92aeb80\" data-element_type=\"widget\" data-widget_type=\"text-editor.default\">\n\t\t\t\t<div class=\"elementor-widget-container\">\n\t\t\t\t\t\t\t\t<div class=\"elementor-text-editor elementor-clearfix\">\n\t\t\t\t<p>Si la proc\u00e9dure d&rsquo;alignement a \u00e9chou\u00e9, voici ce qu&rsquo;on peut faire :<\/p><p>&#8211; d&rsquo;abord \u00e9ventuellement refaire ou am\u00e9liorer la mise en station de la monture. Ce point ne semble pas critique, mais personnellement je pense que plus la mise en station sera bonne, et plus la proc\u00e9dure aura des chances de fonctionner !<\/p><p>&#8211; v\u00e9rifier qu&rsquo;on pointe bien la bonne \u00e9toile <img decoding=\"async\" src=\"http:\/\/www.arnaudom.fr\/Img\/smclin.gif\" alt=\"clin d'oeil\" \/> ! Il m&rsquo;est arriv\u00e9 de confondre deux \u00e9toiles de la Grande Ourse, et donc si on pointe la mauvaise \u00e9toile en pensant que c&rsquo;est celle qui est affich\u00e9e sur la raquette, il y a peu de chance que cela fonctionne ! Ce genre d&rsquo;erreur risque surtout d&rsquo;arriver lors du pointage de la premi\u00e8re \u00e9toile, car c&rsquo;est \u00e0 ce moment-l\u00e0 que la pr\u00e9cision du Goto est moindre &#8230; L&rsquo;id\u00e9e d&rsquo;avoir \u00e0 port\u00e9e de main une petite carte des constellations visibles avec le nom propre des \u00e9toiles affich\u00e9 dessus peut vous rendre un fier service &#8230;<\/p><p>&#8211; enfin, bien prendre soin de centrer le mieux possible l&rsquo;\u00e9toile dans l&rsquo;oculaire.<\/p><p>En fait, je n&rsquo;ai jamais eu de gros souci chaque fois que j&rsquo;ai proc\u00e9d\u00e9 \u00e0 l&rsquo;alignement du Goto (mis \u00e0 part effectivement quand il m&rsquo;est arriv\u00e9 de confondre des \u00e9toiles entre elles&#8230;), la plupart du temps le syst\u00e8me fonctionne tr\u00e8s bien et l&rsquo;alignement r\u00e9ussit quasiment \u00e0 chaque fois. Apr\u00e8s, c&rsquo;est parti pour une soir\u00e9e de promenade dans les \u00e9toiles !<\/p>\t\t\t\t\t<\/div>\n\t\t\t\t\t\t<\/div>\n\t\t\t\t<\/div>\n\t\t\t\t\t\t<\/div>\n\t\t\t\t\t<\/div>\n\t\t<\/div>\n\t\t\t\t\t\t\t\t<\/div>\n\t\t\t\t\t<\/div>\n\t\t<\/section>\n\t\t\t\t\t\t\t\t\t<\/div>\n\t\t\t<\/div>\n\t\t\t\t\t<\/div>\n\t\t","protected":false},"excerpt":{"rendered":"<p>Initialisation du Goto Ecrit le 28\/05\/12. Pr\u00e9liminaires : une fois la raquette param\u00e9tr\u00e9e correctement (voir la page Mise en route d&rsquo;une monture EQ6 Goto), elle vous propose, \u00e0 l&rsquo;aide du message Begin alignment ?, de lancer la proc\u00e9dure d&rsquo;alignement du Goto. Il existe 3 proc\u00e9dures d&rsquo;alignement (sur 1, 2 ou 3 \u00e9toiles) qui fonctionnent toutes &hellip;<\/p>\n<p class=\"read-more\"> <a class=\"\" href=\"https:\/\/www.arnaudom.fr\/wordpress\/eq6goto\/\"> <span class=\"screen-reader-text\">eq6goto<\/span> Lire la suite\u00a0\u00bb<\/a><\/p>\n","protected":false},"author":1,"featured_media":0,"parent":0,"menu_order":0,"comment_status":"closed","ping_status":"closed","template":"","meta":{"site-sidebar-layout":"default","site-content-layout":"default","ast-site-content-layout":"","site-content-style":"default","site-sidebar-style":"default","ast-global-header-display":"","ast-banner-title-visibility":"","ast-main-header-display":"","ast-hfb-above-header-display":"","ast-hfb-below-header-display":"","ast-hfb-mobile-header-display":"","site-post-title":"disabled","ast-breadcrumbs-content":"","ast-featured-img":"","footer-sml-layout":"","theme-transparent-header-meta":"default","adv-header-id-meta":"","stick-header-meta":"","header-above-stick-meta":"","header-main-stick-meta":"","header-below-stick-meta":"","astra-migrate-meta-layouts":"","ast-page-background-enabled":"default","ast-page-background-meta":{"desktop":{"background-color":"","background-image":"","background-repeat":"repeat","background-position":"center center","background-size":"auto","background-attachment":"scroll","background-type":"","background-media":"","overlay-type":"","overlay-color":"","overlay-gradient":""},"tablet":{"background-color":"","background-image":"","background-repeat":"repeat","background-position":"center center","background-size":"auto","background-attachment":"scroll","background-type":"","background-media":"","overlay-type":"","overlay-color":"","overlay-gradient":""},"mobile":{"background-color":"","background-image":"","background-repeat":"repeat","background-position":"center center","background-size":"auto","background-attachment":"scroll","background-type":"","background-media":"","overlay-type":"","overlay-color":"","overlay-gradient":""}},"ast-content-background-meta":{"desktop":{"background-color":"var(--ast-global-color-5)","background-image":"","background-repeat":"repeat","background-position":"center center","background-size":"auto","background-attachment":"scroll","background-type":"","background-media":"","overlay-type":"","overlay-color":"","overlay-gradient":""},"tablet":{"background-color":"var(--ast-global-color-5)","background-image":"","background-repeat":"repeat","background-position":"center center","background-size":"auto","background-attachment":"scroll","background-type":"","background-media":"","overlay-type":"","overlay-color":"","overlay-gradient":""},"mobile":{"background-color":"var(--ast-global-color-5)","background-image":"","background-repeat":"repeat","background-position":"center center","background-size":"auto","background-attachment":"scroll","background-type":"","background-media":"","overlay-type":"","overlay-color":"","overlay-gradient":""}},"footnotes":""},"class_list":["post-2648","page","type-page","status-publish","hentry"],"_links":{"self":[{"href":"https:\/\/www.arnaudom.fr\/wordpress\/wp-json\/wp\/v2\/pages\/2648","targetHints":{"allow":["GET"]}}],"collection":[{"href":"https:\/\/www.arnaudom.fr\/wordpress\/wp-json\/wp\/v2\/pages"}],"about":[{"href":"https:\/\/www.arnaudom.fr\/wordpress\/wp-json\/wp\/v2\/types\/page"}],"author":[{"embeddable":true,"href":"https:\/\/www.arnaudom.fr\/wordpress\/wp-json\/wp\/v2\/users\/1"}],"replies":[{"embeddable":true,"href":"https:\/\/www.arnaudom.fr\/wordpress\/wp-json\/wp\/v2\/comments?post=2648"}],"version-history":[{"count":9,"href":"https:\/\/www.arnaudom.fr\/wordpress\/wp-json\/wp\/v2\/pages\/2648\/revisions"}],"predecessor-version":[{"id":6920,"href":"https:\/\/www.arnaudom.fr\/wordpress\/wp-json\/wp\/v2\/pages\/2648\/revisions\/6920"}],"wp:attachment":[{"href":"https:\/\/www.arnaudom.fr\/wordpress\/wp-json\/wp\/v2\/media?parent=2648"}],"curies":[{"name":"wp","href":"https:\/\/api.w.org\/{rel}","templated":true}]}}