{"id":2642,"date":"2019-08-09T09:16:07","date_gmt":"2019-08-09T07:16:07","guid":{"rendered":"http:\/\/www.arnaudom.fr\/wordpress\/?page_id=2642"},"modified":"2021-05-25T11:17:34","modified_gmt":"2021-05-25T09:17:34","slug":"eq6mes","status":"publish","type":"page","link":"https:\/\/www.arnaudom.fr\/wordpress\/eq6mes\/","title":{"rendered":"eq6mes"},"content":{"rendered":"\t\t<div data-elementor-type=\"wp-post\" data-elementor-id=\"2642\" class=\"elementor elementor-2642\">\n\t\t\t\t\t\t<div class=\"elementor-inner\">\n\t\t\t\t<div class=\"elementor-section-wrap\">\n\t\t\t\t\t\t\t\t\t<section class=\"elementor-section elementor-top-section elementor-element elementor-element-77263ae6 elementor-section-full_width elementor-section-height-default elementor-section-height-default\" data-id=\"77263ae6\" data-element_type=\"section\" data-settings=\"{&quot;background_background&quot;:&quot;classic&quot;}\">\n\t\t\t\t\t\t<div class=\"elementor-container elementor-column-gap-default\">\n\t\t\t\t\t\t\t<div class=\"elementor-row\">\n\t\t\t\t\t<div class=\"elementor-column elementor-col-100 elementor-top-column elementor-element elementor-element-33b16238\" data-id=\"33b16238\" data-element_type=\"column\" data-settings=\"{&quot;background_background&quot;:&quot;classic&quot;}\">\n\t\t\t<div class=\"elementor-column-wrap elementor-element-populated\">\n\t\t\t\t\t\t\t<div class=\"elementor-widget-wrap\">\n\t\t\t\t\t\t<div class=\"elementor-element elementor-element-729e0cdc elementor-widget elementor-widget-heading\" data-id=\"729e0cdc\" data-element_type=\"widget\" data-widget_type=\"heading.default\">\n\t\t\t\t<div class=\"elementor-widget-container\">\n\t\t\t<h1 class=\"elementor-heading-title elementor-size-default\">Mise en station \u00e0 l'aide de la raquette<\/h1>\t\t<\/div>\n\t\t\t\t<\/div>\n\t\t\t\t<div class=\"elementor-element elementor-element-fd6602e elementor-widget elementor-widget-text-editor\" data-id=\"fd6602e\" data-element_type=\"widget\" data-widget_type=\"text-editor.default\">\n\t\t\t\t<div class=\"elementor-widget-container\">\n\t\t\t\t\t\t\t\t<div class=\"elementor-text-editor elementor-clearfix\">\n\t\t\t\t<p><em>Ecrit le 25\/03\/12.<\/em><\/p>\t\t\t\t\t<\/div>\n\t\t\t\t\t\t<\/div>\n\t\t\t\t<\/div>\n\t\t\t\t<div class=\"elementor-element elementor-element-7a20143 elementor-widget elementor-widget-heading\" data-id=\"7a20143\" data-element_type=\"widget\" data-widget_type=\"heading.default\">\n\t\t\t\t<div class=\"elementor-widget-container\">\n\t\t\t<h2 class=\"elementor-heading-title elementor-size-default\">Introduction :<\/h2>\t\t<\/div>\n\t\t\t\t<\/div>\n\t\t\t\t<div class=\"elementor-element elementor-element-3f18caa elementor-widget elementor-widget-text-editor\" data-id=\"3f18caa\" data-element_type=\"widget\" data-widget_type=\"text-editor.default\">\n\t\t\t\t<div class=\"elementor-widget-container\">\n\t\t\t\t\t\t\t\t<div class=\"elementor-text-editor elementor-clearfix\">\n\t\t\t\t<p>je vous livre ici ma m\u00e9thode pour mettre en station ma monture EQ6, m\u00e9thode qui n&rsquo;a absolument rien de r\u00e9volutionnaire et qui s&rsquo;inspire tout simplement des m\u00e9thodes ultra-classiques qui circulent sur le net. Donc ceux d&rsquo;entre vous qui savent mettre leur monture en station n&rsquo;apprendront rien de nouveau, tandis que les d\u00e9butants pourront trouver ici un r\u00e9sum\u00e9 rapide et pr\u00e9cis (j&rsquo;esp\u00e8re !) de la proc\u00e9dure.<\/p><p>Il est \u00e0 noter que pour une mise en station pr\u00e9cise, il faut s&rsquo;assurer que le viseur polaire est bien centr\u00e9&#8230; ce qui est rarement le cas \u00e0 l&rsquo;achat ! A ce sujet, je vous conseille de lire <a href=\"http:\/\/www.arnaudom.fr\/wordpress\/elementor-2415\/\">cette page<\/a> sur le r\u00e9glage du viseur polaire de la Sky View Pro. La proc\u00e9dure est la m\u00eame pour r\u00e9gler le viseur polaire de l&rsquo;EQ6 si cela devait s&rsquo;av\u00e9rer n\u00e9cessaire<\/p>\t\t\t\t\t<\/div>\n\t\t\t\t\t\t<\/div>\n\t\t\t\t<\/div>\n\t\t\t\t<div class=\"elementor-element elementor-element-db135a8 elementor-widget elementor-widget-heading\" data-id=\"db135a8\" data-element_type=\"widget\" data-widget_type=\"heading.default\">\n\t\t\t\t<div class=\"elementor-widget-container\">\n\t\t\t<h2 class=\"elementor-heading-title elementor-size-default\">Mise en station :<\/h2>\t\t<\/div>\n\t\t\t\t<\/div>\n\t\t\t\t<div class=\"elementor-element elementor-element-1dbe56d elementor-widget elementor-widget-text-editor\" data-id=\"1dbe56d\" data-element_type=\"widget\" data-widget_type=\"text-editor.default\">\n\t\t\t\t<div class=\"elementor-widget-container\">\n\t\t\t\t\t\t\t\t<div class=\"elementor-text-editor elementor-clearfix\">\n\t\t\t\t<p>1. On installe le tr\u00e9pied et la monture, en g\u00e9n\u00e9ral sans le telescope ni les contrepoids, en mettant l&rsquo;axe du viseur polaire face au nord. On d\u00e9gage l&rsquo;axe du viseur polaire en faisant pivoter l&rsquo;axe DEC de 90\u00b0 et aussi en s&rsquo;assurant que la barre de contrepoids est bien sortie&#8230; En effet, si \u00e7a n&rsquo;est pas le cas, elle bloque la vue dans le viseur ! (C&rsquo;est du v\u00e9cu !! <img decoding=\"async\" src=\"http:\/\/www.arnaudom.fr\/Img\/smrire.gif\" alt=\"clin d'oeil\" \/>).<\/p><p>2. On fait en sorte de voir l&rsquo;\u00e9toile polaire dans le viseur, de pr\u00e9f\u00e9rence au centre, en positionnant le tr\u00e9pied au sol et en r\u00e9glant la latitude, puis on met le tr\u00e9pied \u00e0 l&rsquo;horizontale \u00e0 l&rsquo;aide du niveau int\u00e9gr\u00e9.<\/p><p>3. Maintenant, on va allumer la monture, ce qui a pour effet de mettre en route l&rsquo;\u00e9clairage du viseur polaire. On va maintenant placer le viseur polaire dans une position bien particuli\u00e8re : on va faire tourner l&rsquo;axe AD de la monture afin d&rsquo;amener le petit rond de l&rsquo;\u00e9toile polaire (\u00ab\u00a0<strong><span class=\"gras\">Polaris<\/span><\/strong>\u00ab\u00a0) tout en bas \u00e0 la verticale, en position 6 heures.<\/p><p>Voici une fa\u00e7on simple de faire cela :<\/p><p>&#8211; on am\u00e8ne l&rsquo;\u00e9toile polaire au centre de la croix en jouant sur les manettes de r\u00e9glages en latitude et en azimut<\/p>\t\t\t\t\t<\/div>\n\t\t\t\t\t\t<\/div>\n\t\t\t\t<\/div>\n\t\t\t\t<div class=\"elementor-element elementor-element-1f0ed80 elementor-widget elementor-widget-image\" data-id=\"1f0ed80\" data-element_type=\"widget\" data-widget_type=\"image.default\">\n\t\t\t\t<div class=\"elementor-widget-container\">\n\t\t\t\t\t\t\t\t<div class=\"elementor-image\">\n\t\t\t\t\t\t\t\t\t\t\t\t<img loading=\"lazy\" decoding=\"async\" width=\"350\" height=\"354\" src=\"https:\/\/www.arnaudom.fr\/wordpress\/wp-content\/uploads\/2019\/08\/eq615.jpg\" class=\"attachment-large size-large wp-image-2625\" alt=\"\" srcset=\"https:\/\/www.arnaudom.fr\/wordpress\/wp-content\/uploads\/2019\/08\/eq615.jpg 350w, https:\/\/www.arnaudom.fr\/wordpress\/wp-content\/uploads\/2019\/08\/eq615-297x300.jpg 297w\" sizes=\"auto, (max-width: 350px) 100vw, 350px\" \/>\t\t\t\t\t\t\t\t\t\t\t\t\t\t<\/div>\n\t\t\t\t\t\t<\/div>\n\t\t\t\t<\/div>\n\t\t\t\t<div class=\"elementor-element elementor-element-eb0e06b elementor-widget elementor-widget-text-editor\" data-id=\"eb0e06b\" data-element_type=\"widget\" data-widget_type=\"text-editor.default\">\n\t\t\t\t<div class=\"elementor-widget-container\">\n\t\t\t\t\t\t\t\t<div class=\"elementor-text-editor elementor-clearfix\">\n\t\t\t\t<p>&#8211; ensuite, en utilisant uniquement les manettes de r\u00e9glage en latitude, on fait descendre la polaire sur le grand cercle<\/p>\t\t\t\t\t<\/div>\n\t\t\t\t\t\t<\/div>\n\t\t\t\t<\/div>\n\t\t\t\t<div class=\"elementor-element elementor-element-349d4f0 elementor-widget elementor-widget-image\" data-id=\"349d4f0\" data-element_type=\"widget\" data-widget_type=\"image.default\">\n\t\t\t\t<div class=\"elementor-widget-container\">\n\t\t\t\t\t\t\t\t<div class=\"elementor-image\">\n\t\t\t\t\t\t\t\t\t\t\t\t<img loading=\"lazy\" decoding=\"async\" width=\"350\" height=\"354\" src=\"https:\/\/www.arnaudom.fr\/wordpress\/wp-content\/uploads\/2019\/08\/eq616.jpg\" class=\"attachment-large size-large wp-image-2626\" alt=\"\" srcset=\"https:\/\/www.arnaudom.fr\/wordpress\/wp-content\/uploads\/2019\/08\/eq616.jpg 350w, https:\/\/www.arnaudom.fr\/wordpress\/wp-content\/uploads\/2019\/08\/eq616-297x300.jpg 297w\" sizes=\"auto, (max-width: 350px) 100vw, 350px\" \/>\t\t\t\t\t\t\t\t\t\t\t\t\t\t<\/div>\n\t\t\t\t\t\t<\/div>\n\t\t\t\t<\/div>\n\t\t\t\t<div class=\"elementor-element elementor-element-8ec56e5 elementor-widget elementor-widget-text-editor\" data-id=\"8ec56e5\" data-element_type=\"widget\" data-widget_type=\"text-editor.default\">\n\t\t\t\t<div class=\"elementor-widget-container\">\n\t\t\t\t\t\t\t\t<div class=\"elementor-text-editor elementor-clearfix\">\n\t\t\t\t<p>&#8211; enfin, on fait tourner l&rsquo;axe AD afin d&rsquo;amener l&rsquo;\u00e9toile dans le petit cercle.<\/p>\t\t\t\t\t<\/div>\n\t\t\t\t\t\t<\/div>\n\t\t\t\t<\/div>\n\t\t\t\t<div class=\"elementor-element elementor-element-f4854c3 elementor-widget elementor-widget-image\" data-id=\"f4854c3\" data-element_type=\"widget\" data-widget_type=\"image.default\">\n\t\t\t\t<div class=\"elementor-widget-container\">\n\t\t\t\t\t\t\t\t<div class=\"elementor-image\">\n\t\t\t\t\t\t\t\t\t\t\t\t<img loading=\"lazy\" decoding=\"async\" width=\"350\" height=\"347\" src=\"https:\/\/www.arnaudom.fr\/wordpress\/wp-content\/uploads\/2019\/08\/eq617.jpg\" class=\"attachment-large size-large wp-image-2627\" alt=\"\" srcset=\"https:\/\/www.arnaudom.fr\/wordpress\/wp-content\/uploads\/2019\/08\/eq617.jpg 350w, https:\/\/www.arnaudom.fr\/wordpress\/wp-content\/uploads\/2019\/08\/eq617-150x150.jpg 150w, https:\/\/www.arnaudom.fr\/wordpress\/wp-content\/uploads\/2019\/08\/eq617-300x297.jpg 300w\" sizes=\"auto, (max-width: 350px) 100vw, 350px\" \/>\t\t\t\t\t\t\t\t\t\t\t\t\t\t<\/div>\n\t\t\t\t\t\t<\/div>\n\t\t\t\t<\/div>\n\t\t\t\t<div class=\"elementor-element elementor-element-ee55d49 elementor-widget elementor-widget-text-editor\" data-id=\"ee55d49\" data-element_type=\"widget\" data-widget_type=\"text-editor.default\">\n\t\t\t\t<div class=\"elementor-widget-container\">\n\t\t\t\t\t\t\t\t<div class=\"elementor-text-editor elementor-clearfix\">\n\t\t\t\t<p>4. Maintenant, on d\u00e9verrouille le cercle AD \u00e0 l&rsquo;aide de ses petits vis, on le fait tourner afin d&rsquo;amener le rep\u00e8re en face du z\u00e9ro et on le verrouille dans cette position.<\/p>\t\t\t\t\t<\/div>\n\t\t\t\t\t\t<\/div>\n\t\t\t\t<\/div>\n\t\t\t\t<div class=\"elementor-element elementor-element-0407a54 elementor-widget elementor-widget-image\" data-id=\"0407a54\" data-element_type=\"widget\" data-widget_type=\"image.default\">\n\t\t\t\t<div class=\"elementor-widget-container\">\n\t\t\t\t\t\t\t\t<div class=\"elementor-image\">\n\t\t\t\t\t\t\t\t\t\t\t\t<img loading=\"lazy\" decoding=\"async\" width=\"500\" height=\"297\" src=\"https:\/\/www.arnaudom.fr\/wordpress\/wp-content\/uploads\/2019\/08\/eq618.jpg\" class=\"attachment-large size-large wp-image-2628\" alt=\"\" srcset=\"https:\/\/www.arnaudom.fr\/wordpress\/wp-content\/uploads\/2019\/08\/eq618.jpg 500w, https:\/\/www.arnaudom.fr\/wordpress\/wp-content\/uploads\/2019\/08\/eq618-300x178.jpg 300w\" sizes=\"auto, (max-width: 500px) 100vw, 500px\" \/>\t\t\t\t\t\t\t\t\t\t\t\t\t\t<\/div>\n\t\t\t\t\t\t<\/div>\n\t\t\t\t<\/div>\n\t\t\t\t<div class=\"elementor-element elementor-element-e2f8c05 elementor-widget elementor-widget-text-editor\" data-id=\"e2f8c05\" data-element_type=\"widget\" data-widget_type=\"text-editor.default\">\n\t\t\t\t<div class=\"elementor-widget-container\">\n\t\t\t\t\t\t\t\t<div class=\"elementor-text-editor elementor-clearfix\">\n\t\t\t\t<p>5. Comme la monture est sous tension, il faut alors proc\u00e9der au param\u00e9trage de la raquette, comme expliqu\u00e9 \u00e0 la page <a href=\"http:\/\/www.arnaudom.fr\/wordpress\/eq6mer\/\">Mise en route d&rsquo;une monture EQ6 Goto<\/a>. Arriv\u00e9 \u00e0 l&rsquo;\u00e9tape 8 indiqu\u00e9e, la raquette monture affiche la valeur <strong><span class=\"gras\">Polaris HA<\/span><\/strong>, par exemple 03h27 comme sur la photo ci-dessous.<\/p>\t\t\t\t\t<\/div>\n\t\t\t\t\t\t<\/div>\n\t\t\t\t<\/div>\n\t\t\t\t<div class=\"elementor-element elementor-element-477e0b6 elementor-widget elementor-widget-image\" data-id=\"477e0b6\" data-element_type=\"widget\" data-widget_type=\"image.default\">\n\t\t\t\t<div class=\"elementor-widget-container\">\n\t\t\t\t\t\t\t\t<div class=\"elementor-image\">\n\t\t\t\t\t\t\t\t\t\t\t\t<img loading=\"lazy\" decoding=\"async\" width=\"251\" height=\"200\" src=\"https:\/\/www.arnaudom.fr\/wordpress\/wp-content\/uploads\/2019\/08\/eq613.jpg\" class=\"attachment-large size-large wp-image-2623\" alt=\"\" \/>\t\t\t\t\t\t\t\t\t\t\t\t\t\t<\/div>\n\t\t\t\t\t\t<\/div>\n\t\t\t\t<\/div>\n\t\t\t\t<div class=\"elementor-element elementor-element-c9238b8 elementor-widget elementor-widget-text-editor\" data-id=\"c9238b8\" data-element_type=\"widget\" data-widget_type=\"text-editor.default\">\n\t\t\t\t<div class=\"elementor-widget-container\">\n\t\t\t\t\t\t\t\t<div class=\"elementor-text-editor elementor-clearfix\">\n\t\t\t\t<p>6. Il faut alors faire tourner l&rsquo;axe AD de la monture, afin de faire afficher la valeur <strong><span class=\"gras\">Polaris HA<\/span><\/strong> sur le cercle AD, en lisant les graduations du <span class=\"gras\"><strong>hau<\/strong>t<\/span>. Par exemple ici, le cercle affiche la valeur 03h27 (environ, les graduations allant de 10 minutes en 10 minutes).<\/p>\t\t\t\t\t<\/div>\n\t\t\t\t\t\t<\/div>\n\t\t\t\t<\/div>\n\t\t\t\t<div class=\"elementor-element elementor-element-9991a39 elementor-widget elementor-widget-image\" data-id=\"9991a39\" data-element_type=\"widget\" data-widget_type=\"image.default\">\n\t\t\t\t<div class=\"elementor-widget-container\">\n\t\t\t\t\t\t\t\t<div class=\"elementor-image\">\n\t\t\t\t\t\t\t\t\t\t\t\t<img loading=\"lazy\" decoding=\"async\" width=\"500\" height=\"289\" src=\"https:\/\/www.arnaudom.fr\/wordpress\/wp-content\/uploads\/2019\/08\/eq619.jpg\" class=\"attachment-large size-large wp-image-2629\" alt=\"\" srcset=\"https:\/\/www.arnaudom.fr\/wordpress\/wp-content\/uploads\/2019\/08\/eq619.jpg 500w, https:\/\/www.arnaudom.fr\/wordpress\/wp-content\/uploads\/2019\/08\/eq619-300x173.jpg 300w\" sizes=\"auto, (max-width: 500px) 100vw, 500px\" \/>\t\t\t\t\t\t\t\t\t\t\t\t\t\t<\/div>\n\t\t\t\t\t\t<\/div>\n\t\t\t\t<\/div>\n\t\t\t\t<div class=\"elementor-element elementor-element-3eecd67 elementor-widget elementor-widget-text-editor\" data-id=\"3eecd67\" data-element_type=\"widget\" data-widget_type=\"text-editor.default\">\n\t\t\t\t<div class=\"elementor-widget-container\">\n\t\t\t\t\t\t\t\t<div class=\"elementor-text-editor elementor-clearfix\">\n\t\t\t\t<p>7. Ceci fait, on serre le frein de l&rsquo;axe AD et, en regardant dans le viseur, on am\u00e8ne la polaire dans le petit cercle Polaris \u00e0 l&rsquo;aide des manettes de r\u00e9glages en latitude et en azimut. C&rsquo;est fini !<\/p><p>Il n&rsquo;y a plus qu&rsquo;\u00e0 remettre la monture dans une position plus pratique et \u00e0 installer le mat\u00e9riel &#8230; Et voil\u00e0 !<\/p>\t\t\t\t\t<\/div>\n\t\t\t\t\t\t<\/div>\n\t\t\t\t<\/div>\n\t\t\t\t\t\t<\/div>\n\t\t\t\t\t<\/div>\n\t\t<\/div>\n\t\t\t\t\t\t\t\t<\/div>\n\t\t\t\t\t<\/div>\n\t\t<\/section>\n\t\t\t\t\t\t\t\t\t<\/div>\n\t\t\t<\/div>\n\t\t\t\t\t<\/div>\n\t\t","protected":false},"excerpt":{"rendered":"<p>Mise en station \u00e0 l&rsquo;aide de la raquette Ecrit le 25\/03\/12. Introduction : je vous livre ici ma m\u00e9thode pour mettre en station ma monture EQ6, m\u00e9thode qui n&rsquo;a absolument rien de r\u00e9volutionnaire et qui s&rsquo;inspire tout simplement des m\u00e9thodes ultra-classiques qui circulent sur le net. Donc ceux d&rsquo;entre vous qui savent mettre leur monture &hellip;<\/p>\n<p class=\"read-more\"> <a class=\"\" href=\"https:\/\/www.arnaudom.fr\/wordpress\/eq6mes\/\"> <span class=\"screen-reader-text\">eq6mes<\/span> Lire la suite\u00a0\u00bb<\/a><\/p>\n","protected":false},"author":1,"featured_media":0,"parent":0,"menu_order":0,"comment_status":"closed","ping_status":"closed","template":"","meta":{"site-sidebar-layout":"default","site-content-layout":"default","ast-site-content-layout":"","site-content-style":"default","site-sidebar-style":"default","ast-global-header-display":"","ast-banner-title-visibility":"","ast-main-header-display":"","ast-hfb-above-header-display":"","ast-hfb-below-header-display":"","ast-hfb-mobile-header-display":"","site-post-title":"disabled","ast-breadcrumbs-content":"","ast-featured-img":"","footer-sml-layout":"","theme-transparent-header-meta":"default","adv-header-id-meta":"","stick-header-meta":"","header-above-stick-meta":"","header-main-stick-meta":"","header-below-stick-meta":"","astra-migrate-meta-layouts":"","ast-page-background-enabled":"default","ast-page-background-meta":{"desktop":{"background-color":"","background-image":"","background-repeat":"repeat","background-position":"center center","background-size":"auto","background-attachment":"scroll","background-type":"","background-media":"","overlay-type":"","overlay-color":"","overlay-gradient":""},"tablet":{"background-color":"","background-image":"","background-repeat":"repeat","background-position":"center center","background-size":"auto","background-attachment":"scroll","background-type":"","background-media":"","overlay-type":"","overlay-color":"","overlay-gradient":""},"mobile":{"background-color":"","background-image":"","background-repeat":"repeat","background-position":"center center","background-size":"auto","background-attachment":"scroll","background-type":"","background-media":"","overlay-type":"","overlay-color":"","overlay-gradient":""}},"ast-content-background-meta":{"desktop":{"background-color":"var(--ast-global-color-5)","background-image":"","background-repeat":"repeat","background-position":"center center","background-size":"auto","background-attachment":"scroll","background-type":"","background-media":"","overlay-type":"","overlay-color":"","overlay-gradient":""},"tablet":{"background-color":"var(--ast-global-color-5)","background-image":"","background-repeat":"repeat","background-position":"center center","background-size":"auto","background-attachment":"scroll","background-type":"","background-media":"","overlay-type":"","overlay-color":"","overlay-gradient":""},"mobile":{"background-color":"var(--ast-global-color-5)","background-image":"","background-repeat":"repeat","background-position":"center center","background-size":"auto","background-attachment":"scroll","background-type":"","background-media":"","overlay-type":"","overlay-color":"","overlay-gradient":""}},"footnotes":""},"class_list":["post-2642","page","type-page","status-publish","hentry"],"_links":{"self":[{"href":"https:\/\/www.arnaudom.fr\/wordpress\/wp-json\/wp\/v2\/pages\/2642","targetHints":{"allow":["GET"]}}],"collection":[{"href":"https:\/\/www.arnaudom.fr\/wordpress\/wp-json\/wp\/v2\/pages"}],"about":[{"href":"https:\/\/www.arnaudom.fr\/wordpress\/wp-json\/wp\/v2\/types\/page"}],"author":[{"embeddable":true,"href":"https:\/\/www.arnaudom.fr\/wordpress\/wp-json\/wp\/v2\/users\/1"}],"replies":[{"embeddable":true,"href":"https:\/\/www.arnaudom.fr\/wordpress\/wp-json\/wp\/v2\/comments?post=2642"}],"version-history":[{"count":8,"href":"https:\/\/www.arnaudom.fr\/wordpress\/wp-json\/wp\/v2\/pages\/2642\/revisions"}],"predecessor-version":[{"id":7204,"href":"https:\/\/www.arnaudom.fr\/wordpress\/wp-json\/wp\/v2\/pages\/2642\/revisions\/7204"}],"wp:attachment":[{"href":"https:\/\/www.arnaudom.fr\/wordpress\/wp-json\/wp\/v2\/media?parent=2642"}],"curies":[{"name":"wp","href":"https:\/\/api.w.org\/{rel}","templated":true}]}}