{"id":1722,"date":"2018-08-24T10:11:04","date_gmt":"2018-08-24T08:11:04","guid":{"rendered":"http:\/\/www.arnaudom.fr\/wordpress\/?page_id=1722"},"modified":"2020-08-28T16:04:24","modified_gmt":"2020-08-28T14:04:24","slug":"flat","status":"publish","type":"page","link":"https:\/\/www.arnaudom.fr\/wordpress\/flat\/","title":{"rendered":"flat"},"content":{"rendered":"\t\t<div data-elementor-type=\"wp-post\" data-elementor-id=\"1722\" class=\"elementor elementor-1722\">\n\t\t\t\t\t\t<div class=\"elementor-inner\">\n\t\t\t\t<div class=\"elementor-section-wrap\">\n\t\t\t\t\t\t\t\t\t<section class=\"elementor-section elementor-top-section elementor-element elementor-element-182af673 elementor-section-full_width elementor-section-height-default elementor-section-height-default\" data-id=\"182af673\" data-element_type=\"section\" data-settings=\"{&quot;background_background&quot;:&quot;classic&quot;}\">\n\t\t\t\t\t\t<div class=\"elementor-container elementor-column-gap-default\">\n\t\t\t\t\t\t\t<div class=\"elementor-row\">\n\t\t\t\t\t<div class=\"elementor-column elementor-col-100 elementor-top-column elementor-element elementor-element-5668a8ac\" data-id=\"5668a8ac\" data-element_type=\"column\" data-settings=\"{&quot;background_background&quot;:&quot;classic&quot;}\">\n\t\t\t<div class=\"elementor-column-wrap elementor-element-populated\">\n\t\t\t\t\t\t\t<div class=\"elementor-widget-wrap\">\n\t\t\t\t\t\t<div class=\"elementor-element elementor-element-6661c2ac elementor-widget elementor-widget-heading\" data-id=\"6661c2ac\" data-element_type=\"widget\" data-widget_type=\"heading.default\">\n\t\t\t\t<div class=\"elementor-widget-container\">\n\t\t\t<h1 class=\"elementor-heading-title elementor-size-default\">Pr\u00e9traitement avec PixInsight (4\/6)<\/h1>\t\t<\/div>\n\t\t\t\t<\/div>\n\t\t\t\t<div class=\"elementor-element elementor-element-62418a63 elementor-widget elementor-widget-heading\" data-id=\"62418a63\" data-element_type=\"widget\" data-widget_type=\"heading.default\">\n\t\t\t\t<div class=\"elementor-widget-container\">\n\t\t\t<h2 class=\"elementor-heading-title elementor-size-default\">4- Retirer l'offset des images de flat<\/h2>\t\t<\/div>\n\t\t\t\t<\/div>\n\t\t\t\t<div class=\"elementor-element elementor-element-7d84ea11 elementor-widget elementor-widget-text-editor\" data-id=\"7d84ea11\" data-element_type=\"widget\" data-widget_type=\"text-editor.default\">\n\t\t\t\t<div class=\"elementor-widget-container\">\n\t\t\t\t\t\t\t\t<div class=\"elementor-text-editor elementor-clearfix\">\n\t\t\t\t<p>Nous allons maintenant retirer l&rsquo;offset des flats, comme on l&rsquo;a fait pour nos images de dark. On utilise donc \u00e0 nouveau le process <strong><span class=\"gras\">ImageCalibration<\/span><\/strong>. Si vous utilisez mes process icons, on va sur l&rsquo;ic\u00f4ne <strong><span class=\"gras\">Retrait_de_l_offset_du_flat<\/span><\/strong>, sinon d\u00e9posez l&rsquo;ic\u00f4ne du process sur l&rsquo;espace de travail \u00e0 partir de <span class=\"gras\">Process Explorer<\/span>.<\/p><p>On fait exactement la m\u00eame op\u00e9ration que pour les darks, autrement dit :<\/p>\t\t\t\t\t<\/div>\n\t\t\t\t\t\t<\/div>\n\t\t\t\t<\/div>\n\t\t\t\t<div class=\"elementor-element elementor-element-fa23839 elementor-position-right elementor-vertical-align-middle elementor-widget elementor-widget-image-box\" data-id=\"fa23839\" data-element_type=\"widget\" data-widget_type=\"image-box.default\">\n\t\t\t\t<div class=\"elementor-widget-container\">\n\t\t\t<div class=\"elementor-image-box-wrapper\"><figure class=\"elementor-image-box-img\"><img loading=\"lazy\" decoding=\"async\" width=\"433\" height=\"587\" src=\"https:\/\/www.arnaudom.fr\/wordpress\/wp-content\/uploads\/2018\/08\/pix066.jpg\" class=\"attachment-full size-full wp-image-1661\" alt=\"\" srcset=\"https:\/\/www.arnaudom.fr\/wordpress\/wp-content\/uploads\/2018\/08\/pix066.jpg 433w, https:\/\/www.arnaudom.fr\/wordpress\/wp-content\/uploads\/2018\/08\/pix066-221x300.jpg 221w\" sizes=\"auto, (max-width: 433px) 100vw, 433px\" \/><\/figure><div class=\"elementor-image-box-content\"><p class=\"elementor-image-box-description\">- avec <b>Add Files<\/b>, on entre nos images dans le process, ici 11 images nomm\u00e9es flatM510001.cr2 ... jusqu'\u00e0 flatM510011.cr2<br><br>\n- la case <b>Master Bias<\/b> est coch\u00e9e et on entre le nom de notre offset comme tout \u00e0 l'heure, la case <b>Calibrate<\/b> restant d\u00e9coch\u00e9e<br><br>\n- les cases <b>Overscan, Master Dark<\/b> et <b>Master Flat<\/b> restent d\u00e9coch\u00e9es. <\/p><\/div><\/div>\t\t<\/div>\n\t\t\t\t<\/div>\n\t\t\t\t<div class=\"elementor-element elementor-element-c8a9630 elementor-widget elementor-widget-text-editor\" data-id=\"c8a9630\" data-element_type=\"widget\" data-widget_type=\"text-editor.default\">\n\t\t\t\t<div class=\"elementor-widget-container\">\n\t\t\t\t\t\t\t\t<div class=\"elementor-text-editor elementor-clearfix\">\n\t\t\t\t<p>Comme tout \u00e0 l&rsquo;heure, si vous le souhaitez, pensez \u00e0 s\u00e9lectionner dans la zone <b><span class=\"gras\">Output Files<\/span><\/b> et dans <b><span class=\"gras\">Output directory<\/span><\/b>, le dossier dans lequel on va stocker nos flats calibr\u00e9es, en l&rsquo;occurrence toujours M51 dans mon exemple.<\/p><p><img loading=\"lazy\" decoding=\"async\" class=\"aligncenter size-full wp-image-1662\" src=\"http:\/\/www.arnaudom.fr\/wordpress\/wp-content\/uploads\/2018\/08\/pix067.jpg\" alt=\"\" width=\"423\" height=\"102\" srcset=\"https:\/\/www.arnaudom.fr\/wordpress\/wp-content\/uploads\/2018\/08\/pix067.jpg 423w, https:\/\/www.arnaudom.fr\/wordpress\/wp-content\/uploads\/2018\/08\/pix067-300x72.jpg 300w\" sizes=\"auto, (max-width: 423px) 100vw, 423px\" \/><\/p><p>On lance le process en cliquant sur le disque bleu, et au bout de 114,6 s mes flats sont calibr\u00e9s.<\/p><p><img loading=\"lazy\" decoding=\"async\" class=\"aligncenter size-full wp-image-1663\" src=\"http:\/\/www.arnaudom.fr\/wordpress\/wp-content\/uploads\/2018\/08\/pix068.jpg\" alt=\"\" width=\"671\" height=\"56\" srcset=\"https:\/\/www.arnaudom.fr\/wordpress\/wp-content\/uploads\/2018\/08\/pix068.jpg 671w, https:\/\/www.arnaudom.fr\/wordpress\/wp-content\/uploads\/2018\/08\/pix068-300x25.jpg 300w\" sizes=\"auto, (max-width: 671px) 100vw, 671px\" \/><\/p><p>On peut aller jeter un oeil dans notre dossier pour v\u00e9rifier que s&rsquo;y trouvent bien maintenant 11 nouveaux fichiers nomm\u00e9s flatM510001_c. fit &#8230; jusqu&rsquo;\u00e0 flatM510011_c.fit, avec toujours la petite extension <strong>_c<\/strong> qui d\u00e9signe les fichiers calibr\u00e9s.<img loading=\"lazy\" decoding=\"async\" class=\"aligncenter size-full wp-image-1664\" src=\"http:\/\/www.arnaudom.fr\/wordpress\/wp-content\/uploads\/2018\/08\/pix069.jpg\" alt=\"\" width=\"302\" height=\"395\" srcset=\"https:\/\/www.arnaudom.fr\/wordpress\/wp-content\/uploads\/2018\/08\/pix069.jpg 302w, https:\/\/www.arnaudom.fr\/wordpress\/wp-content\/uploads\/2018\/08\/pix069-229x300.jpg 229w\" sizes=\"auto, (max-width: 302px) 100vw, 302px\" \/><\/p>\t\t\t\t\t<\/div>\n\t\t\t\t\t\t<\/div>\n\t\t\t\t<\/div>\n\t\t\t\t<div class=\"elementor-element elementor-element-25100a2 elementor-widget elementor-widget-heading\" data-id=\"25100a2\" data-element_type=\"widget\" data-widget_type=\"heading.default\">\n\t\t\t\t<div class=\"elementor-widget-container\">\n\t\t\t<h2 class=\"elementor-heading-title elementor-size-default\">5- Cr\u00e9er le flat<\/h2>\t\t<\/div>\n\t\t\t\t<\/div>\n\t\t\t\t<div class=\"elementor-element elementor-element-1b21659 elementor-widget elementor-widget-text-editor\" data-id=\"1b21659\" data-element_type=\"widget\" data-widget_type=\"text-editor.default\">\n\t\t\t\t<div class=\"elementor-widget-container\">\n\t\t\t\t\t\t\t\t<div class=\"elementor-text-editor elementor-clearfix\">\n\t\t\t\t<p>Pour cr\u00e9er le flat nous allons additionner nos flats calibr\u00e9s, donc nous r\u00e9utilisons une nouvelle fois un process <strong><span class=\"gras\">ImageIntegration<\/span><\/strong>, soit en le d\u00e9posant sur l&rsquo;espace de travail soit, si vous utilisez mes process icons, en utilisant l&rsquo;ic\u00f4ne <strong><span class=\"gras\">Flat<\/span><\/strong>.<\/p><p>Avec <strong><span class=\"gras\">Add Files<\/span><\/strong> on va ajouter nos images de flat calibr\u00e9es dans le process.<\/p>\t\t\t\t\t<\/div>\n\t\t\t\t\t\t<\/div>\n\t\t\t\t<\/div>\n\t\t\t\t<div class=\"elementor-element elementor-element-3220b4d elementor-widget elementor-widget-text-editor\" data-id=\"3220b4d\" data-element_type=\"widget\" data-widget_type=\"text-editor.default\">\n\t\t\t\t<div class=\"elementor-widget-container\">\n\t\t\t\t\t\t\t\t<div class=\"elementor-text-editor elementor-clearfix\">\n\t\t\t\tAttention de bien prendre les dark calibr\u00e9s, ceux qui portent l&rsquo;extension<strong>_c<\/strong>\n(notamment si vos images sont dans le m\u00eame dossier que les dark non calibr\u00e9s !).\t\t\t\t\t<\/div>\n\t\t\t\t\t\t<\/div>\n\t\t\t\t<\/div>\n\t\t\t\t<div class=\"elementor-element elementor-element-84e912b elementor-widget elementor-widget-text-editor\" data-id=\"84e912b\" data-element_type=\"widget\" data-widget_type=\"text-editor.default\">\n\t\t\t\t<div class=\"elementor-widget-container\">\n\t\t\t\t\t\t\t\t<div class=\"elementor-text-editor elementor-clearfix\">\n\t\t\t\t<p><img loading=\"lazy\" decoding=\"async\" class=\"aligncenter size-full wp-image-1665\" src=\"http:\/\/www.arnaudom.fr\/wordpress\/wp-content\/uploads\/2018\/08\/pix070.jpg\" alt=\"\" width=\"445\" height=\"267\" srcset=\"https:\/\/www.arnaudom.fr\/wordpress\/wp-content\/uploads\/2018\/08\/pix070.jpg 445w, https:\/\/www.arnaudom.fr\/wordpress\/wp-content\/uploads\/2018\/08\/pix070-300x180.jpg 300w\" sizes=\"auto, (max-width: 445px) 100vw, 445px\" \/><\/p><p>Dans <strong><span class=\"gras\">Image Integration<\/span><\/strong>, il y a une modification \u00e0 faire par rapport \u00e0 l&rsquo;offset et au dark :<br \/>&#8211; dans <strong><span class=\"gras\">Combination<\/span><\/strong>, on va choisir <strong><span class=\"gras\">Average<\/span><\/strong> (comme pour l&rsquo;offset et le dark)<br \/>&#8211; dans <strong><span class=\"gras\">Normalization<\/span><\/strong>, on choisit <strong><span class=\"gras\">Multiplicative<\/span><\/strong> (au lieu de No normalization)<br \/>&#8211; dans <strong><span class=\"gras\">Weights<\/span><\/strong>, on choisit <strong><span class=\"gras\">Don&rsquo;t care (all weights = 1)<\/span> <\/strong>(comme pour l&rsquo;offset et le dark)<\/p><p><img loading=\"lazy\" decoding=\"async\" class=\"aligncenter size-full wp-image-1666\" src=\"http:\/\/www.arnaudom.fr\/wordpress\/wp-content\/uploads\/2018\/08\/pix071.jpg\" alt=\"\" width=\"439\" height=\"253\" srcset=\"https:\/\/www.arnaudom.fr\/wordpress\/wp-content\/uploads\/2018\/08\/pix071.jpg 439w, https:\/\/www.arnaudom.fr\/wordpress\/wp-content\/uploads\/2018\/08\/pix071-300x173.jpg 300w\" sizes=\"auto, (max-width: 439px) 100vw, 439px\" \/><\/p><p>Les autres options restent les m\u00eames : iterative k-sigma\/biweight midvariance et les cases Generated integrated image et Evaluate noise sont coch\u00e9es.<\/p><p>Dans <strong><span class=\"gras\">Pixel Rejection (1)<\/span><\/strong>, on choisit les param\u00e8tres suivants :<br \/>&#8211; dans <strong><span class=\"gras\">Rejection algorithm<\/span><\/strong>, on prend <strong><span class=\"gras\">Winsorized Sigma Clipping<\/span><\/strong> (comme l&rsquo;offset et le dark)<br \/>&#8211; dans <strong><span class=\"gras\">Normalization<\/span><\/strong>, on choisit <span class=\"gras\">E<strong>qualize fluxes<\/strong><\/span> (au lieu de No normalization)<br \/>&#8211; les cases <strong><span class=\"gras\">Generate rejection maps<\/span><\/strong>, <strong><span class=\"gras\">Clip low pixels<\/span><\/strong> et <strong><span class=\"gras\">Clip high pixels<\/span><\/strong> sont coch\u00e9es.<\/p><p><img loading=\"lazy\" decoding=\"async\" class=\"aligncenter size-full wp-image-1667\" src=\"http:\/\/www.arnaudom.fr\/wordpress\/wp-content\/uploads\/2018\/08\/pix072.jpg\" alt=\"\" width=\"438\" height=\"173\" srcset=\"https:\/\/www.arnaudom.fr\/wordpress\/wp-content\/uploads\/2018\/08\/pix072.jpg 438w, https:\/\/www.arnaudom.fr\/wordpress\/wp-content\/uploads\/2018\/08\/pix072-300x118.jpg 300w\" sizes=\"auto, (max-width: 438px) 100vw, 438px\" \/><\/p><p>Enfin, il reste \u00e0 nouveau \u00e0 choisir les param\u00e8tres <strong><span class=\"gras\">Sigma low<\/span><\/strong> et <strong><span class=\"gras\">Sigma high<\/span><\/strong>, j&rsquo;ai pris ici 4 pour les deux.<\/p><p><img loading=\"lazy\" decoding=\"async\" class=\"aligncenter size-full wp-image-1668\" src=\"http:\/\/www.arnaudom.fr\/wordpress\/wp-content\/uploads\/2018\/08\/pix073.jpg\" alt=\"\" width=\"350\" height=\"48\" srcset=\"https:\/\/www.arnaudom.fr\/wordpress\/wp-content\/uploads\/2018\/08\/pix073.jpg 350w, https:\/\/www.arnaudom.fr\/wordpress\/wp-content\/uploads\/2018\/08\/pix073-300x41.jpg 300w\" sizes=\"auto, (max-width: 350px) 100vw, 350px\" \/><\/p><p>On lance le process en cliquant sur le disque bleu, et au bout de 99,08 s on se retrouve avec nos trois images habituelles : integration, rejection_low et rejection_high.<\/p><p>Si on visualise les rejection_low et rejection_high en leur appliquant un <strong><span class=\"gras\">Auto Stretch<\/span><\/strong>, on observe normalement deux images tr\u00e8s similaires \u00e9tant donn\u00e9 qu&rsquo;on leur a appliqu\u00e9 les m\u00eames valeurs de sigma et que toutes les images additionn\u00e9es sont cens\u00e9es \u00eatre relativement uniformes entre elles.<\/p><p>On peut \u00e9galement visualiser notre flat en appliquant le process <strong><span class=\"gras\">Debayer<\/span><\/strong> \u00e0 notre image integration puis un <strong><span class=\"gras\">Auto Stretch<\/span><\/strong>, et voil\u00e0 le r\u00e9sultat :<\/p><p><img loading=\"lazy\" decoding=\"async\" class=\"aligncenter size-full wp-image-1669\" src=\"http:\/\/www.arnaudom.fr\/wordpress\/wp-content\/uploads\/2018\/08\/pix074.jpg\" alt=\"\" width=\"500\" height=\"339\" srcset=\"https:\/\/www.arnaudom.fr\/wordpress\/wp-content\/uploads\/2018\/08\/pix074.jpg 500w, https:\/\/www.arnaudom.fr\/wordpress\/wp-content\/uploads\/2018\/08\/pix074-300x203.jpg 300w\" sizes=\"auto, (max-width: 500px) 100vw, 500px\" \/><\/p><p>On peut constater que mon flat est d\u00e9centr\u00e9, par contre on voit bien toutes les poussi\u00e8res pr\u00e9sentes sur le capteur !<\/p><p>On pourrait l\u00e0 aussi refaire des essais en modifiant les valeurs des param\u00e8tres sigma.<\/p>\t\t\t\t\t<\/div>\n\t\t\t\t\t\t<\/div>\n\t\t\t\t<\/div>\n\t\t\t\t<div class=\"elementor-element elementor-element-2357866 elementor-position-right elementor-vertical-align-middle elementor-widget elementor-widget-image-box\" data-id=\"2357866\" data-element_type=\"widget\" data-widget_type=\"image-box.default\">\n\t\t\t\t<div class=\"elementor-widget-container\">\n\t\t\t<div class=\"elementor-image-box-wrapper\"><figure class=\"elementor-image-box-img\"><img loading=\"lazy\" decoding=\"async\" width=\"405\" height=\"398\" src=\"https:\/\/www.arnaudom.fr\/wordpress\/wp-content\/uploads\/2018\/08\/pix075.jpg\" class=\"attachment-full size-full wp-image-1670\" alt=\"\" srcset=\"https:\/\/www.arnaudom.fr\/wordpress\/wp-content\/uploads\/2018\/08\/pix075.jpg 405w, https:\/\/www.arnaudom.fr\/wordpress\/wp-content\/uploads\/2018\/08\/pix075-300x295.jpg 300w\" sizes=\"auto, (max-width: 405px) 100vw, 405px\" \/><\/figure><div class=\"elementor-image-box-content\"><p class=\"elementor-image-box-description\">Je vais garder mon flat, je s\u00e9lectionne mon image integration et je vais la sauvegarder avec mes autres images dans le dossier <b>M51<\/b>, en la nommant flat.<\/p><\/div><\/div>\t\t<\/div>\n\t\t\t\t<\/div>\n\t\t\t\t<div class=\"elementor-element elementor-element-318e06c elementor-widget elementor-widget-text-editor\" data-id=\"318e06c\" data-element_type=\"widget\" data-widget_type=\"text-editor.default\">\n\t\t\t\t<div class=\"elementor-widget-container\">\n\t\t\t\t\t\t\t\t<div class=\"elementor-text-editor elementor-clearfix\">\n\t\t\t\t<p>Voil\u00e0, on a termin\u00e9 la cr\u00e9ation de nos trois images de calibration, l&rsquo;offset, le dark et le flat, il ne nous reste plus qu&rsquo;\u00e0 les utiliser pour calibrer les images brutes de notre objet et on ne sera plus tr\u00e8s loin de la fin du pr\u00e9traitement !<\/p>\t\t\t\t\t<\/div>\n\t\t\t\t\t\t<\/div>\n\t\t\t\t<\/div>\n\t\t\t\t\t\t<\/div>\n\t\t\t\t\t<\/div>\n\t\t<\/div>\n\t\t\t\t\t\t\t\t<\/div>\n\t\t\t\t\t<\/div>\n\t\t<\/section>\n\t\t\t\t<section class=\"elementor-section elementor-top-section elementor-element elementor-element-e1e01d7 elementor-section-full_width elementor-section-height-default elementor-section-height-default\" data-id=\"e1e01d7\" data-element_type=\"section\">\n\t\t\t\t\t\t<div class=\"elementor-container elementor-column-gap-default\">\n\t\t\t\t\t\t\t<div class=\"elementor-row\">\n\t\t\t\t\t<div class=\"elementor-column elementor-col-50 elementor-top-column elementor-element elementor-element-6a9a76c\" data-id=\"6a9a76c\" data-element_type=\"column\" data-settings=\"{&quot;background_background&quot;:&quot;classic&quot;}\">\n\t\t\t<div class=\"elementor-column-wrap elementor-element-populated\">\n\t\t\t\t\t\t\t<div class=\"elementor-widget-wrap\">\n\t\t\t\t\t\t<div class=\"elementor-element elementor-element-01ccda8 elementor-align-center elementor-widget elementor-widget-button\" data-id=\"01ccda8\" data-element_type=\"widget\" data-widget_type=\"button.default\">\n\t\t\t\t<div class=\"elementor-widget-container\">\n\t\t\t\t\t<div class=\"elementor-button-wrapper\">\n\t\t\t<a href=\"http:\/\/www.arnaudom.fr\/wordpress\/elementor-1623\/\" class=\"elementor-button-link elementor-button elementor-size-sm\" role=\"button\">\n\t\t\t\t\t\t<span class=\"elementor-button-content-wrapper\">\n\t\t\t\t\t\t\t<span class=\"elementor-button-icon elementor-align-icon-left\">\n\t\t\t\t\t\t\t\t\t<i class=\"fa fa-arrow-left\" aria-hidden=\"true\"><\/i>\n\t\t\t\t\t\t\t<\/span>\n\t\t\t\t\t\t<span class=\"elementor-button-text\">Page 3<\/span>\n\t\t<\/span>\n\t\t\t\t\t<\/a>\n\t\t<\/div>\n\t\t\t\t<\/div>\n\t\t\t\t<\/div>\n\t\t\t\t\t\t<\/div>\n\t\t\t\t\t<\/div>\n\t\t<\/div>\n\t\t\t\t<div class=\"elementor-column elementor-col-50 elementor-top-column elementor-element elementor-element-398a090\" data-id=\"398a090\" data-element_type=\"column\" data-settings=\"{&quot;background_background&quot;:&quot;classic&quot;}\">\n\t\t\t<div class=\"elementor-column-wrap elementor-element-populated\">\n\t\t\t\t\t\t\t<div class=\"elementor-widget-wrap\">\n\t\t\t\t\t\t<div class=\"elementor-element elementor-element-79f435c elementor-align-center elementor-widget elementor-widget-button\" data-id=\"79f435c\" data-element_type=\"widget\" data-widget_type=\"button.default\">\n\t\t\t\t<div class=\"elementor-widget-container\">\n\t\t\t\t\t<div class=\"elementor-button-wrapper\">\n\t\t\t<a href=\"http:\/\/www.arnaudom.fr\/wordpress\/brute\/\/\" class=\"elementor-button-link elementor-button elementor-size-sm\" role=\"button\">\n\t\t\t\t\t\t<span class=\"elementor-button-content-wrapper\">\n\t\t\t\t\t\t\t<span class=\"elementor-button-icon elementor-align-icon-right\">\n\t\t\t\t\t\t\t\t\t<i class=\"fa fa-arrow-right\" aria-hidden=\"true\"><\/i>\n\t\t\t\t\t\t\t<\/span>\n\t\t\t\t\t\t<span class=\"elementor-button-text\">Page 5<\/span>\n\t\t<\/span>\n\t\t\t\t\t<\/a>\n\t\t<\/div>\n\t\t\t\t<\/div>\n\t\t\t\t<\/div>\n\t\t\t\t\t\t<\/div>\n\t\t\t\t\t<\/div>\n\t\t<\/div>\n\t\t\t\t\t\t\t\t<\/div>\n\t\t\t\t\t<\/div>\n\t\t<\/section>\n\t\t\t\t\t\t\t\t\t<\/div>\n\t\t\t<\/div>\n\t\t\t\t\t<\/div>\n\t\t","protected":false},"excerpt":{"rendered":"<p>Pr\u00e9traitement avec PixInsight (4\/6) 4- Retirer l&rsquo;offset des images de flat Nous allons maintenant retirer l&rsquo;offset des flats, comme on l&rsquo;a fait pour nos images de dark. On utilise donc \u00e0 nouveau le process ImageCalibration. Si vous utilisez mes process icons, on va sur l&rsquo;ic\u00f4ne Retrait_de_l_offset_du_flat, sinon d\u00e9posez l&rsquo;ic\u00f4ne du process sur l&rsquo;espace de travail &hellip;<\/p>\n<p class=\"read-more\"> <a class=\"\" href=\"https:\/\/www.arnaudom.fr\/wordpress\/flat\/\"> <span class=\"screen-reader-text\">flat<\/span> Lire la suite\u00a0\u00bb<\/a><\/p>\n","protected":false},"author":1,"featured_media":0,"parent":0,"menu_order":0,"comment_status":"closed","ping_status":"closed","template":"","meta":{"site-sidebar-layout":"default","site-content-layout":"default","ast-site-content-layout":"","site-content-style":"default","site-sidebar-style":"default","ast-global-header-display":"","ast-banner-title-visibility":"","ast-main-header-display":"","ast-hfb-above-header-display":"","ast-hfb-below-header-display":"","ast-hfb-mobile-header-display":"","site-post-title":"disabled","ast-breadcrumbs-content":"","ast-featured-img":"","footer-sml-layout":"","theme-transparent-header-meta":"default","adv-header-id-meta":"","stick-header-meta":"","header-above-stick-meta":"","header-main-stick-meta":"","header-below-stick-meta":"","astra-migrate-meta-layouts":"","ast-page-background-enabled":"default","ast-page-background-meta":{"desktop":{"background-color":"","background-image":"","background-repeat":"repeat","background-position":"center center","background-size":"auto","background-attachment":"scroll","background-type":"","background-media":"","overlay-type":"","overlay-color":"","overlay-gradient":""},"tablet":{"background-color":"","background-image":"","background-repeat":"repeat","background-position":"center center","background-size":"auto","background-attachment":"scroll","background-type":"","background-media":"","overlay-type":"","overlay-color":"","overlay-gradient":""},"mobile":{"background-color":"","background-image":"","background-repeat":"repeat","background-position":"center center","background-size":"auto","background-attachment":"scroll","background-type":"","background-media":"","overlay-type":"","overlay-color":"","overlay-gradient":""}},"ast-content-background-meta":{"desktop":{"background-color":"var(--ast-global-color-5)","background-image":"","background-repeat":"repeat","background-position":"center center","background-size":"auto","background-attachment":"scroll","background-type":"","background-media":"","overlay-type":"","overlay-color":"","overlay-gradient":""},"tablet":{"background-color":"var(--ast-global-color-5)","background-image":"","background-repeat":"repeat","background-position":"center center","background-size":"auto","background-attachment":"scroll","background-type":"","background-media":"","overlay-type":"","overlay-color":"","overlay-gradient":""},"mobile":{"background-color":"var(--ast-global-color-5)","background-image":"","background-repeat":"repeat","background-position":"center center","background-size":"auto","background-attachment":"scroll","background-type":"","background-media":"","overlay-type":"","overlay-color":"","overlay-gradient":""}},"footnotes":""},"class_list":["post-1722","page","type-page","status-publish","hentry"],"_links":{"self":[{"href":"https:\/\/www.arnaudom.fr\/wordpress\/wp-json\/wp\/v2\/pages\/1722","targetHints":{"allow":["GET"]}}],"collection":[{"href":"https:\/\/www.arnaudom.fr\/wordpress\/wp-json\/wp\/v2\/pages"}],"about":[{"href":"https:\/\/www.arnaudom.fr\/wordpress\/wp-json\/wp\/v2\/types\/page"}],"author":[{"embeddable":true,"href":"https:\/\/www.arnaudom.fr\/wordpress\/wp-json\/wp\/v2\/users\/1"}],"replies":[{"embeddable":true,"href":"https:\/\/www.arnaudom.fr\/wordpress\/wp-json\/wp\/v2\/comments?post=1722"}],"version-history":[{"count":18,"href":"https:\/\/www.arnaudom.fr\/wordpress\/wp-json\/wp\/v2\/pages\/1722\/revisions"}],"predecessor-version":[{"id":6009,"href":"https:\/\/www.arnaudom.fr\/wordpress\/wp-json\/wp\/v2\/pages\/1722\/revisions\/6009"}],"wp:attachment":[{"href":"https:\/\/www.arnaudom.fr\/wordpress\/wp-json\/wp\/v2\/media?parent=1722"}],"curies":[{"name":"wp","href":"https:\/\/api.w.org\/{rel}","templated":true}]}}