{"id":1623,"date":"2018-08-23T22:54:55","date_gmt":"2018-08-23T20:54:55","guid":{"rendered":"http:\/\/www.arnaudom.fr\/wordpress\/?page_id=1623"},"modified":"2020-08-28T16:03:35","modified_gmt":"2020-08-28T14:03:35","slug":"elementor-1623","status":"publish","type":"page","link":"https:\/\/www.arnaudom.fr\/wordpress\/elementor-1623\/","title":{"rendered":"dark"},"content":{"rendered":"\t\t<div data-elementor-type=\"wp-post\" data-elementor-id=\"1623\" class=\"elementor elementor-1623\">\n\t\t\t\t\t\t<div class=\"elementor-inner\">\n\t\t\t\t<div class=\"elementor-section-wrap\">\n\t\t\t\t\t\t\t\t\t<section class=\"elementor-section elementor-top-section elementor-element elementor-element-75b38331 elementor-section-full_width elementor-section-height-default elementor-section-height-default\" data-id=\"75b38331\" data-element_type=\"section\" data-settings=\"{&quot;background_background&quot;:&quot;classic&quot;}\">\n\t\t\t\t\t\t<div class=\"elementor-container elementor-column-gap-default\">\n\t\t\t\t\t\t\t<div class=\"elementor-row\">\n\t\t\t\t\t<div class=\"elementor-column elementor-col-100 elementor-top-column elementor-element elementor-element-4bd16112\" data-id=\"4bd16112\" data-element_type=\"column\" data-settings=\"{&quot;background_background&quot;:&quot;classic&quot;}\">\n\t\t\t<div class=\"elementor-column-wrap elementor-element-populated\">\n\t\t\t\t\t\t\t<div class=\"elementor-widget-wrap\">\n\t\t\t\t\t\t<div class=\"elementor-element elementor-element-307b2cfe elementor-widget elementor-widget-heading\" data-id=\"307b2cfe\" data-element_type=\"widget\" data-widget_type=\"heading.default\">\n\t\t\t\t<div class=\"elementor-widget-container\">\n\t\t\t<h1 class=\"elementor-heading-title elementor-size-default\">Pr\u00e9traitement avec PixInsight (3\/6)<\/h1>\t\t<\/div>\n\t\t\t\t<\/div>\n\t\t\t\t<div class=\"elementor-element elementor-element-94454c5 elementor-widget elementor-widget-heading\" data-id=\"94454c5\" data-element_type=\"widget\" data-widget_type=\"heading.default\">\n\t\t\t\t<div class=\"elementor-widget-container\">\n\t\t\t<h2 class=\"elementor-heading-title elementor-size-default\">2- Retirer l'offset des images de dark<\/h2>\t\t<\/div>\n\t\t\t\t<\/div>\n\t\t\t\t<div class=\"elementor-element elementor-element-12c4c5ff elementor-widget elementor-widget-text-editor\" data-id=\"12c4c5ff\" data-element_type=\"widget\" data-widget_type=\"text-editor.default\">\n\t\t\t\t<div class=\"elementor-widget-container\">\n\t\t\t\t\t\t\t\t<div class=\"elementor-text-editor elementor-clearfix\">\n\t\t\t\t<p>Nous allons maintenant calibrer les darks, op\u00e9ration qui consiste \u00e0 retirer l&rsquo;offset des images de dark. On utilise pour cela le process <strong><span class=\"gras\">ImageCalibration<\/span><\/strong>. Si vous utilisez mes process icons, on va aller sur l&rsquo;ic\u00f4ne <strong><span class=\"gras\">Retrait_de_l_offset_du_dark<\/span><\/strong>, sinon d\u00e9posez l&rsquo;ic\u00f4ne du process sur l&rsquo;espace de travail \u00e0 partir de <strong><span class=\"gras\">Process Explorer<\/span><\/strong>.<\/p>\t\t\t\t\t<\/div>\n\t\t\t\t\t\t<\/div>\n\t\t\t\t<\/div>\n\t\t\t\t<div class=\"elementor-element elementor-element-0c6b514 elementor-position-right elementor-vertical-align-middle elementor-widget elementor-widget-image-box\" data-id=\"0c6b514\" data-element_type=\"widget\" data-widget_type=\"image-box.default\">\n\t\t\t\t<div class=\"elementor-widget-container\">\n\t\t\t<div class=\"elementor-image-box-wrapper\"><figure class=\"elementor-image-box-img\"><img loading=\"lazy\" decoding=\"async\" width=\"430\" height=\"680\" src=\"https:\/\/www.arnaudom.fr\/wordpress\/wp-content\/uploads\/2018\/08\/pix055.jpg\" class=\"attachment-full size-full wp-image-1317\" alt=\"\" srcset=\"https:\/\/www.arnaudom.fr\/wordpress\/wp-content\/uploads\/2018\/08\/pix055.jpg 430w, https:\/\/www.arnaudom.fr\/wordpress\/wp-content\/uploads\/2018\/08\/pix055-190x300.jpg 190w\" sizes=\"auto, (max-width: 430px) 100vw, 430px\" \/><\/figure><div class=\"elementor-image-box-content\"><p class=\"elementor-image-box-description\">Une fois la fen\u00eatre du process ouverte, on va cliquer sur <b>Add Files<\/b> pour entrer nos 10 images de dark, nomm\u00e9es darkM510001.cr2 ... jusqu'\u00e0 darkM510010.cr2.<br><br>\n\nOn va laisser les options par d\u00e9faut dans la zone <b>Ouput Files<\/b>. On peut voir dans la zone <b>Postfix<\/b> \u00e9crit \u00ab <b>_c<\/b> \u00bb . Cela signifie que les fichiers de nos images de dark vont \u00eatre calibr\u00e9s et sauvegard\u00e9es avec l'extension <b>_c<\/b>, ce qui permettra \u00e9ventuellement de les retrouver facilement au milieu d'autres fichiers. On pourrait \u00e9ventuellement modifier (ou supprimer) cette option.<br><br>Si, comme je vous l'ai conseill\u00e9, vous avez pr\u00e9c\u00e9demment cr\u00e9\u00e9 un dossier sp\u00e9cial pour y sauvegarder votre offset, entrez le nom de ce dossier dans la zone <b>Output Directory<\/b>, en l'occurrence M51 dans mon exemple, en cliquant sur la petite ic\u00f4ne <img loading=\"lazy\" decoding=\"async\" class=\"size-full wp-image-1318\" src=\"http:\/\/www.arnaudom.fr\/wordpress\/wp-content\/uploads\/2018\/08\/pix056.jpg\" alt=\"\" width=\"17\" height=\"19\" \/> \u00e0 droite de la zone de texte. Si vous laissez cette zone vide, les images de dark calibr\u00e9es iront dans le m\u00eame dossier que les images de d\u00e9part, ce qui fait qu'on finit par avoir un certain nombre de fichiers dans ce dossier et ce n'est pas toujours facile de s'y retrouver !\n<\/p><\/div><\/div>\t\t<\/div>\n\t\t\t\t<\/div>\n\t\t\t\t<div class=\"elementor-element elementor-element-11e2bc9 elementor-widget elementor-widget-text-editor\" data-id=\"11e2bc9\" data-element_type=\"widget\" data-widget_type=\"text-editor.default\">\n\t\t\t\t<div class=\"elementor-widget-container\">\n\t\t\t\t\t\t\t\t<div class=\"elementor-text-editor elementor-clearfix\">\n\t\t\t\t<p>Il y a 4 autres zones en-dessous avec des cases \u00e0 cocher : <strong><span class=\"gras\">Overscan<\/span>, <span class=\"gras\">Master Bias<\/span>, <span class=\"gras\">Master Dark<\/span><\/strong> et <strong><span class=\"gras\">Master Flat<\/span><\/strong>. Toutes ces cases doivent \u00eatre <span class=\"gras\">d\u00e9coch\u00e9es<\/span>, sauf la case <span class=\"gras\"><strong>Master Bias<\/strong>.<\/span><\/p><p>Le Master Bias est l&rsquo;offset (sur les sites \u00e9trangers on utilise plus souvent le terme de bias que d&rsquo;offset). On va donc cliquer sur la double fl\u00e8che pour ouvrir cette partie de la fen\u00eatre, et \u00e0 cet endroit on entre le nom de l&rsquo;offset que l&rsquo;on vient de cr\u00e9er.<\/p><p><img loading=\"lazy\" decoding=\"async\" class=\"aligncenter size-full wp-image-1319\" src=\"http:\/\/www.arnaudom.fr\/wordpress\/wp-content\/uploads\/2018\/08\/pix057.jpg\" alt=\"\" width=\"430\" height=\"177\" srcset=\"https:\/\/www.arnaudom.fr\/wordpress\/wp-content\/uploads\/2018\/08\/pix057.jpg 430w, https:\/\/www.arnaudom.fr\/wordpress\/wp-content\/uploads\/2018\/08\/pix057-300x123.jpg 300w\" sizes=\"auto, (max-width: 430px) 100vw, 430px\" \/><\/p><p>La case <strong><span class=\"gras\">Calibrate<\/span><\/strong> est d\u00e9coch\u00e9e \u00e9galement. On lance le process en cliquant sur le disque bleu.<\/p><p>La console affiche les op\u00e9rations effectu\u00e9es, et au bout de 156,9 s le process est termin\u00e9.<\/p><p><img loading=\"lazy\" decoding=\"async\" class=\"aligncenter size-full wp-image-1320\" src=\"http:\/\/www.arnaudom.fr\/wordpress\/wp-content\/uploads\/2018\/08\/pix058.jpg\" alt=\"\" width=\"669\" height=\"55\" srcset=\"https:\/\/www.arnaudom.fr\/wordpress\/wp-content\/uploads\/2018\/08\/pix058.jpg 669w, https:\/\/www.arnaudom.fr\/wordpress\/wp-content\/uploads\/2018\/08\/pix058-300x25.jpg 300w\" sizes=\"auto, (max-width: 669px) 100vw, 669px\" \/><\/p><p>Si on va voir maintenant le contenu du dossier o\u00f9 ont \u00e9t\u00e9 sauvegard\u00e9s nos darks calibr\u00e9s, on y retrouve normalement 10 images de dark nomm\u00e9es darkM510001_c.fi&#8230; jusqu&rsquo;\u00e0 darkM510010_c.fit. Notez l&rsquo;extension<strong> <span class=\"gras\">_c<\/span><\/strong> qui permet de rep\u00e9rer les images calibr\u00e9es. On va maintenant pouvoir cr\u00e9er notre image de dark.<\/p><p><img loading=\"lazy\" decoding=\"async\" class=\"aligncenter size-full wp-image-1321\" src=\"http:\/\/www.arnaudom.fr\/wordpress\/wp-content\/uploads\/2018\/08\/pix059.jpg\" alt=\"\" width=\"297\" height=\"341\" srcset=\"https:\/\/www.arnaudom.fr\/wordpress\/wp-content\/uploads\/2018\/08\/pix059.jpg 297w, https:\/\/www.arnaudom.fr\/wordpress\/wp-content\/uploads\/2018\/08\/pix059-261x300.jpg 261w\" sizes=\"auto, (max-width: 297px) 100vw, 297px\" \/><\/p>\t\t\t\t\t<\/div>\n\t\t\t\t\t\t<\/div>\n\t\t\t\t<\/div>\n\t\t\t\t<div class=\"elementor-element elementor-element-72c5ebb elementor-widget elementor-widget-heading\" data-id=\"72c5ebb\" data-element_type=\"widget\" data-widget_type=\"heading.default\">\n\t\t\t\t<div class=\"elementor-widget-container\">\n\t\t\t<h2 class=\"elementor-heading-title elementor-size-default\">3- Cr\u00e9er le dark<\/h2>\t\t<\/div>\n\t\t\t\t<\/div>\n\t\t\t\t<div class=\"elementor-element elementor-element-4403a8a elementor-widget elementor-widget-text-editor\" data-id=\"4403a8a\" data-element_type=\"widget\" data-widget_type=\"text-editor.default\">\n\t\t\t\t<div class=\"elementor-widget-container\">\n\t\t\t\t\t\t\t\t<div class=\"elementor-text-editor elementor-clearfix\">\n\t\t\t\t<p>La cr\u00e9ation du dark est similaire \u00e0 celle de l&rsquo;offset, on va proc\u00e9der exactement de la m\u00eame fa\u00e7on. On utilise donc \u00e0 nouveau le process <strong><span class=\"gras\">ImageIntegration<\/span><\/strong>. Si vous utilisez mes process icons, on va aller sur l&rsquo;ic\u00f4ne <strong><span class=\"gras\">Dark<\/span><\/strong>, sinon d\u00e9posez l&rsquo;ic\u00f4ne du process sur l&rsquo;espace de travail \u00e0 partir de <strong><span class=\"gras\">Process Explorer<\/span><\/strong>.<\/p><p>Avec <strong><span class=\"gras\">Add Files<\/span><\/strong> on va ajouter nos images de dark <strong><span class=\"gras\">calibr\u00e9es<\/span><\/strong> dans le process.<\/p>\t\t\t\t\t<\/div>\n\t\t\t\t\t\t<\/div>\n\t\t\t\t<\/div>\n\t\t\t\t<div class=\"elementor-element elementor-element-83173f8 elementor-widget elementor-widget-text-editor\" data-id=\"83173f8\" data-element_type=\"widget\" data-widget_type=\"text-editor.default\">\n\t\t\t\t<div class=\"elementor-widget-container\">\n\t\t\t\t\t\t\t\t<div class=\"elementor-text-editor elementor-clearfix\">\n\t\t\t\tAttention de bien prendre les dark calibr\u00e9s, ceux qui portent l&rsquo;extension<strong>_c<\/strong>\n(notamment si vos images sont dans le m\u00eame dossier que les dark non calibr\u00e9s !).\t\t\t\t\t<\/div>\n\t\t\t\t\t\t<\/div>\n\t\t\t\t<\/div>\n\t\t\t\t<div class=\"elementor-element elementor-element-a0e605f elementor-widget elementor-widget-text-editor\" data-id=\"a0e605f\" data-element_type=\"widget\" data-widget_type=\"text-editor.default\">\n\t\t\t\t<div class=\"elementor-widget-container\">\n\t\t\t\t\t\t\t\t<div class=\"elementor-text-editor elementor-clearfix\">\n\t\t\t\t<p><img loading=\"lazy\" decoding=\"async\" class=\"aligncenter size-full wp-image-1322\" src=\"http:\/\/www.arnaudom.fr\/wordpress\/wp-content\/uploads\/2018\/08\/pix060.jpg\" alt=\"\" width=\"449\" height=\"284\" srcset=\"https:\/\/www.arnaudom.fr\/wordpress\/wp-content\/uploads\/2018\/08\/pix060.jpg 449w, https:\/\/www.arnaudom.fr\/wordpress\/wp-content\/uploads\/2018\/08\/pix060-300x190.jpg 300w\" sizes=\"auto, (max-width: 449px) 100vw, 449px\" \/><\/p><p>Ensuite, les param\u00e8tres dans <strong><span class=\"gras\">Image Integration<\/span><\/strong> et <strong><span class=\"gras\">Pixel Rejection (1)<\/span><\/strong> sont les m\u00eames que ceux de l&rsquo;offset, je n&rsquo;y reviens pas.<\/p><p>Il nous reste \u00e0 aller dans <strong><span class=\"gras\">Pixel Rejection (2)<\/span><\/strong> pour choisir deux valeurs de <strong><span class=\"gras\">Sigma low<\/span><\/strong> et <strong><span class=\"gras\">Sigma high<\/span><\/strong>, dans mon exemple j&rsquo;ai choisi 3 pour le sigma low et 4 pour le sigma high.<\/p><p><img loading=\"lazy\" decoding=\"async\" class=\"aligncenter size-full wp-image-1656\" src=\"http:\/\/www.arnaudom.fr\/wordpress\/wp-content\/uploads\/2018\/08\/pix061.jpg\" alt=\"\" width=\"385\" height=\"49\" srcset=\"https:\/\/www.arnaudom.fr\/wordpress\/wp-content\/uploads\/2018\/08\/pix061.jpg 385w, https:\/\/www.arnaudom.fr\/wordpress\/wp-content\/uploads\/2018\/08\/pix061-300x38.jpg 300w\" sizes=\"auto, (max-width: 385px) 100vw, 385px\" \/><\/p><p>On lance le process en cliquant sur le disque bleu.<\/p><p>On se retrouve donc avec nos trois images, integration, rejection_low et rejection_high.<\/p><p><img loading=\"lazy\" decoding=\"async\" class=\"aligncenter size-full wp-image-1657\" src=\"http:\/\/www.arnaudom.fr\/wordpress\/wp-content\/uploads\/2018\/08\/pix062.jpg\" alt=\"\" width=\"395\" height=\"277\" srcset=\"https:\/\/www.arnaudom.fr\/wordpress\/wp-content\/uploads\/2018\/08\/pix062.jpg 395w, https:\/\/www.arnaudom.fr\/wordpress\/wp-content\/uploads\/2018\/08\/pix062-300x210.jpg 300w\" sizes=\"auto, (max-width: 395px) 100vw, 395px\" \/><\/p><p>On peut visualiser les contenus de rejection_low et rejection_high en faisant un <span class=\"gras\"><strong>Auto Stretch<\/strong> :<\/span><\/p><p><img loading=\"lazy\" decoding=\"async\" class=\"aligncenter size-full wp-image-1658\" src=\"http:\/\/www.arnaudom.fr\/wordpress\/wp-content\/uploads\/2018\/08\/pix063.jpg\" alt=\"\" width=\"500\" height=\"702\" srcset=\"https:\/\/www.arnaudom.fr\/wordpress\/wp-content\/uploads\/2018\/08\/pix063.jpg 500w, https:\/\/www.arnaudom.fr\/wordpress\/wp-content\/uploads\/2018\/08\/pix063-214x300.jpg 214w\" sizes=\"auto, (max-width: 500px) 100vw, 500px\" \/><\/p><p>on observe qu&rsquo;il y a beaucoup plus de pixels rejet\u00e9s sur l&rsquo;image rejection_high (et ceci malgr\u00e9 le fait que le sigma high soit plus \u00e9lev\u00e9 que le sigma low), ce qui est logique puisqu&rsquo;on a additionn\u00e9 des images de dark, qui contiennent donc des pixels chauds en nombre important.<\/p><p>On peut aussi voir \u00e0 quoi ressemble notre dark contenu dans l&rsquo;image integration, mais comme pour l&rsquo;offset il faut d&rsquo;abord lui appliquer le process <strong><span class=\"gras\">Debayer<\/span><\/strong> et ensuite faire un <span class=\"gras\"><strong>Auto Stretch<\/strong> :<\/span><\/p><p><img loading=\"lazy\" decoding=\"async\" class=\"aligncenter size-full wp-image-1659\" src=\"http:\/\/www.arnaudom.fr\/wordpress\/wp-content\/uploads\/2018\/08\/pix064.jpg\" alt=\"\" width=\"500\" height=\"336\" srcset=\"https:\/\/www.arnaudom.fr\/wordpress\/wp-content\/uploads\/2018\/08\/pix064.jpg 500w, https:\/\/www.arnaudom.fr\/wordpress\/wp-content\/uploads\/2018\/08\/pix064-300x202.jpg 300w\" sizes=\"auto, (max-width: 500px) 100vw, 500px\" \/><\/p><p>on observe en bas \u00e0 droite de l&rsquo;image l&rsquo;effet pr\u00e9-ampli du capteur du 350D (que personnellement je n&rsquo;avais jamais observ\u00e9 avant de traiter mes images avec Pixinsight !).<\/p><p>Comme pour l&rsquo;offset, on peut refaire des essais avec diff\u00e9rentes valeurs de sigma low et de sigma high pour voir les diff\u00e9rences obtenues.<\/p>\t\t\t\t\t<\/div>\n\t\t\t\t\t\t<\/div>\n\t\t\t\t<\/div>\n\t\t\t\t<div class=\"elementor-element elementor-element-de54a12 elementor-position-right elementor-vertical-align-middle elementor-widget elementor-widget-image-box\" data-id=\"de54a12\" data-element_type=\"widget\" data-widget_type=\"image-box.default\">\n\t\t\t\t<div class=\"elementor-widget-container\">\n\t\t\t<div class=\"elementor-image-box-wrapper\"><figure class=\"elementor-image-box-img\"><img loading=\"lazy\" decoding=\"async\" width=\"394\" height=\"393\" src=\"https:\/\/www.arnaudom.fr\/wordpress\/wp-content\/uploads\/2018\/08\/pix065.jpg\" class=\"attachment-full size-full wp-image-1660\" alt=\"\" srcset=\"https:\/\/www.arnaudom.fr\/wordpress\/wp-content\/uploads\/2018\/08\/pix065.jpg 394w, https:\/\/www.arnaudom.fr\/wordpress\/wp-content\/uploads\/2018\/08\/pix065-150x150.jpg 150w, https:\/\/www.arnaudom.fr\/wordpress\/wp-content\/uploads\/2018\/08\/pix065-300x300.jpg 300w\" sizes=\"auto, (max-width: 394px) 100vw, 394px\" \/><\/figure><div class=\"elementor-image-box-content\"><p class=\"elementor-image-box-description\">Une fois que le dark obtenu vous convient, il ne reste plus qu'\u00e0 retourner sur l'image <b>integration<\/b> et \u00e0 la sauvegarder, j'enregistre donc mon dark en le nommant... dark dans mon dossier <b>M51<\/b> o\u00f9 il va rejoindre mon offset et mes dark calibr\u00e9s cr\u00e9\u00e9s pr\u00e9c\u00e9demment.<\/p><\/div><\/div>\t\t<\/div>\n\t\t\t\t<\/div>\n\t\t\t\t\t\t<\/div>\n\t\t\t\t\t<\/div>\n\t\t<\/div>\n\t\t\t\t\t\t\t\t<\/div>\n\t\t\t\t\t<\/div>\n\t\t<\/section>\n\t\t\t\t<section class=\"elementor-section elementor-top-section elementor-element elementor-element-acd120e elementor-section-full_width elementor-section-height-default elementor-section-height-default\" data-id=\"acd120e\" data-element_type=\"section\">\n\t\t\t\t\t\t<div class=\"elementor-container elementor-column-gap-default\">\n\t\t\t\t\t\t\t<div class=\"elementor-row\">\n\t\t\t\t\t<div class=\"elementor-column elementor-col-50 elementor-top-column elementor-element elementor-element-ab9d6e4\" data-id=\"ab9d6e4\" data-element_type=\"column\" data-settings=\"{&quot;background_background&quot;:&quot;classic&quot;}\">\n\t\t\t<div class=\"elementor-column-wrap elementor-element-populated\">\n\t\t\t\t\t\t\t<div class=\"elementor-widget-wrap\">\n\t\t\t\t\t\t<div class=\"elementor-element elementor-element-75b0da6 elementor-align-center elementor-widget elementor-widget-button\" data-id=\"75b0da6\" data-element_type=\"widget\" data-widget_type=\"button.default\">\n\t\t\t\t<div class=\"elementor-widget-container\">\n\t\t\t\t\t<div class=\"elementor-button-wrapper\">\n\t\t\t<a href=\"http:\/\/www.arnaudom.fr\/wordpress\/offset\/\" class=\"elementor-button-link elementor-button elementor-size-sm\" role=\"button\">\n\t\t\t\t\t\t<span class=\"elementor-button-content-wrapper\">\n\t\t\t\t\t\t\t<span class=\"elementor-button-icon elementor-align-icon-left\">\n\t\t\t\t\t\t\t\t\t<i class=\"fa fa-arrow-left\" aria-hidden=\"true\"><\/i>\n\t\t\t\t\t\t\t<\/span>\n\t\t\t\t\t\t<span class=\"elementor-button-text\">Page 2<\/span>\n\t\t<\/span>\n\t\t\t\t\t<\/a>\n\t\t<\/div>\n\t\t\t\t<\/div>\n\t\t\t\t<\/div>\n\t\t\t\t\t\t<\/div>\n\t\t\t\t\t<\/div>\n\t\t<\/div>\n\t\t\t\t<div class=\"elementor-column elementor-col-50 elementor-top-column elementor-element elementor-element-a9168ef\" data-id=\"a9168ef\" data-element_type=\"column\" data-settings=\"{&quot;background_background&quot;:&quot;classic&quot;}\">\n\t\t\t<div class=\"elementor-column-wrap elementor-element-populated\">\n\t\t\t\t\t\t\t<div class=\"elementor-widget-wrap\">\n\t\t\t\t\t\t<div class=\"elementor-element elementor-element-f04e7ff elementor-align-center elementor-widget elementor-widget-button\" data-id=\"f04e7ff\" data-element_type=\"widget\" data-widget_type=\"button.default\">\n\t\t\t\t<div class=\"elementor-widget-container\">\n\t\t\t\t\t<div class=\"elementor-button-wrapper\">\n\t\t\t<a href=\"http:\/\/www.arnaudom.fr\/wordpress\/flat\/\" class=\"elementor-button-link elementor-button elementor-size-sm\" role=\"button\">\n\t\t\t\t\t\t<span class=\"elementor-button-content-wrapper\">\n\t\t\t\t\t\t\t<span class=\"elementor-button-icon elementor-align-icon-right\">\n\t\t\t\t\t\t\t\t\t<i class=\"fa fa-arrow-right\" aria-hidden=\"true\"><\/i>\n\t\t\t\t\t\t\t<\/span>\n\t\t\t\t\t\t<span class=\"elementor-button-text\">Page 4<\/span>\n\t\t<\/span>\n\t\t\t\t\t<\/a>\n\t\t<\/div>\n\t\t\t\t<\/div>\n\t\t\t\t<\/div>\n\t\t\t\t\t\t<\/div>\n\t\t\t\t\t<\/div>\n\t\t<\/div>\n\t\t\t\t\t\t\t\t<\/div>\n\t\t\t\t\t<\/div>\n\t\t<\/section>\n\t\t\t\t\t\t\t\t\t<\/div>\n\t\t\t<\/div>\n\t\t\t\t\t<\/div>\n\t\t","protected":false},"excerpt":{"rendered":"<p>Pr\u00e9traitement avec PixInsight (3\/6) 2- Retirer l&rsquo;offset des images de dark Nous allons maintenant calibrer les darks, op\u00e9ration qui consiste \u00e0 retirer l&rsquo;offset des images de dark. On utilise pour cela le process ImageCalibration. Si vous utilisez mes process icons, on va aller sur l&rsquo;ic\u00f4ne Retrait_de_l_offset_du_dark, sinon d\u00e9posez l&rsquo;ic\u00f4ne du process sur l&rsquo;espace de travail &hellip;<\/p>\n<p class=\"read-more\"> <a class=\"\" href=\"https:\/\/www.arnaudom.fr\/wordpress\/elementor-1623\/\"> <span class=\"screen-reader-text\">dark<\/span> Lire la suite\u00a0\u00bb<\/a><\/p>\n","protected":false},"author":1,"featured_media":0,"parent":0,"menu_order":0,"comment_status":"closed","ping_status":"closed","template":"","meta":{"site-sidebar-layout":"default","site-content-layout":"default","ast-site-content-layout":"","site-content-style":"default","site-sidebar-style":"default","ast-global-header-display":"","ast-banner-title-visibility":"","ast-main-header-display":"","ast-hfb-above-header-display":"","ast-hfb-below-header-display":"","ast-hfb-mobile-header-display":"","site-post-title":"disabled","ast-breadcrumbs-content":"","ast-featured-img":"","footer-sml-layout":"","theme-transparent-header-meta":"default","adv-header-id-meta":"","stick-header-meta":"","header-above-stick-meta":"","header-main-stick-meta":"","header-below-stick-meta":"","astra-migrate-meta-layouts":"","ast-page-background-enabled":"default","ast-page-background-meta":{"desktop":{"background-color":"","background-image":"","background-repeat":"repeat","background-position":"center center","background-size":"auto","background-attachment":"scroll","background-type":"","background-media":"","overlay-type":"","overlay-color":"","overlay-gradient":""},"tablet":{"background-color":"","background-image":"","background-repeat":"repeat","background-position":"center center","background-size":"auto","background-attachment":"scroll","background-type":"","background-media":"","overlay-type":"","overlay-color":"","overlay-gradient":""},"mobile":{"background-color":"","background-image":"","background-repeat":"repeat","background-position":"center center","background-size":"auto","background-attachment":"scroll","background-type":"","background-media":"","overlay-type":"","overlay-color":"","overlay-gradient":""}},"ast-content-background-meta":{"desktop":{"background-color":"var(--ast-global-color-5)","background-image":"","background-repeat":"repeat","background-position":"center center","background-size":"auto","background-attachment":"scroll","background-type":"","background-media":"","overlay-type":"","overlay-color":"","overlay-gradient":""},"tablet":{"background-color":"var(--ast-global-color-5)","background-image":"","background-repeat":"repeat","background-position":"center center","background-size":"auto","background-attachment":"scroll","background-type":"","background-media":"","overlay-type":"","overlay-color":"","overlay-gradient":""},"mobile":{"background-color":"var(--ast-global-color-5)","background-image":"","background-repeat":"repeat","background-position":"center center","background-size":"auto","background-attachment":"scroll","background-type":"","background-media":"","overlay-type":"","overlay-color":"","overlay-gradient":""}},"footnotes":""},"class_list":["post-1623","page","type-page","status-publish","hentry"],"_links":{"self":[{"href":"https:\/\/www.arnaudom.fr\/wordpress\/wp-json\/wp\/v2\/pages\/1623","targetHints":{"allow":["GET"]}}],"collection":[{"href":"https:\/\/www.arnaudom.fr\/wordpress\/wp-json\/wp\/v2\/pages"}],"about":[{"href":"https:\/\/www.arnaudom.fr\/wordpress\/wp-json\/wp\/v2\/types\/page"}],"author":[{"embeddable":true,"href":"https:\/\/www.arnaudom.fr\/wordpress\/wp-json\/wp\/v2\/users\/1"}],"replies":[{"embeddable":true,"href":"https:\/\/www.arnaudom.fr\/wordpress\/wp-json\/wp\/v2\/comments?post=1623"}],"version-history":[{"count":16,"href":"https:\/\/www.arnaudom.fr\/wordpress\/wp-json\/wp\/v2\/pages\/1623\/revisions"}],"predecessor-version":[{"id":6006,"href":"https:\/\/www.arnaudom.fr\/wordpress\/wp-json\/wp\/v2\/pages\/1623\/revisions\/6006"}],"wp:attachment":[{"href":"https:\/\/www.arnaudom.fr\/wordpress\/wp-json\/wp\/v2\/media?parent=1623"}],"curies":[{"name":"wp","href":"https:\/\/api.w.org\/{rel}","templated":true}]}}